{"id":94,"date":"2012-11-25T23:24:39","date_gmt":"2012-11-25T23:24:39","guid":{"rendered":"http:\/\/geografie.ubbcluj.ro\/pages\/magyarfoldrajz\/?page_id=94"},"modified":"2015-12-12T21:18:10","modified_gmt":"2015-12-12T21:18:10","slug":"kulfoldi-munkatarsak","status":"publish","type":"page","link":"https:\/\/geografie.ubbcluj.ro\/pages\/magyarfoldrajz\/?page_id=94","title":{"rendered":"K\u00fclf\u00f6ldi munkat\u00e1rsak"},"content":{"rendered":"<p><strong>Dr.<span style=\"color: #0000ff;\"><a href=\"http:\/\/www.uni-miskolc.hu\/~foldrajz\/munkatarsak\/elekes_tibor.html\" target=\"_blank\"><span style=\"color: #0000ff;\"> Elekes Tibor<\/span><\/a><\/span><\/strong> \u2013 Miskolci Egyetem, M\u0171szaki F\u00f6ldtudom\u00e1nyi Kar, egyetemi docens<\/p>\n","protected":false},"excerpt":{"rendered":"<p>Dr. Elekes Tibor \u2013 Miskolci Egyetem, M\u0171szaki F\u00f6ldtudom\u00e1nyi Kar, egyetemi docens<\/p>\n","protected":false},"author":2,"featured_media":0,"parent":40,"menu_order":0,"comment_status":"closed","ping_status":"closed","template":"","meta":{"footnotes":""},"_links":{"self":[{"href":"https:\/\/geografie.ubbcluj.ro\/pages\/magyarfoldrajz\/index.php?rest_route=\/wp\/v2\/pages\/94"}],"collection":[{"href":"https:\/\/geografie.ubbcluj.ro\/pages\/magyarfoldrajz\/index.php?rest_route=\/wp\/v2\/pages"}],"about":[{"href":"https:\/\/geografie.ubbcluj.ro\/pages\/magyarfoldrajz\/index.php?rest_route=\/wp\/v2\/types\/page"}],"author":[{"embeddable":true,"href":"https:\/\/geografie.ubbcluj.ro\/pages\/magyarfoldrajz\/index.php?rest_route=\/wp\/v2\/users\/2"}],"replies":[{"embeddable":true,"href":"https:\/\/geografie.ubbcluj.ro\/pages\/magyarfoldrajz\/index.php?rest_route=%2Fwp%2Fv2%2Fcomments&post=94"}],"version-history":[{"count":7,"href":"https:\/\/geografie.ubbcluj.ro\/pages\/magyarfoldrajz\/index.php?rest_route=\/wp\/v2\/pages\/94\/revisions"}],"predecessor-version":[{"id":1273,"href":"https:\/\/geografie.ubbcluj.ro\/pages\/magyarfoldrajz\/index.php?rest_route=\/wp\/v2\/pages\/94\/revisions\/1273"}],"up":[{"embeddable":true,"href":"https:\/\/geografie.ubbcluj.ro\/pages\/magyarfoldrajz\/index.php?rest_route=\/wp\/v2\/pages\/40"}],"wp:attachment":[{"href":"https:\/\/geografie.ubbcluj.ro\/pages\/magyarfoldrajz\/index.php?rest_route=%2Fwp%2Fv2%2Fmedia&parent=94"}],"curies":[{"name":"wp","href":"https:\/\/api.w.org\/{rel}","templated":true}]}}

Külföldi munkatársak

<p><strong>Dr.<span style="color: #0000ff;"><a href="http://www.uni-miskolc.hu/~foldrajz/munkatarsak/elekes_tibor.html" target="_blank"><span style="color: #0000ff;"> Elekes Tibor</span></a></span></strong> – Miskolci Egyetem, Műszaki Földtudományi Kar, egyetemi docens</p>

<p>Dr. Elekes Tibor – Miskolci Egyetem, Műszaki Földtudományi Kar, egyetemi docens</p>
