{"id":92,"date":"2012-11-25T23:23:48","date_gmt":"2012-11-25T23:23:48","guid":{"rendered":"http:\/\/geografie.ubbcluj.ro\/pages\/magyarfoldrajz\/?page_id=92"},"modified":"2017-11-28T07:59:48","modified_gmt":"2017-11-28T07:59:48","slug":"hazai-munkatarsak","status":"publish","type":"page","link":"https:\/\/geografie.ubbcluj.ro\/pages\/magyarfoldrajz\/?page_id=92","title":{"rendered":"Hazai munkat\u00e1rsak"},"content":{"rendered":"<p><span style=\"color: #000066;\"><strong>A 2017-2018-es tan\u00e9vben a k\u00f6vetkez\u0151 \u00f3raad\u00f3 tan\u00e1rokkal dolgozunk<\/strong>:<\/span><\/p>\n<p>Dr. Borb\u00e9ly L\u00e1szl\u00f3, parlamenti k\u00e9pvisel\u0151<br \/>\nDr. Lakatos Art\u00far, doktor<\/p>\n<p><strong>F\u00f6ldrajz Kar, Magyar F\u00f6ldrajzi Int\u00e9zet:<\/strong><br \/>\nDrd. Nagy J\u00falia, doktorandusz<br \/>\nDr. So\u00f3s Lenke, nyugalmazott el\u0151ad\u00f3tan\u00e1r<\/p>\n<p><strong>F\u00f6ldrajz Kar, Term\u00e9szetf\u00f6ldrajzi Int\u00e9zet:<\/strong><br \/>\nDr. Horv\u00e1th Csaba, egyetemi adjunktus<br \/>\nDr. \u0218erban Gheorghe, egyetemi docens<\/p>\n<p><strong>F\u00f6ldrajz Kar, Region\u00e1lis F\u00f6ldrajz \u00e9s Ter\u00fcletfejleszt\u00e9s Int\u00e9zet:<\/strong><br \/>\nDr. Havadi-Nagy X\u00e9nia, egyetemi adjunktus<\/p>\n<p><strong>F\u00f6ldrajz Kar, T\u00e1rsadalomf\u00f6ldrajz \u00e9s Turizmus Int\u00e9zet:<\/strong><br \/>\nDr. Bodocan Voicu Nicolae, egyetemi docens<br \/>\nDr. Bolog Cristina, egyetemi adjunktus<br \/>\nDr. Ciang\u0103 Nicolae, egyetemi tan\u00e1r<br \/>\nDr. Ipatiov Filip, egyetemi adjunktus<br \/>\nDr. M\u0103l\u0103escu Simona, egyetemi adjunktus<\/p>\n<p><strong>Biol\u00f3giai \u00e9s \u00d6kol\u00f3giai Kar, Magyar Biol\u00f3giai \u00e9s \u00d6kol\u00f3giai Int\u00e9zet:<\/strong><br \/>\nDr. Forray Ferenc, egyetemi docens<\/p>\n<p><strong>K\u00f6zgazdas\u00e1g- \u00e9s Gazd\u00e1lkod\u00e1studom\u00e1nyi Kar, K\u00f6zgazdas\u00e1g- \u00e9s Gazd\u00e1lkod\u00e1studom\u00e1nyi Magyar Int\u00e9zet:<\/strong><br \/>\nDr. Alt M\u00f3nika Anetta, egyetemi docens<br \/>\nDr. Cardo\u0219 Ildik\u00f3 R\u00e9ka, egyetemi adjunktus<br \/>\nDr. Horv\u00e1th R\u00e9ka, egyetemi adjunktus<br \/>\nDr. Gy\u00f6rfy Lehel-Zolt\u00e1n, egyetemi adjunktus<br \/>\nDr. Varvari \u0218tefana, egyetemi adjunktus<\/p>\n<p><strong>K\u00f6zgazdas\u00e1g- \u00e9s Gazd\u00e1lkod\u00e1studom\u00e1nyi Kar, Marketing Int\u00e9zet:<\/strong><br \/>\nDr. Souca Maria Luiza, egyetemi adjunktus<\/p>\n<p><strong>Szociol\u00f3gia \u00e9s Szoci\u00e1lis Munk\u00e1sk\u00e9pz\u0151 Kar, Magyar Szociol\u00f3gia \u00e9s Szoci\u00e1lis Munka Int\u00e9zet:<\/strong><br \/>\nDr. Csata Zsombor, egyetemi adjunktus<br \/>\nDr. Veres Val\u00e9r, egyetemi docens<\/p>\n<p><strong>Politika-, K\u00f6zigazgat\u00e1s \u00e9s Kommunik\u00e1ci\u00f3tudom\u00e1nyi Kar, Kommunik\u00e1ci\u00f3, K\u00f6zkapcsolatok \u00e9s Rekl\u00e1m Int\u00e9zet:<\/strong><br \/>\nDr. K\u00e1d\u00e1r Magor, egyetemi docens<br \/>\nDrd. Benedek Istv\u00e1n, doktorandusz<\/p>\n<p><strong>B\u00f6lcs\u00e9szkar, Szakosodott Idegen Nyelvek Int\u00e9zete:<\/strong><br \/>\n<em><strong>Spanyol nyelv<\/strong> <\/em>&#8211; Drd. Ada B\u0103boi, doktorandusz<br \/>\n<em><strong>Angol nyelv<\/strong><\/em> &#8211; Dr. Cristian Adriana, egyetemi adjuntkus<br \/>\nDr. Mihele Mihaela Roxana, egyetemi adjuntkus<br \/>\n<em><strong>N\u00e9met nyelv<\/strong><\/em> &#8211; Dr. Petrehu\u0219 Denisa-Elena, egyetemi tan\u00e1rseg\u00e9d<\/p>\n<p><strong>Testnevel\u00e9s \u00e9s Sport Kar:<\/strong><br \/>\nDr. Barbos Ion-Petre, egyetemi tan\u00e1rseg\u00e9d<\/p>\n","protected":false},"excerpt":{"rendered":"<p>A 2017-2018-es tan\u00e9vben a k\u00f6vetkez\u0151 \u00f3raad\u00f3 tan\u00e1rokkal dolgozunk: Dr. Borb\u00e9ly L\u00e1szl\u00f3, parlamenti k\u00e9pvisel\u0151 Dr. Lakatos Art\u00far, doktor F\u00f6ldrajz Kar, Magyar F\u00f6ldrajzi Int\u00e9zet: Drd. Nagy J\u00falia, doktorandusz Dr. So\u00f3s Lenke, nyugalmazott el\u0151ad\u00f3tan\u00e1r F\u00f6ldrajz Kar, Term\u00e9szetf\u00f6ldrajzi Int\u00e9zet: Dr. Horv\u00e1th Csaba, egyetemi adjunktus &hellip; <a class=\"more-link\" href=\"https:\/\/geografie.ubbcluj.ro\/pages\/magyarfoldrajz\/?page_id=92\">Continue reading <span class=\"meta-nav\">&rarr;<\/span><\/a><\/p>\n","protected":false},"author":2,"featured_media":0,"parent":40,"menu_order":0,"comment_status":"closed","ping_status":"closed","template":"","meta":{"footnotes":""},"_links":{"self":[{"href":"https:\/\/geografie.ubbcluj.ro\/pages\/magyarfoldrajz\/index.php?rest_route=\/wp\/v2\/pages\/92"}],"collection":[{"href":"https:\/\/geografie.ubbcluj.ro\/pages\/magyarfoldrajz\/index.php?rest_route=\/wp\/v2\/pages"}],"about":[{"href":"https:\/\/geografie.ubbcluj.ro\/pages\/magyarfoldrajz\/index.php?rest_route=\/wp\/v2\/types\/page"}],"author":[{"embeddable":true,"href":"https:\/\/geografie.ubbcluj.ro\/pages\/magyarfoldrajz\/index.php?rest_route=\/wp\/v2\/users\/2"}],"replies":[{"embeddable":true,"href":"https:\/\/geografie.ubbcluj.ro\/pages\/magyarfoldrajz\/index.php?rest_route=%2Fwp%2Fv2%2Fcomments&post=92"}],"version-history":[{"count":23,"href":"https:\/\/geografie.ubbcluj.ro\/pages\/magyarfoldrajz\/index.php?rest_route=\/wp\/v2\/pages\/92\/revisions"}],"predecessor-version":[{"id":1207,"href":"https:\/\/geografie.ubbcluj.ro\/pages\/magyarfoldrajz\/index.php?rest_route=\/wp\/v2\/pages\/92\/revisions\/1207"}],"up":[{"embeddable":true,"href":"https:\/\/geografie.ubbcluj.ro\/pages\/magyarfoldrajz\/index.php?rest_route=\/wp\/v2\/pages\/40"}],"wp:attachment":[{"href":"https:\/\/geografie.ubbcluj.ro\/pages\/magyarfoldrajz\/index.php?rest_route=%2Fwp%2Fv2%2Fmedia&parent=92"}],"curies":[{"name":"wp","href":"https:\/\/api.w.org\/{rel}","templated":true}]}}

Hazai munkatársak

<p><span style="color: #000066;"><strong>A 2017-2018-es tanévben a következő óraadó tanárokkal dolgozunk</strong>:</span></p>
<p>Dr. Borbély László, parlamenti képviselő<br />
Dr. Lakatos Artúr, doktor</p>
<p><strong>Földrajz Kar, Magyar Földrajzi Intézet:</strong><br />
Drd. Nagy Júlia, doktorandusz<br />
Dr. Soós Lenke, nyugalmazott előadótanár</p>
<p><strong>Földrajz Kar, Természetföldrajzi Intézet:</strong><br />
Dr. Horváth Csaba, egyetemi adjunktus<br />
Dr. Șerban Gheorghe, egyetemi docens</p>
<p><strong>Földrajz Kar, Regionális Földrajz és Területfejlesztés Intézet:</strong><br />
Dr. Havadi-Nagy Xénia, egyetemi adjunktus</p>
<p><strong>Földrajz Kar, Társadalomföldrajz és Turizmus Intézet:</strong><br />
Dr. Bodocan Voicu Nicolae, egyetemi docens<br />
Dr. Bolog Cristina, egyetemi adjunktus<br />
Dr. Ciangă Nicolae, egyetemi tanár<br />
Dr. Ipatiov Filip, egyetemi adjunktus<br />
Dr. Mălăescu Simona, egyetemi adjunktus</p>
<p><strong>Biológiai és Ökológiai Kar, Magyar Biológiai és Ökológiai Intézet:</strong><br />
Dr. Forray Ferenc, egyetemi docens</p>
<p><strong>Közgazdaság- és Gazdálkodástudományi Kar, Közgazdaság- és Gazdálkodástudományi Magyar Intézet:</strong><br />
Dr. Alt Mónika Anetta, egyetemi docens<br />
Dr. Cardoș Ildikó Réka, egyetemi adjunktus<br />
Dr. Horváth Réka, egyetemi adjunktus<br />
Dr. Györfy Lehel-Zoltán, egyetemi adjunktus<br />
Dr. Varvari Ștefana, egyetemi adjunktus</p>
<p><strong>Közgazdaság- és Gazdálkodástudományi Kar, Marketing Intézet:</strong><br />
Dr. Souca Maria Luiza, egyetemi adjunktus</p>
<p><strong>Szociológia és Szociális Munkásképző Kar, Magyar Szociológia és Szociális Munka Intézet:</strong><br />
Dr. Csata Zsombor, egyetemi adjunktus<br />
Dr. Veres Valér, egyetemi docens</p>
<p><strong>Politika-, Közigazgatás és Kommunikációtudományi Kar, Kommunikáció, Közkapcsolatok és Reklám Intézet:</strong><br />
Dr. Kádár Magor, egyetemi docens<br />
Drd. Benedek István, doktorandusz</p>
<p><strong>Bölcsészkar, Szakosodott Idegen Nyelvek Intézete:</strong><br />
<em><strong>Spanyol nyelv</strong> </em>&#8211; Drd. Ada Băboi, doktorandusz<br />
<em><strong>Angol nyelv</strong></em> &#8211; Dr. Cristian Adriana, egyetemi adjuntkus<br />
Dr. Mihele Mihaela Roxana, egyetemi adjuntkus<br />
<em><strong>Német nyelv</strong></em> &#8211; Dr. Petrehuș Denisa-Elena, egyetemi tanársegéd</p>
<p><strong>Testnevelés és Sport Kar:</strong><br />
Dr. Barbos Ion-Petre, egyetemi tanársegéd</p>

<p>A 2017-2018-es tanévben a következő óraadó tanárokkal dolgozunk: Dr. Borbély László, parlamenti képviselő Dr. Lakatos Artúr, doktor Földrajz Kar, Magyar Földrajzi Intézet: Drd. Nagy Júlia, doktorandusz Dr. Soós Lenke, nyugalmazott előadótanár Földrajz Kar, Természetföldrajzi Intézet: Dr. Horváth Csaba, egyetemi adjunktus &hellip; <a class="more-link" href="https://geografie.ubbcluj.ro/pages/magyarfoldrajz/?page_id=92">Continue reading <span class="meta-nav">&rarr;</span></a></p>
