{"id":745,"date":"2013-09-04T07:21:23","date_gmt":"2013-09-04T07:21:23","guid":{"rendered":"http:\/\/geografie.ubbcluj.ro\/pages\/magyarfoldrajz\/?page_id=745"},"modified":"2016-10-21T12:04:24","modified_gmt":"2016-10-21T12:04:24","slug":"bentlakas","status":"publish","type":"page","link":"https:\/\/geografie.ubbcluj.ro\/pages\/magyarfoldrajz\/?page_id=745","title":{"rendered":"Bentlak\u00e1s"},"content":{"rendered":"<p>A bentlak\u00e1s ig\u00e9nyl\u00e9se &#8220;on-line&#8221; t\u00f6rt\u00e9nik egy nyomtatv\u00e1ny kit\u00f6lt\u00e9s\u00e9vel. Csak a II. \u00e9s III. \u00e9vesek kell kit\u00f6lts\u00e9k, az els\u0151 \u00e9vesek kit\u00f6lt\u00f6tt\u00e9k beiratkoz\u00e1skor.<\/p>\n<p>A nyomtatv\u00e1ny, illetve tov\u00e1bbi r\u00e9szletek tal\u00e1lhat\u00f3k <span style=\"color: #3366ff;\"><strong><a href=\"http:\/\/geografie.ubbcluj.ro\/?page_id=1725\" target=\"_blank\"><span style=\"color: #3366ff;\">ide<\/span><\/a><\/strong><\/span> kattintva!<\/p>\n","protected":false},"excerpt":{"rendered":"<p>A bentlak\u00e1s ig\u00e9nyl\u00e9se &#8220;on-line&#8221; t\u00f6rt\u00e9nik egy nyomtatv\u00e1ny kit\u00f6lt\u00e9s\u00e9vel. Csak a II. \u00e9s III. \u00e9vesek kell kit\u00f6lts\u00e9k, az els\u0151 \u00e9vesek kit\u00f6lt\u00f6tt\u00e9k beiratkoz\u00e1skor. A nyomtatv\u00e1ny, illetve tov\u00e1bbi r\u00e9szletek tal\u00e1lhat\u00f3k ide kattintva!<\/p>\n","protected":false},"author":2,"featured_media":0,"parent":0,"menu_order":0,"comment_status":"closed","ping_status":"closed","template":"","meta":{"footnotes":""},"_links":{"self":[{"href":"https:\/\/geografie.ubbcluj.ro\/pages\/magyarfoldrajz\/index.php?rest_route=\/wp\/v2\/pages\/745"}],"collection":[{"href":"https:\/\/geografie.ubbcluj.ro\/pages\/magyarfoldrajz\/index.php?rest_route=\/wp\/v2\/pages"}],"about":[{"href":"https:\/\/geografie.ubbcluj.ro\/pages\/magyarfoldrajz\/index.php?rest_route=\/wp\/v2\/types\/page"}],"author":[{"embeddable":true,"href":"https:\/\/geografie.ubbcluj.ro\/pages\/magyarfoldrajz\/index.php?rest_route=\/wp\/v2\/users\/2"}],"replies":[{"embeddable":true,"href":"https:\/\/geografie.ubbcluj.ro\/pages\/magyarfoldrajz\/index.php?rest_route=%2Fwp%2Fv2%2Fcomments&post=745"}],"version-history":[{"count":5,"href":"https:\/\/geografie.ubbcluj.ro\/pages\/magyarfoldrajz\/index.php?rest_route=\/wp\/v2\/pages\/745\/revisions"}],"predecessor-version":[{"id":1512,"href":"https:\/\/geografie.ubbcluj.ro\/pages\/magyarfoldrajz\/index.php?rest_route=\/wp\/v2\/pages\/745\/revisions\/1512"}],"wp:attachment":[{"href":"https:\/\/geografie.ubbcluj.ro\/pages\/magyarfoldrajz\/index.php?rest_route=%2Fwp%2Fv2%2Fmedia&parent=745"}],"curies":[{"name":"wp","href":"https:\/\/api.w.org\/{rel}","templated":true}]}}

Bentlakás

<p>A bentlakás igénylése &#8220;on-line&#8221; történik egy nyomtatvány kitöltésével. Csak a II. és III. évesek kell kitöltsék, az első évesek kitöltötték beiratkozáskor.</p>
<p>A nyomtatvány, illetve további részletek találhatók <span style="color: #3366ff;"><strong><a href="http://geografie.ubbcluj.ro/?page_id=1725" target="_blank"><span style="color: #3366ff;">ide</span></a></strong></span> kattintva!</p>

<p>A bentlakás igénylése &#8220;on-line&#8221; történik egy nyomtatvány kitöltésével. Csak a II. és III. évesek kell kitöltsék, az első évesek kitöltötték beiratkozáskor. A nyomtatvány, illetve további részletek találhatók ide kattintva!</p>
