{"id":602,"date":"2013-01-30T23:07:39","date_gmt":"2013-01-30T23:07:39","guid":{"rendered":"http:\/\/geografie.ubbcluj.ro\/pages\/magyarfoldrajz\/?page_id=602"},"modified":"2019-09-13T09:39:15","modified_gmt":"2019-09-13T09:39:15","slug":"hirek","status":"publish","type":"page","link":"https:\/\/geografie.ubbcluj.ro\/pages\/magyarfoldrajz\/?page_id=602","title":{"rendered":"H\u00edrek!"},"content":{"rendered":"<p><span style=\"color: #993300;\"><strong>Kedves Di\u00e1kok!<\/strong><\/span><\/p>\n<p>Ide olyan h\u00edreket szeretn\u00e9nk feltenni, amelyek sok di\u00e1k \u00e9rdekl\u0151d\u00e9s\u00e9re sz\u00e1m\u00edthatnak. Friss\u00edt\u00e9s folyamatban!<\/p>\n<div>\u00a0<\/div>\n\n\n<p><\/p>\n","protected":false},"excerpt":{"rendered":"<p>Kedves Di\u00e1kok! Ide olyan h\u00edreket szeretn\u00e9nk feltenni, amelyek sok di\u00e1k \u00e9rdekl\u0151d\u00e9s\u00e9re sz\u00e1m\u00edthatnak. Friss\u00edt\u00e9s folyamatban! \u00a0<\/p>\n","protected":false},"author":2,"featured_media":0,"parent":0,"menu_order":0,"comment_status":"closed","ping_status":"closed","template":"","meta":{"footnotes":""},"_links":{"self":[{"href":"https:\/\/geografie.ubbcluj.ro\/pages\/magyarfoldrajz\/index.php?rest_route=\/wp\/v2\/pages\/602"}],"collection":[{"href":"https:\/\/geografie.ubbcluj.ro\/pages\/magyarfoldrajz\/index.php?rest_route=\/wp\/v2\/pages"}],"about":[{"href":"https:\/\/geografie.ubbcluj.ro\/pages\/magyarfoldrajz\/index.php?rest_route=\/wp\/v2\/types\/page"}],"author":[{"embeddable":true,"href":"https:\/\/geografie.ubbcluj.ro\/pages\/magyarfoldrajz\/index.php?rest_route=\/wp\/v2\/users\/2"}],"replies":[{"embeddable":true,"href":"https:\/\/geografie.ubbcluj.ro\/pages\/magyarfoldrajz\/index.php?rest_route=%2Fwp%2Fv2%2Fcomments&post=602"}],"version-history":[{"count":13,"href":"https:\/\/geografie.ubbcluj.ro\/pages\/magyarfoldrajz\/index.php?rest_route=\/wp\/v2\/pages\/602\/revisions"}],"predecessor-version":[{"id":2128,"href":"https:\/\/geografie.ubbcluj.ro\/pages\/magyarfoldrajz\/index.php?rest_route=\/wp\/v2\/pages\/602\/revisions\/2128"}],"wp:attachment":[{"href":"https:\/\/geografie.ubbcluj.ro\/pages\/magyarfoldrajz\/index.php?rest_route=%2Fwp%2Fv2%2Fmedia&parent=602"}],"curies":[{"name":"wp","href":"https:\/\/api.w.org\/{rel}","templated":true}]}}

Hírek!

<p><span style="color: #993300;"><strong>Kedves Diákok!</strong></span></p>
<p>Ide olyan híreket szeretnénk feltenni, amelyek sok diák érdeklődésére számíthatnak. Frissítés folyamatban!</p>
<div> </div>


<p></p>

<p>Kedves Diákok! Ide olyan híreket szeretnénk feltenni, amelyek sok diák érdeklődésére számíthatnak. Frissítés folyamatban!  </p>
