{"id":600,"date":"2013-01-30T23:04:30","date_gmt":"2013-01-30T23:04:30","guid":{"rendered":"http:\/\/geografie.ubbcluj.ro\/pages\/magyarfoldrajz\/?page_id=600"},"modified":"2020-10-13T16:49:00","modified_gmt":"2020-10-13T16:49:00","slug":"fontos","status":"publish","type":"page","link":"https:\/\/geografie.ubbcluj.ro\/pages\/magyarfoldrajz\/?page_id=600","title":{"rendered":"Fontos!"},"content":{"rendered":"<p>Ezen az oldalon a di\u00e1kok sz\u00e1m\u00e1ra fontos, aktu\u00e1lis inform\u00e1ci\u00f3k tal\u00e1lhat\u00f3k let\u00f6lthet\u0151, t\u00f6bbnyire PDF form\u00e1ban.<\/p>\n<p><strong>* ORVOSI RENDEL\u0150:<\/strong><\/p>\n<p><a href=\"http:\/\/geografie.ubbcluj.ro\/pages\/magyarfoldrajz\/wp-content\/uploads\/2013\/01\/cabinet-medical_nou2.jpg\"><img loading=\"lazy\" decoding=\"async\" class=\"alignleft  wp-image-1859\" title=\"cabinet medical_nou\" src=\"http:\/\/geografie.ubbcluj.ro\/pages\/magyarfoldrajz\/wp-content\/uploads\/2013\/01\/cabinet-medical_nou2.jpg\" alt=\"\" width=\"451\" height=\"316\" \/><\/a><\/p>\n<p><strong style=\"color: #0000ff;\">* <a href=\"http:\/\/geografie.ubbcluj.ro\/?page_id=622\" target=\"_blank\" rel=\"noopener noreferrer\">A F\u00f6ldrajz Kar k\u00fclf\u00f6ldi partnerint\u00e9zm\u00e9nyei<\/a><\/strong><\/p>\n","protected":false},"excerpt":{"rendered":"<p>Ezen az oldalon a di\u00e1kok sz\u00e1m\u00e1ra fontos, aktu\u00e1lis inform\u00e1ci\u00f3k tal\u00e1lhat\u00f3k let\u00f6lthet\u0151, t\u00f6bbnyire PDF form\u00e1ban. * ORVOSI RENDEL\u0150: * A F\u00f6ldrajz Kar k\u00fclf\u00f6ldi partnerint\u00e9zm\u00e9nyei<\/p>\n","protected":false},"author":2,"featured_media":0,"parent":0,"menu_order":0,"comment_status":"closed","ping_status":"closed","template":"","meta":{"footnotes":""},"_links":{"self":[{"href":"https:\/\/geografie.ubbcluj.ro\/pages\/magyarfoldrajz\/index.php?rest_route=\/wp\/v2\/pages\/600"}],"collection":[{"href":"https:\/\/geografie.ubbcluj.ro\/pages\/magyarfoldrajz\/index.php?rest_route=\/wp\/v2\/pages"}],"about":[{"href":"https:\/\/geografie.ubbcluj.ro\/pages\/magyarfoldrajz\/index.php?rest_route=\/wp\/v2\/types\/page"}],"author":[{"embeddable":true,"href":"https:\/\/geografie.ubbcluj.ro\/pages\/magyarfoldrajz\/index.php?rest_route=\/wp\/v2\/users\/2"}],"replies":[{"embeddable":true,"href":"https:\/\/geografie.ubbcluj.ro\/pages\/magyarfoldrajz\/index.php?rest_route=%2Fwp%2Fv2%2Fcomments&post=600"}],"version-history":[{"count":40,"href":"https:\/\/geografie.ubbcluj.ro\/pages\/magyarfoldrajz\/index.php?rest_route=\/wp\/v2\/pages\/600\/revisions"}],"predecessor-version":[{"id":2418,"href":"https:\/\/geografie.ubbcluj.ro\/pages\/magyarfoldrajz\/index.php?rest_route=\/wp\/v2\/pages\/600\/revisions\/2418"}],"wp:attachment":[{"href":"https:\/\/geografie.ubbcluj.ro\/pages\/magyarfoldrajz\/index.php?rest_route=%2Fwp%2Fv2%2Fmedia&parent=600"}],"curies":[{"name":"wp","href":"https:\/\/api.w.org\/{rel}","templated":true}]}}

<p>Ezen az oldalon a diákok számára fontos, aktuális információk találhatók letölthető, többnyire PDF formában.</p>
<p><strong>* ORVOSI RENDELŐ:</strong></p>
<p><a href="http://geografie.ubbcluj.ro/pages/magyarfoldrajz/wp-content/uploads/2013/01/cabinet-medical_nou2.jpg"><img loading="lazy" decoding="async" class="alignleft  wp-image-1859" title="cabinet medical_nou" src="http://geografie.ubbcluj.ro/pages/magyarfoldrajz/wp-content/uploads/2013/01/cabinet-medical_nou2.jpg" alt="" width="451" height="316" /></a></p>
<p><strong style="color: #0000ff;">* <a href="http://geografie.ubbcluj.ro/?page_id=622" target="_blank" rel="noopener noreferrer">A Földrajz Kar külföldi partnerintézményei</a></strong></p>

<p>Ezen az oldalon a diákok számára fontos, aktuális információk találhatók letölthető, többnyire PDF formában. * ORVOSI RENDELŐ: * A Földrajz Kar külföldi partnerintézményei</p>
