{"id":495,"date":"2013-01-28T22:46:00","date_gmt":"2013-01-28T22:46:00","guid":{"rendered":"http:\/\/geografie.ubbcluj.ro\/pages\/magyarfoldrajz\/?page_id=495"},"modified":"2022-03-17T19:02:33","modified_gmt":"2022-03-17T19:02:33","slug":"szabalyzatok","status":"publish","type":"page","link":"https:\/\/geografie.ubbcluj.ro\/pages\/magyarfoldrajz\/?page_id=495","title":{"rendered":"Szab\u00e1lyzatok \/ \u00d6szt\u00f6nd\u00edjak"},"content":{"rendered":"<p>Ezen az oldalon k\u00fcl\u00f6nb\u00f6z\u0151 szab\u00e1lyzatok \u00e9rhet\u0151k el let\u00f6lthet\u0151, PDF form\u00e1ban, rom\u00e1n nyelven. Ha elk\u00e9sz\u00fcl a ford\u00edt\u00e1suk, azokat is feltessz\u00fck.<\/p>\n<p><span style=\"text-decoration: underline;\"><strong>Szab\u00e1lyzatok:<\/strong><\/span><\/p>\n<ul>\n<li style=\"text-align: left;\"><span style=\"color: #2615e9;\"><strong><a href=\"https:\/\/www.ubbcluj.ro\/ro\/infoubb\/documente_publice\/files\/CartaUBB_2021_.pdf\" target=\"_blank\" rel=\"noopener noreferrer\"><span style=\"color: #2615e9;\">A Babes-Bolyai Tudom\u00e1nyegyetem Chart\u00e1ja<\/span><\/a><\/strong><\/span><span style=\"color: #2615e9;\"><strong><br \/>\n<\/strong><\/span><\/li>\n<li><a href=\"https:\/\/senat.ubbcluj.ro\/wp-content\/uploads\/2021\/06\/Regulament-ECTS.pdf\" target=\"_blank\" rel=\"noopener noreferrer\"><span style=\"color: #0000ff;\"><strong>Egyetemi hallgat\u00f3k szab\u00e1lyzata<\/strong><\/span><\/a><\/li>\n<li style=\"text-align: left;\"><span style=\"color: #0000ff;\"><a href=\"https:\/\/senat.ubbcluj.ro\/wp-content\/uploads\/2022\/03\/Anexa-la-HS-nr.-32-privind-actualizarea-Regulamentului-de-organizare-%C8%99i-desf%C4%83%C8%99urare-a-examenului-de-finalizare-a-studiilor-1.pdf\" target=\"_blank\" rel=\"noopener noreferrer\"><span style=\"color: #0000ff;\"><strong><span style=\"color: #5812ec;\">Szab\u00e1lyzat az \u00e1llamvizsga menet\u00e9t illet\u0151en alap- \u00e9s mesterk\u00e9pz\u00e9sen<\/span><\/strong><\/span><\/a><\/span><\/li>\n<\/ul>\n<div>\n<p><strong><span style=\"text-decoration: underline;\">\u00d6szt\u00f6nd\u00edjak<\/span>:<\/strong><\/p>\n<\/div>\n<ul>\n<li><a href=\"https:\/\/senat.ubbcluj.ro\/wp-content\/uploads\/2021\/06\/Anexa-la-HS-nr.-67-privind-modificarea-si-completarea-Regulamentului-de-acordare-a-burselor-pentru-studenti-1.pdf\" target=\"_blank\" rel=\"noopener noreferrer\"><span style=\"color: #2615e9;\"><span style=\"color: #2615e9;\"><strong style=\"color: #0000ff;\">A BBTE \u00f6szt\u00f6nd\u00edjszab\u00e1lyzata<\/strong><\/span><\/span><\/a><\/li>\n<\/ul>\n<p><span style=\"color: #0000ff;\"><span style=\"color: #000000;\">Az \u00e9rdem- \u00e9s tanulm\u00e1nyi \u00f6szt\u00f6nd\u00edjakkal a F\u00f6ldrajz Kar <strong>Titk\u00e1rs\u00e1ga (0264-591807)<\/strong>\u00a0foglalkozik, a szoci\u00e1lis \u00f6szt\u00f6nd\u00edjakkal pedig a <strong>P\u00e9nzt\u00e1r (0264-590801)<\/strong>.\u00a0<\/span><strong><br \/>\n<\/strong><\/span><\/p>\n","protected":false},"excerpt":{"rendered":"<p>Ezen az oldalon k\u00fcl\u00f6nb\u00f6z\u0151 szab\u00e1lyzatok \u00e9rhet\u0151k el let\u00f6lthet\u0151, PDF form\u00e1ban, rom\u00e1n nyelven. Ha elk\u00e9sz\u00fcl a ford\u00edt\u00e1suk, azokat is feltessz\u00fck. Szab\u00e1lyzatok: A Babes-Bolyai Tudom\u00e1nyegyetem Chart\u00e1ja Egyetemi hallgat\u00f3k szab\u00e1lyzata Szab\u00e1lyzat az \u00e1llamvizsga menet\u00e9t illet\u0151en alap- \u00e9s mesterk\u00e9pz\u00e9sen \u00d6szt\u00f6nd\u00edjak: A BBTE \u00f6szt\u00f6nd\u00edjszab\u00e1lyzata Az &hellip; <a class=\"more-link\" href=\"https:\/\/geografie.ubbcluj.ro\/pages\/magyarfoldrajz\/?page_id=495\">Continue reading <span class=\"meta-nav\">&rarr;<\/span><\/a><\/p>\n","protected":false},"author":2,"featured_media":0,"parent":0,"menu_order":0,"comment_status":"closed","ping_status":"closed","template":"","meta":{"footnotes":""},"_links":{"self":[{"href":"https:\/\/geografie.ubbcluj.ro\/pages\/magyarfoldrajz\/index.php?rest_route=\/wp\/v2\/pages\/495"}],"collection":[{"href":"https:\/\/geografie.ubbcluj.ro\/pages\/magyarfoldrajz\/index.php?rest_route=\/wp\/v2\/pages"}],"about":[{"href":"https:\/\/geografie.ubbcluj.ro\/pages\/magyarfoldrajz\/index.php?rest_route=\/wp\/v2\/types\/page"}],"author":[{"embeddable":true,"href":"https:\/\/geografie.ubbcluj.ro\/pages\/magyarfoldrajz\/index.php?rest_route=\/wp\/v2\/users\/2"}],"replies":[{"embeddable":true,"href":"https:\/\/geografie.ubbcluj.ro\/pages\/magyarfoldrajz\/index.php?rest_route=%2Fwp%2Fv2%2Fcomments&post=495"}],"version-history":[{"count":39,"href":"https:\/\/geografie.ubbcluj.ro\/pages\/magyarfoldrajz\/index.php?rest_route=\/wp\/v2\/pages\/495\/revisions"}],"predecessor-version":[{"id":2679,"href":"https:\/\/geografie.ubbcluj.ro\/pages\/magyarfoldrajz\/index.php?rest_route=\/wp\/v2\/pages\/495\/revisions\/2679"}],"wp:attachment":[{"href":"https:\/\/geografie.ubbcluj.ro\/pages\/magyarfoldrajz\/index.php?rest_route=%2Fwp%2Fv2%2Fmedia&parent=495"}],"curies":[{"name":"wp","href":"https:\/\/api.w.org\/{rel}","templated":true}]}}

Szabályzatok / Ösztöndíjak

<p>Ezen az oldalon különböző szabályzatok érhetők el letölthető, PDF formában, román nyelven. Ha elkészül a fordításuk, azokat is feltesszük.</p>
<p><span style="text-decoration: underline;"><strong>Szabályzatok:</strong></span></p>
<ul>
<li style="text-align: left;"><span style="color: #2615e9;"><strong><a href="https://www.ubbcluj.ro/ro/infoubb/documente_publice/files/CartaUBB_2021_.pdf" target="_blank" rel="noopener noreferrer"><span style="color: #2615e9;">A Babes-Bolyai Tudományegyetem Chartája</span></a></strong></span><span style="color: #2615e9;"><strong><br />
</strong></span></li>
<li><a href="https://senat.ubbcluj.ro/wp-content/uploads/2021/06/Regulament-ECTS.pdf" target="_blank" rel="noopener noreferrer"><span style="color: #0000ff;"><strong>Egyetemi hallgatók szabályzata</strong></span></a></li>
<li style="text-align: left;"><span style="color: #0000ff;"><a href="https://senat.ubbcluj.ro/wp-content/uploads/2022/03/Anexa-la-HS-nr.-32-privind-actualizarea-Regulamentului-de-organizare-%C8%99i-desf%C4%83%C8%99urare-a-examenului-de-finalizare-a-studiilor-1.pdf" target="_blank" rel="noopener noreferrer"><span style="color: #0000ff;"><strong><span style="color: #5812ec;">Szabályzat az államvizsga menetét illetően alap- és mesterképzésen</span></strong></span></a></span></li>
</ul>
<div>
<p><strong><span style="text-decoration: underline;">Ösztöndíjak</span>:</strong></p>
</div>
<ul>
<li><a href="https://senat.ubbcluj.ro/wp-content/uploads/2021/06/Anexa-la-HS-nr.-67-privind-modificarea-si-completarea-Regulamentului-de-acordare-a-burselor-pentru-studenti-1.pdf" target="_blank" rel="noopener noreferrer"><span style="color: #2615e9;"><span style="color: #2615e9;"><strong style="color: #0000ff;">A BBTE ösztöndíjszabályzata</strong></span></span></a></li>
</ul>
<p><span style="color: #0000ff;"><span style="color: #000000;">Az érdem- és tanulmányi ösztöndíjakkal a Földrajz Kar <strong>Titkársága (0264-591807)</strong> foglalkozik, a szociális ösztöndíjakkal pedig a <strong>Pénztár (0264-590801)</strong>. </span><strong><br />
</strong></span></p>

<p>Ezen az oldalon különböző szabályzatok érhetők el letölthető, PDF formában, román nyelven. Ha elkészül a fordításuk, azokat is feltesszük. Szabályzatok: A Babes-Bolyai Tudományegyetem Chartája Egyetemi hallgatók szabályzata Szabályzat az államvizsga menetét illetően alap- és mesterképzésen Ösztöndíjak: A BBTE ösztöndíjszabályzata Az &hellip; <a class="more-link" href="https://geografie.ubbcluj.ro/pages/magyarfoldrajz/?page_id=495">Continue reading <span class="meta-nav">&rarr;</span></a></p>
