{"id":415,"date":"2012-12-11T23:27:48","date_gmt":"2012-12-11T23:27:48","guid":{"rendered":"http:\/\/geografie.ubbcluj.ro\/pages\/magyarfoldrajz\/?page_id=415"},"modified":"2022-11-16T19:42:57","modified_gmt":"2022-11-16T19:42:57","slug":"betty","status":"publish","type":"page","link":"https:\/\/geografie.ubbcluj.ro\/pages\/magyarfoldrajz\/?page_id=415","title":{"rendered":"Betty"},"content":{"rendered":"<p><strong><a href=\"http:\/\/geografie.ubbcluj.ro\/pages\/magyarfoldrajz\/wp-content\/uploads\/2012\/12\/Betty_.jpg\"><img loading=\"lazy\" decoding=\"async\" class=\"alignright size-full wp-image-417\" title=\"Betty_\" src=\"http:\/\/geografie.ubbcluj.ro\/pages\/magyarfoldrajz\/wp-content\/uploads\/2012\/12\/Betty_.jpg\" alt=\"\" width=\"150\" height=\"200\" \/><\/a>N\u00e9v: Mur\u00e1di Betty<\/strong><\/p>\n<p><strong>V\u00e9gzetts\u00e9g:<\/strong>\u00a0BBTE K\u00f6zgazdas\u00e1g- \u00e9s Gazd\u00e1lkod\u00e1studom\u00e1ny BSc \u00e9s MSc<\/p>\n<p><strong>Nyelvismeret:\u00a0<\/strong>rom\u00e1n,\u00a0angol<\/p>\n<p><strong>Munkak\u00f6r:<\/strong> titk\u00e1rn\u0151<\/p>\n<p><strong>Munkahelyi telefonsz\u00e1m:<\/strong> 0264 \u2013 592214 \/ 209<\/p>\n<p><strong>El\u00e9rhet\u0151s\u00e9g:<\/strong> F\u00f6ldrajz Kar, f\u00f6ldszint, 34-es ajt\u00f3<\/p>\n<p><strong>E-mail c\u00edm:<\/strong> eniko.muradi@ubbcluj.ro<\/p>\n","protected":false},"excerpt":{"rendered":"<p>N\u00e9v: Mur\u00e1di Betty V\u00e9gzetts\u00e9g:\u00a0BBTE K\u00f6zgazdas\u00e1g- \u00e9s Gazd\u00e1lkod\u00e1studom\u00e1ny BSc \u00e9s MSc Nyelvismeret:\u00a0rom\u00e1n,\u00a0angol Munkak\u00f6r: titk\u00e1rn\u0151 Munkahelyi telefonsz\u00e1m: 0264 \u2013 592214 \/ 209 El\u00e9rhet\u0151s\u00e9g: F\u00f6ldrajz Kar, f\u00f6ldszint, 34-es ajt\u00f3 E-mail c\u00edm: eniko.muradi@ubbcluj.ro<\/p>\n","protected":false},"author":2,"featured_media":0,"parent":40,"menu_order":0,"comment_status":"closed","ping_status":"closed","template":"","meta":{"footnotes":""},"_links":{"self":[{"href":"https:\/\/geografie.ubbcluj.ro\/pages\/magyarfoldrajz\/index.php?rest_route=\/wp\/v2\/pages\/415"}],"collection":[{"href":"https:\/\/geografie.ubbcluj.ro\/pages\/magyarfoldrajz\/index.php?rest_route=\/wp\/v2\/pages"}],"about":[{"href":"https:\/\/geografie.ubbcluj.ro\/pages\/magyarfoldrajz\/index.php?rest_route=\/wp\/v2\/types\/page"}],"author":[{"embeddable":true,"href":"https:\/\/geografie.ubbcluj.ro\/pages\/magyarfoldrajz\/index.php?rest_route=\/wp\/v2\/users\/2"}],"replies":[{"embeddable":true,"href":"https:\/\/geografie.ubbcluj.ro\/pages\/magyarfoldrajz\/index.php?rest_route=%2Fwp%2Fv2%2Fcomments&post=415"}],"version-history":[{"count":10,"href":"https:\/\/geografie.ubbcluj.ro\/pages\/magyarfoldrajz\/index.php?rest_route=\/wp\/v2\/pages\/415\/revisions"}],"predecessor-version":[{"id":2749,"href":"https:\/\/geografie.ubbcluj.ro\/pages\/magyarfoldrajz\/index.php?rest_route=\/wp\/v2\/pages\/415\/revisions\/2749"}],"up":[{"embeddable":true,"href":"https:\/\/geografie.ubbcluj.ro\/pages\/magyarfoldrajz\/index.php?rest_route=\/wp\/v2\/pages\/40"}],"wp:attachment":[{"href":"https:\/\/geografie.ubbcluj.ro\/pages\/magyarfoldrajz\/index.php?rest_route=%2Fwp%2Fv2%2Fmedia&parent=415"}],"curies":[{"name":"wp","href":"https:\/\/api.w.org\/{rel}","templated":true}]}}