{"id":381,"date":"2012-12-10T15:44:36","date_gmt":"2012-12-10T15:44:36","guid":{"rendered":"http:\/\/geografie.ubbcluj.ro\/pages\/magyarfoldrajz\/?page_id=381"},"modified":"2014-10-11T11:59:19","modified_gmt":"2014-10-11T11:59:19","slug":"hol-vagyunk","status":"publish","type":"page","link":"https:\/\/geografie.ubbcluj.ro\/pages\/magyarfoldrajz\/?page_id=381","title":{"rendered":"Hol vagyunk?"},"content":{"rendered":"<p>A <span style=\"color: #800000;\"><strong>kolozsv\u00e1ri Magyar F\u00f6ldrajzi Int\u00e9zet<\/strong><\/span> a Babe\u0219-Bolyai Tudom\u00e1nyegyetem F\u00f6ldrajz kar\u00e1n tal\u00e1lhat\u00f3.<\/p>\n<p><strong>C\u00edm\u00fcnk:<\/strong> Kolozsv\u00e1r, Mik\u00f3-utca 5-7<\/p>\n<p><strong>Postac\u00edm\u00fcnk:<\/strong> 400006, Cluj-Napoca, Str. Clinicilor 5-7<\/p>\n<p><strong>Telefonsz\u00e1m:<\/strong><\/p>\n<ul>\n<li>K\u00f6zpont: 0040-264-592214<\/li>\n<\/ul>\n<ul>\n<li>Titk\u00e1rs\u00e1g, magyar di\u00e1kok\u00e9rt felel\u0151s titk\u00e1rn\u0151: 0040-264-592214 \u2013 209 bels\u0151<\/li>\n<\/ul>\n<ul>\n<li>Titk\u00e1rs\u00e1g: 0040-264-591807<\/li>\n<\/ul>\n<p><strong>Fax sz\u00e1m<\/strong>: 0040-264-597988<\/p>\n<p><strong>E-mail c\u00edm:<\/strong> cadre-lm@geografie.ubbcluj.ro<\/p>\n<p><strong>Honlapunk:<\/strong> <a href=\"http:\/\/www.geografie.ubbcluj.ro\/pages\/magyarfoldrajz\">www.geografie.ubbcluj.ro\/pages\/magyarfoldrajz<\/a><br \/>\n<a href=\"http:\/\/www.facebook.com\/pages\/Kolozsv%C3%A1ri-Magyar-F%C3%B6ldrajzi-Int%C3%A9zet\/105917806232314\" target=\"_blank\"><img loading=\"lazy\" decoding=\"async\" class=\"alignleft size-full wp-image-388\" title=\"facebook\" src=\"http:\/\/geografie.ubbcluj.ro\/pages\/magyarfoldrajz\/wp-content\/uploads\/2012\/12\/facebook.jpg\" alt=\"\" width=\"83\" height=\"20\" \/><\/a><br \/>\n<strong>Koordin\u00e1t\u00e1k:<\/strong> WGS84: N 46\u00b0 45&#8242; 52&#8221;, E 23\u00b0 34&#8242; 47\u201d<\/p>\n<p><span style=\"color: #0000ff;\"><a href=\"https:\/\/www.google.ro\/maps\/place\/Faculty+of+Geography\/@46.7644793,23.5794643,17z\/data=!3m1!4b1!4m7!1m4!3m3!1s0x47490e8141eaaa4f:0x6f5febbd15864898!2sStrada+Clinicilor+5,+Cluj-Napoca+400000!3b1!3m1!1s0x0:0xde67aaab3485354e\" target=\"_blank\"><span style=\"color: #0000ff;\"><strong>Google Maps<\/strong><\/span><\/a><\/span><\/p>\n<p><strong>Hely\u00fcnk a t\u00e9rk\u00e9pen:<\/strong><a href=\"http:\/\/geografie.ubbcluj.ro\/pages\/magyarfoldrajz\/wp-content\/uploads\/2012\/12\/mfi-terkep.jpg\"><img loading=\"lazy\" decoding=\"async\" class=\"alignleft size-full wp-image-383\" title=\"mfi-terkep\" src=\"http:\/\/geografie.ubbcluj.ro\/pages\/magyarfoldrajz\/wp-content\/uploads\/2012\/12\/mfi-terkep.jpg\" alt=\"\" width=\"847\" height=\"658\" srcset=\"https:\/\/geografie.ubbcluj.ro\/pages\/magyarfoldrajz\/wp-content\/uploads\/2012\/12\/mfi-terkep.jpg 847w, https:\/\/geografie.ubbcluj.ro\/pages\/magyarfoldrajz\/wp-content\/uploads\/2012\/12\/mfi-terkep-300x233.jpg 300w, https:\/\/geografie.ubbcluj.ro\/pages\/magyarfoldrajz\/wp-content\/uploads\/2012\/12\/mfi-terkep-386x300.jpg 386w\" sizes=\"(max-width: 847px) 100vw, 847px\" \/><\/a><\/p>\n","protected":false},"excerpt":{"rendered":"<p>A kolozsv\u00e1ri Magyar F\u00f6ldrajzi Int\u00e9zet a Babe\u0219-Bolyai Tudom\u00e1nyegyetem F\u00f6ldrajz kar\u00e1n tal\u00e1lhat\u00f3. C\u00edm\u00fcnk: Kolozsv\u00e1r, Mik\u00f3-utca 5-7 Postac\u00edm\u00fcnk: 400006, Cluj-Napoca, Str. Clinicilor 5-7 Telefonsz\u00e1m: K\u00f6zpont: 0040-264-592214 Titk\u00e1rs\u00e1g, magyar di\u00e1kok\u00e9rt felel\u0151s titk\u00e1rn\u0151: 0040-264-592214 \u2013 209 bels\u0151 Titk\u00e1rs\u00e1g: 0040-264-591807 Fax sz\u00e1m: 0040-264-597988 E-mail c\u00edm: &hellip; <a class=\"more-link\" href=\"https:\/\/geografie.ubbcluj.ro\/pages\/magyarfoldrajz\/?page_id=381\">Continue reading <span class=\"meta-nav\">&rarr;<\/span><\/a><\/p>\n","protected":false},"author":2,"featured_media":0,"parent":38,"menu_order":0,"comment_status":"closed","ping_status":"closed","template":"","meta":{"footnotes":""},"_links":{"self":[{"href":"https:\/\/geografie.ubbcluj.ro\/pages\/magyarfoldrajz\/index.php?rest_route=\/wp\/v2\/pages\/381"}],"collection":[{"href":"https:\/\/geografie.ubbcluj.ro\/pages\/magyarfoldrajz\/index.php?rest_route=\/wp\/v2\/pages"}],"about":[{"href":"https:\/\/geografie.ubbcluj.ro\/pages\/magyarfoldrajz\/index.php?rest_route=\/wp\/v2\/types\/page"}],"author":[{"embeddable":true,"href":"https:\/\/geografie.ubbcluj.ro\/pages\/magyarfoldrajz\/index.php?rest_route=\/wp\/v2\/users\/2"}],"replies":[{"embeddable":true,"href":"https:\/\/geografie.ubbcluj.ro\/pages\/magyarfoldrajz\/index.php?rest_route=%2Fwp%2Fv2%2Fcomments&post=381"}],"version-history":[{"count":22,"href":"https:\/\/geografie.ubbcluj.ro\/pages\/magyarfoldrajz\/index.php?rest_route=\/wp\/v2\/pages\/381\/revisions"}],"predecessor-version":[{"id":939,"href":"https:\/\/geografie.ubbcluj.ro\/pages\/magyarfoldrajz\/index.php?rest_route=\/wp\/v2\/pages\/381\/revisions\/939"}],"up":[{"embeddable":true,"href":"https:\/\/geografie.ubbcluj.ro\/pages\/magyarfoldrajz\/index.php?rest_route=\/wp\/v2\/pages\/38"}],"wp:attachment":[{"href":"https:\/\/geografie.ubbcluj.ro\/pages\/magyarfoldrajz\/index.php?rest_route=%2Fwp%2Fv2%2Fmedia&parent=381"}],"curies":[{"name":"wp","href":"https:\/\/api.w.org\/{rel}","templated":true}]}}

<p>A <span style="color: #800000;"><strong>kolozsvári Magyar Földrajzi Intézet</strong></span> a Babeș-Bolyai Tudományegyetem Földrajz karán található.</p>
<p><strong>Címünk:</strong> Kolozsvár, Mikó-utca 5-7</p>
<p><strong>Postacímünk:</strong> 400006, Cluj-Napoca, Str. Clinicilor 5-7</p>
<p><strong>Telefonszám:</strong></p>
<ul>
<li>Központ: 0040-264-592214</li>
</ul>
<ul>
<li>Titkárság, magyar diákokért felelős titkárnő: 0040-264-592214 – 209 belső</li>
</ul>
<ul>
<li>Titkárság: 0040-264-591807</li>
</ul>
<p><strong>Fax szám</strong>: 0040-264-597988</p>
<p><strong>E-mail cím:</strong> cadre-lm@geografie.ubbcluj.ro</p>
<p><strong>Honlapunk:</strong> <a href="http://www.geografie.ubbcluj.ro/pages/magyarfoldrajz">www.geografie.ubbcluj.ro/pages/magyarfoldrajz</a><br />
<a href="http://www.facebook.com/pages/Kolozsv%C3%A1ri-Magyar-F%C3%B6ldrajzi-Int%C3%A9zet/105917806232314" target="_blank"><img loading="lazy" decoding="async" class="alignleft size-full wp-image-388" title="facebook" src="http://geografie.ubbcluj.ro/pages/magyarfoldrajz/wp-content/uploads/2012/12/facebook.jpg" alt="" width="83" height="20" /></a><br />
<strong>Koordináták:</strong> WGS84: N 46° 45&#8242; 52&#8221;, E 23° 34&#8242; 47”</p>
<p><span style="color: #0000ff;"><a href="https://www.google.ro/maps/place/Faculty+of+Geography/@46.7644793,23.5794643,17z/data=!3m1!4b1!4m7!1m4!3m3!1s0x47490e8141eaaa4f:0x6f5febbd15864898!2sStrada+Clinicilor+5,+Cluj-Napoca+400000!3b1!3m1!1s0x0:0xde67aaab3485354e" target="_blank"><span style="color: #0000ff;"><strong>Google Maps</strong></span></a></span></p>
<p><strong>Helyünk a térképen:</strong><a href="http://geografie.ubbcluj.ro/pages/magyarfoldrajz/wp-content/uploads/2012/12/mfi-terkep.jpg"><img loading="lazy" decoding="async" class="alignleft size-full wp-image-383" title="mfi-terkep" src="http://geografie.ubbcluj.ro/pages/magyarfoldrajz/wp-content/uploads/2012/12/mfi-terkep.jpg" alt="" width="847" height="658" srcset="https://geografie.ubbcluj.ro/pages/magyarfoldrajz/wp-content/uploads/2012/12/mfi-terkep.jpg 847w, https://geografie.ubbcluj.ro/pages/magyarfoldrajz/wp-content/uploads/2012/12/mfi-terkep-300x233.jpg 300w, https://geografie.ubbcluj.ro/pages/magyarfoldrajz/wp-content/uploads/2012/12/mfi-terkep-386x300.jpg 386w" sizes="(max-width: 847px) 100vw, 847px" /></a></p>

<p>A kolozsvári Magyar Földrajzi Intézet a Babeș-Bolyai Tudományegyetem Földrajz karán található. Címünk: Kolozsvár, Mikó-utca 5-7 Postacímünk: 400006, Cluj-Napoca, Str. Clinicilor 5-7 Telefonszám: Központ: 0040-264-592214 Titkárság, magyar diákokért felelős titkárnő: 0040-264-592214 – 209 belső Titkárság: 0040-264-591807 Fax szám: 0040-264-597988 E-mail cím: &hellip; <a class="more-link" href="https://geografie.ubbcluj.ro/pages/magyarfoldrajz/?page_id=381">Continue reading <span class="meta-nav">&rarr;</span></a></p>
