{"id":3030,"date":"2026-01-12T10:35:10","date_gmt":"2026-01-12T10:35:10","guid":{"rendered":"https:\/\/geografie.ubbcluj.ro\/pages\/magyarfoldrajz\/?page_id=3030"},"modified":"2026-01-12T10:39:50","modified_gmt":"2026-01-12T10:39:50","slug":"szakmai-gyakorlat-2026","status":"publish","type":"page","link":"https:\/\/geografie.ubbcluj.ro\/pages\/magyarfoldrajz\/?page_id=3030","title":{"rendered":"Szakmai gyakorlat &#8211; 2026"},"content":{"rendered":"\n<p class=\"has-vivid-red-color has-text-color has-link-color wp-elements-424b10b10a8b27a87873377d4961e798\"><strong>N\u00e9v: Term\u00e9szetf\u00f6ldrajz<\/strong><\/p>\n\n\n\n<p><strong>K\u00f6telez\u0151:<\/strong> F\u00f6ldr1, Terfejl1<\/p>\n\n\n\n<p><strong>Hely:<\/strong> Torda, Nagyb\u00e1r \u00e9s Kirulyf\u00fcrd\u0151 k\u00f6rny\u00e9ke<\/p>\n\n\n\n<p><strong>Id\u0151: <\/strong>kb. 8\u20139 nap (F\u00f6ldr1) \/ 7\u20138 nap (Terfejl1), kb. 2026. j\u00falius 11\u201320.<\/p>\n\n\n\n<p><strong>Oktat\u00f3k:<\/strong> Bart\u00f3k Blanka, Bartos-Elekes Zsombor, Czellecz Bogl\u00e1rka, G\u00e1l Andrea<\/p>\n\n\n\n<p>Tant\u00e1rgyak, t\u00e9mak\u00f6r\u00f6k: Geomorfol\u00f3gia, Hidrol\u00f3gia, T\u00e9rk\u00e9p\u00e9szet, Meteorol\u00f3gia<\/p>\n\n\n\n<p>T\u00e9mak\u00f6r\u00f6nk\u00e9nt helysz\u00edn, id\u0151, tev\u00e9kenys\u00e9gek, \u00e1r, tanulm\u00e1nyi k\u00f6vetelm\u00e9ny:<\/p>\n\n\n\n<ul>\n<li>T\u00e9rk\u00e9p\u00e9szet: Tordai-hasad\u00e9k k\u00f6rny\u00e9ke. 1 vagy 2 nap, j\u00falius 11\u201312. Nagyfelbont\u00e1s\u00fa l\u00e9gi t\u00e9rk\u00e9pez\u00e9s (UAS\/UAV dr\u00f3nnal, LiDAR, RGB \u00e9s multispektr\u00e1lis szenzorokkal). Egy vagy k\u00e9t egynapos \u00fat Kolozsv\u00e1rr\u00f3l, a megk\u00f6zel\u00edt\u00e9st \u00e9s az esetleges kolozsv\u00e1ri sz\u00e1ll\u00e1st a hallgat\u00f3k fedezik. Tanulm\u00e1nyi k\u00f6vetelm\u00e9ny: r\u00e9szv\u00e9tel a felm\u00e9r\u00e9sen. Vend\u00e9goktat\u00f3: Kov\u00e1cs B\u00e9la (ELTE).<\/li>\n\n\n\n<li>Geomorfol\u00f3gia: T\u00far\u00e1k Sz\u00e1szsebes k\u00f6rny\u00e9k\u00e9n \u00e9s hegyvid\u00e9ken (id\u0151j\u00e1r\u00e1s f\u00fcggv\u00e9ny\u00e9ben). 3 nap, j\u00falius 13\u201315. T\u00far\u00e1z\u00e1s \u00e9s geomorfol\u00f3giai felm\u00e9r\u00e9s GPS-szel, RTK-val \u00e9s dr\u00f3nnal. Az egyetem biztos\u00edtja az utaz\u00e1st busszal \u00e9s a sz\u00e1ll\u00e1s Nagyb\u00e1ron, az egyetemi terepgyakorlati b\u00e1zison. Az \u00e9tkez\u00e9sr\u0151l a hallgat\u00f3k gondoskodnak. Terepmunka \u00e9s adatfeldolgoz\u00e1s ut\u00e1n digit\u00e1lisan beadand\u00f3 feladat.<\/li>\n\n\n\n<li>Hidrol\u00f3gia: Kirulyf\u00fcrd\u0151 \u00e9s L\u00f6v\u00e9te. 3 nap, j\u00falius 17\u201319. Terepi m\u00e9r\u00e9sek \u2013 felsz\u00edn alatti vizek megfigyel\u00e9se \u00e9s vizsg\u00e1lata, talajv\u00edzszint, talajv\u00edzmin\u0151s\u00e9g, \u00e1sv\u00e1nyvizek megjelen\u00e9si form\u00e1i \u00e9s v\u00edzmin\u0151s\u00e9g, forr\u00e1sok v\u00edzhozama, hideg viz\u0171 gejz\u00edr. Megk\u00f6zel\u00edt\u00e9s saj\u00e1t aut\u00f3kkal vagy t\u00f6megk\u00f6zleked\u00e9ssel. 260 RON (2 \u00e9j sz\u00e1ll\u00e1s, 3 reggeli, 3 vacsora, fogy\u00f3anyagok). Terepmunka ut\u00e1n digit\u00e1lisan beadand\u00f3 feladat.<\/li>\n\n\n\n<li>csak F\u00f6ldr1 sz\u00e1m\u00e1ra Meteorol\u00f3gia: Kirulyf\u00fcrd\u0151, Cs\u00edkszereda. 1\u20132 nap, j\u00falius 19\u201320. A cs\u00edkszeredai meteorol\u00f3giai \u00e1llom\u00e1s l\u00e1togat\u00e1sa; m\u00e9r\u00e9sek automata \u00e1llom\u00e1ssal, adatfeldolgoz\u00e1s. Adatfeldolgoz\u00e1s ut\u00e1n beadand\u00f3 feladat. 100 RON (1 \u00e9j sz\u00e1ll\u00e1s, stb.)<\/li>\n<\/ul>\n\n\n\n<p class=\"has-vivid-red-color has-text-color has-link-color wp-elements-65c33d44c1b0a5a7e2bb92bba59645b7\"><strong>N\u00e9v: T\u00e1rsadalomf\u00f6ldrajz\u2013ter\u00fcletfejleszt\u00e9s (Green Seed)<\/strong><\/p>\n\n\n\n<p class=\"has-black-color has-text-color has-link-color wp-elements-531d5ceaeb0a9225fcb4bb38ee47f3f9\"><strong>K\u00f6telez\u0151:<\/strong> F\u00f6ldr2, Terfejl2<\/p>\n\n\n\n<p><strong>Hely:<\/strong> Kolozsv\u00e1r<\/p>\n\n\n\n<p><strong>Id\u0151: <\/strong>8 nap, kb. 2026. m\u00e1rciust\u00f3l j\u00faniusig.<\/p>\n\n\n\n<p><strong>Oktat\u00f3k:<\/strong> M\u00e1th\u00e9 Csongor, T\u00f6r\u00f6k Ibolya.<\/p>\n\n\n\n<p>Tant\u00e1rgyak, t\u00e9mak\u00f6r\u00f6k: N\u00e9pess\u00e9g- \u00e9s telep\u00fcl\u00e9sf\u00f6ldrajz, Ter\u00fcletfejleszt\u00e9s, V\u00e1rosf\u00f6ldrajz, Kutat\u00e1sm\u00f3dszertan\/ T\u00e1rsadalmi ank\u00e9t<\/p>\n\n\n\n<p>T\u00e9mak\u00f6r\u00f6nk\u00e9nt helysz\u00edn, id\u0151, tev\u00e9kenys\u00e9gek, \u00e1r, tanulm\u00e1nyi k\u00f6vetelm\u00e9ny:<\/p>\n\n\n\n<p>Ter\u00fcletfejleszt\u00e9s, telep\u00fcl\u00e9sf\u00f6ldrajz: ter\u00fcletfejleszt\u00e9si tev\u00e9kenys\u00e9gekhez kapcsol\u00f3d\u00f3 kolozsv\u00e1ri int\u00e9zm\u00e9nyek \u00e9s v\u00e1llalatok megl\u00e1togat\u00e1sa a II. f\u00e9l\u00e9v folyam\u00e1n. K\u00f6lts\u00e9g nincs.<\/p>\n\n\n\n<ul>\n<li>\u00c9szaknyugati Fejleszt\u00e9si \u00dcgyn\u00f6ks\u00e9g: region\u00e1lis fejleszt\u00e9s, EU-s projektek, statisztikai elemz\u00e9s (EU-s p\u00e1ly\u00e1zatok fel\u00e9p\u00edt\u00e9s\u00e9nek megismer\u00e9se, fejleszt\u00e9si priorit\u00e1sok \u00e9s region\u00e1lis strat\u00e9gi\u00e1k elemz\u00e9se, ter\u00fcletfejleszt\u00e9si mutat\u00f3k (GDP, foglalkoztatotts\u00e1g, mobilit\u00e1s) elemz\u00e9se, megval\u00f3sult projektek terepszeml\u00e9je (ipari park, k\u00f6zleked\u00e9si fejleszt\u00e9s, v\u00e1rosrehabilit\u00e1ci\u00f3)<\/li>\n\n\n\n<li>Kolozs megye Tan\u00e1csa: a megyei fejleszt\u00e9si strat\u00e9gia \u00e9s priorit\u00e1sok \u00e1ttekint\u00e9se, k\u00f6zszolg\u00e1ltat\u00e1sok m\u0171k\u00f6d\u00e9s\u00e9nek megismer\u00e9se, besz\u00e9lget\u00e9s szakbizotts\u00e1gok munkat\u00e1rsaival<\/li>\n\n\n\n<li>Kolozsv\u00e1ri Polg\u00e1rmesteri Hivatal: v\u00e1rosrendez\u00e9si tervek (PUG, PUZ) elemz\u00e9se, mobilit\u00e1si fejleszt\u00e9sek \u00e9s smart city projektek (k\u00f6rnyezetbar\u00e1t k\u00f6zleked\u00e9s, digitaliz\u00e1ci\u00f3) megismer\u00e9se, terepbej\u00e1r\u00e1s: z\u00f6ld\u00f6vezetek fejleszt\u00e9se, lak\u00f3negyedek rehabilit\u00e1ci\u00f3ja, k\u00f6zter\u00fcletek \u00e1talak\u00edt\u00e1sa<\/li>\n\n\n\n<li>F\u00f6ldtani Int\u00e9zet: geol\u00f3giai mintav\u00e9teli technik\u00e1k megismer\u00e9se, f\u00f6ldtani t\u00e9rk\u00e9pek \u00e9s r\u00e9tegtani adatok elemz\u00e9se, k\u00f6rnyezeti kock\u00e1zatok (f\u00f6ldcsuszaml\u00e1s, er\u00f3zi\u00f3, talajszennyez\u00e9s) \u00e9rt\u00e9kel\u00e9se, laborvizsg\u00e1latok (k\u0151zet- \u00e9s talajmint\u00e1k alapvet\u0151 elemz\u00e9se)<\/li>\n\n\n\n<li>EcoMaps: GIS-alapok gyakorl\u00e1sa (QGIS\/ArcGIS) val\u00f3s projektekben, k\u00f6rnyezetv\u00e9delmi \u00e9s urbanisztikai adatok (z\u00f6ldter\u00fclet, zajszint, leveg\u0151min\u0151s\u00e9g) feldolgoz\u00e1sa, digit\u00e1lis t\u00e9rk\u00e9pek szerkeszt\u00e9se tematikus feladatokra, terepbej\u00e1r\u00e1s<\/li>\n<\/ul>\n\n\n\n<p class=\"has-vivid-red-color has-text-color has-link-color wp-elements-a84ff1bf479cf9be923391cdf650b85f\"><strong>N\u00e9v: Turizmus<\/strong><\/p>\n\n\n\n<p class=\"has-black-color has-text-color has-link-color wp-elements-84ffa9cf9fc491a51848f41c1833d30d\"><strong>K\u00f6telez\u0151:<\/strong> Tur1, Tur2<\/p>\n\n\n\n<p>Hely: Kolozsv\u00e1r \u00e9s k\u00f6rny\u00e9ke<\/p>\n\n\n\n<p>Id\u0151: kb. 8 nap, kb. 2026. j\u00falius 13\u201320.<\/p>\n\n\n\n<p>Oktat\u00f3: M\u00e1th\u00e9 Andr\u00e1s<\/p>\n\n\n\n<p>Tant\u00e1rgyak, t\u00e9mak\u00f6r\u00f6k: Szolg\u00e1ltat\u00e1sok a turizmusban, \u00c9p\u00edt\u00e9szet, Idegenvezet\u00e9s, Kult\u00fara \u00e9s civiliz\u00e1ci\u00f3.<\/p>\n\n\n\n<p>Tev\u00e9kenys\u00e9gek: idegenvezet\u00e9si gyakorlatok, k\u00e9rd\u0151\u00edvez\u00e9s, turisztikai potenci\u00e1lm\u00e9r\u00e9s, k\u00e9rd\u0151\u00edvez\u00e9s vagy utaz\u00e1si irod\u00e1kn\u00e1l, hotelekn\u00e9l, panzi\u00f3kn\u00e1l val\u00f3 szakmai gyakorlatok elv\u00e9gz\u00e9se<\/p>\n\n\n\n<p>\u00c1r: ingyenes<\/p>\n\n\n\n<p>Tanulm\u00e1nyi k\u00f6vetelm\u00e9ny: terepi csoportos feladatok elv\u00e9gz\u00e9se.<strong><\/strong><\/p>\n\n\n\n<p class=\"has-vivid-red-color has-text-color has-link-color wp-elements-57dc3496c7a01f6014b76ffc7dba5b62\"><strong>N\u00e9v: Erasmus internship<\/strong><\/p>\n\n\n\n<p>V\u00e1laszthat\u00f3: BSc1\u20132, MSc1<\/p>\n\n\n\n<p>Hely: Si\u00f3fok, Az\u00far Hotel<\/p>\n\n\n\n<p>Id\u0151: 2\u20133 h\u00f3nap, 2026. j\u00falius 1 \u2013 szeptember 30.<\/p>\n\n\n\n<p>Oktat\u00f3: M\u00e1th\u00e9 Andr\u00e1s<\/p>\n\n\n\n<p>Tev\u00e9kenys\u00e9g: sz\u00e1llodai szerepk\u00f6r\u00f6k bet\u00f6lt\u00e9se.<\/p>\n\n\n\n<p>Tanulm\u00e1nyi k\u00f6vetelm\u00e9ny: r\u00e9szv\u00e9tel.<\/p>\n\n\n\n<p class=\"has-vivid-red-color has-text-color has-link-color wp-elements-2148d892874e9c221a45b0751fc594c0\"><strong>N\u00e9v: Green Seed<\/strong><\/p>\n\n\n\n<p>V\u00e1laszthat\u00f3: Tur2<\/p>\n\n\n\n<p>Hely: Kolozsv\u00e1r \u00e9s k\u00f6rny\u00e9ke<\/p>\n\n\n\n<p>Id\u0151: min. 7 nap, kb. m\u00e1just\u00f3l j\u00faliusig<\/p>\n\n\n\n<p>Oktat\u00f3: M\u00e1th\u00e9 Andr\u00e1s<\/p>\n\n\n\n<p>Tev\u00e9kenys\u00e9gek: c\u00e9gek \u00e1ltal meghat\u00e1rozott feladatok (Turisztikai irodak, Geoinformatikai c\u00e9gek)<\/p>\n\n\n\n<p>\u00c1r: ingyenes (pr\u00e9mium juttat\u00e1s a program lej\u00e1rt\u00e1val a j\u00f3l teljes\u00edt\u0151 hallgat\u00f3knak)<\/p>\n\n\n\n<p>Tanulm\u00e1nyi k\u00f6vetelm\u00e9ny: beadand\u00f3 feladat a c\u00e9g ir\u00e1ny\u00edt\u00e1sa alatt illetve az ottani tev\u00e9kenys\u00e9ggel kapcsolatos feladatk\u00f6rben.<\/p>\n\n\n\n\n","protected":false},"excerpt":{"rendered":"<p>N\u00e9v: Term\u00e9szetf\u00f6ldrajz K\u00f6telez\u0151: F\u00f6ldr1, Terfejl1 Hely: Torda, Nagyb\u00e1r \u00e9s Kirulyf\u00fcrd\u0151 k\u00f6rny\u00e9ke Id\u0151: kb. 8\u20139 nap (F\u00f6ldr1) \/ 7\u20138 nap (Terfejl1), kb. 2026. j\u00falius 11\u201320. Oktat\u00f3k: Bart\u00f3k Blanka, Bartos-Elekes Zsombor, Czellecz Bogl\u00e1rka, G\u00e1l Andrea Tant\u00e1rgyak, t\u00e9mak\u00f6r\u00f6k: Geomorfol\u00f3gia, Hidrol\u00f3gia, T\u00e9rk\u00e9p\u00e9szet, Meteorol\u00f3gia T\u00e9mak\u00f6r\u00f6nk\u00e9nt &hellip; <a class=\"more-link\" href=\"https:\/\/geografie.ubbcluj.ro\/pages\/magyarfoldrajz\/?page_id=3030\">Continue reading <span class=\"meta-nav\">&rarr;<\/span><\/a><\/p>\n","protected":false},"author":2,"featured_media":0,"parent":0,"menu_order":0,"comment_status":"closed","ping_status":"closed","template":"","meta":{"footnotes":""},"_links":{"self":[{"href":"https:\/\/geografie.ubbcluj.ro\/pages\/magyarfoldrajz\/index.php?rest_route=\/wp\/v2\/pages\/3030"}],"collection":[{"href":"https:\/\/geografie.ubbcluj.ro\/pages\/magyarfoldrajz\/index.php?rest_route=\/wp\/v2\/pages"}],"about":[{"href":"https:\/\/geografie.ubbcluj.ro\/pages\/magyarfoldrajz\/index.php?rest_route=\/wp\/v2\/types\/page"}],"author":[{"embeddable":true,"href":"https:\/\/geografie.ubbcluj.ro\/pages\/magyarfoldrajz\/index.php?rest_route=\/wp\/v2\/users\/2"}],"replies":[{"embeddable":true,"href":"https:\/\/geografie.ubbcluj.ro\/pages\/magyarfoldrajz\/index.php?rest_route=%2Fwp%2Fv2%2Fcomments&post=3030"}],"version-history":[{"count":1,"href":"https:\/\/geografie.ubbcluj.ro\/pages\/magyarfoldrajz\/index.php?rest_route=\/wp\/v2\/pages\/3030\/revisions"}],"predecessor-version":[{"id":3031,"href":"https:\/\/geografie.ubbcluj.ro\/pages\/magyarfoldrajz\/index.php?rest_route=\/wp\/v2\/pages\/3030\/revisions\/3031"}],"wp:attachment":[{"href":"https:\/\/geografie.ubbcluj.ro\/pages\/magyarfoldrajz\/index.php?rest_route=%2Fwp%2Fv2%2Fmedia&parent=3030"}],"curies":[{"name":"wp","href":"https:\/\/api.w.org\/{rel}","templated":true}]}}