{"id":2850,"date":"2023-12-18T13:33:33","date_gmt":"2023-12-18T13:33:33","guid":{"rendered":"http:\/\/geografie.ubbcluj.ro\/pages\/magyarfoldrajz\/?page_id=2850"},"modified":"2023-12-18T13:36:29","modified_gmt":"2023-12-18T13:36:29","slug":"szakmai-gyakorlat-2024","status":"publish","type":"page","link":"https:\/\/geografie.ubbcluj.ro\/pages\/magyarfoldrajz\/?page_id=2850","title":{"rendered":"Szakmai gyakorlat 2024"},"content":{"rendered":"<p><span style=\"color: #993300;\"><strong>N\u00e9v: Term\u00e9szetf\u00f6ldrajz<\/strong><\/span><\/p>\n<p><strong>K\u00f6telez\u0151:<\/strong> F\u00f6ldr1, Terfejl1<\/p>\n<p><strong>Hely:<\/strong> Kolozsv\u00e1r, Kolozs, Torda stb .<\/p>\n<p><strong>Id\u0151:<\/strong> 8 nap (F\u00f6ldr1) \/ 6 nap (Terfejl1), kb. 2024. j\u00falius 15\u201321.<\/p>\n<p>Oktat\u00f3k: Bart\u00f3k Blanka, Bartos-Elekes Zsombor, Czellecz Bogl\u00e1rka, G\u00e1l Andrea<\/p>\n<p><strong>Tant\u00e1rgyak, t\u00e9mak\u00f6r\u00f6k:<\/strong> Geomorfol\u00f3gia, Hidrol\u00f3gia, T\u00e9rk\u00e9p\u00e9szet, Meteorol\u00f3gia \/ V\u00edzgy\u0171jt\u0151-rendez\u00e9s.<\/p>\n<p><strong>Tev\u00e9kenys\u00e9gek:<\/strong><\/p>\n<ul>\n<li>Geomorfol\u00f3gia: 2 nap<\/li>\n<li>Hidrol\u00f3gia (\u00e9s Terfejl1 sz\u00e1m\u00e1ra V\u00edzgy\u0171jt\u0151-rendez\u00e9s): terepi m\u00e9r\u00e9sek (felsz\u00edn alatti vizek megfigyel\u00e9se \u00e9s vizsg\u00e1lata, talajv\u00edzszint, talajv\u00edzmin\u0151s\u00e9g, \u00e1sv\u00e1nyv\u00edzmin\u0151s\u00e9g), adatfeldolgoz\u00e1s tanteremben (a begy\u0171jt\u00f6tt adatok t\u00e9rk\u00e9pi megjelen\u00edt\u00e9se \u00e9s \u00e9rtelmez\u00e9se). Kolozsv\u00e1r \u00e9s Kolozs, 2 nap, j\u00falius.<\/li>\n<li>T\u00e9rk\u00e9p\u00e9szet: felm\u00e9r\u00e9s, t\u00e1j\u00e9koz\u00f3d\u00e1s, helysz\u00ednel\u00e9s t\u00e9rk\u00e9ppel, GPS-szel, RTK-val \u00e9s dr\u00f3nnal. B\u00fckk \u00e9s Tordai-hasad\u00e9k, 2 nap, j\u00falius 19\u201320.<\/li>\n<li>csak F\u00f6ldr1 sz\u00e1m\u00e1ra Meteorol\u00f3gia: 1\u20132 nap?<\/li>\n<\/ul>\n<p><strong>\u00c1r:<\/strong> kb. 100 lej (t\u00f6megk\u00f6zleked\u00e9s)<\/p>\n<p><strong>Tanulm\u00e1nyi k\u00f6vetelm\u00e9ny:<\/strong> terepmunka \u00e9s adatfeldolgoz\u00e1s ut\u00e1n digit\u00e1lisan beadand\u00f3 feladat<\/p>\n<p><strong><span style=\"color: #993300;\">N\u00e9v: T\u00e1rsadalomf\u00f6ldrajz\u2013ter\u00fcletfejleszt\u00e9s <\/span><\/strong><\/p>\n<p><strong>K\u00f6telez\u0151:<\/strong> F\u00f6ldr2, Terfejl2<\/p>\n<p><strong>Hely:<\/strong> Kolozsv\u00e1r, Nagyv\u00e1rad<\/p>\n<p><strong>Id\u0151:<\/strong> 8 nap, kb. 2024. j\u00falius 15\u201321.<\/p>\n<p><strong>Oktat\u00f3k:<\/strong> Kov\u00e1cs Csaba, Nagy Egon, T\u00f6r\u00f6k Ibolya.<\/p>\n<p><strong>Tant\u00e1rgyak, t\u00e9mak\u00f6r\u00f6k:<\/strong> N\u00e9pess\u00e9g- \u00e9s telep\u00fcl\u00e9sf\u00f6ldrajz, Ter\u00fcletfejleszt\u00e9s, V\u00e1rosf\u00f6ldrajz Kutat\u00e1sm\u00f3dszertan\/T\u00e1rsadalmi ank\u00e9t<\/p>\n<p><strong>Tev\u00e9kenys\u00e9gek:<\/strong><\/p>\n<ul>\n<li>T\u00e1rsadalomf\u00f6ldrajz: m\u00fazeuml\u00e1togat\u00e1s (n\u00e9prajzi, t\u00f6rt\u00e9nelmi, zool\u00f3giai, \u00e1sv\u00e1nytani stb., botanikus kert). Kolozsv\u00e1r, 2 nap, kb. j\u00falius 11\u201314.<\/li>\n<li>Ter\u00fcletfejleszt\u00e9s, Telep\u00fcl\u00e9sf\u00f6ldrajz: ter\u00fcletfejleszt\u00e9si tev\u00e9kenys\u00e9gekhez kapcsol\u00f3d\u00f3 int\u00e9zm\u00e9nyek megl\u00e1togat\u00e1sa (\u00c9szaknyugati Fejleszt\u00e9si \u00dcgyn\u00f6ks\u00e9g, Civitas K\u00f6zpont, B\u00e1lv\u00e1nyos Int\u00e9zet, Emerson), besz\u00e9lget\u00e9s a helyi vezet\u0151kkel megval\u00f3sult \u00e9s j\u00f6v\u0151beli projektek eredm\u00e9nyess\u00e9g\u00e9r\u0151l; Kolozsv\u00e1r diff\u00fazi\u00f3j\u00e1nak vizsg\u00e1lata Kisb\u00e1cs, Sz\u00e1szfenes, Gy\u00f6rgyfalva \u00e9s Ajtony telep\u00fcl\u00e9sek eset\u00e9ben (terepbej\u00e1r\u00e1s); Kolozsv\u00e1r vonz\u00e1sk\u00f6rzet\u00e9ben m\u0171k\u00f6d\u0151, szakmai szempontb\u00f3l relev\u00e1ns v\u00e1llalkoz\u00e1sok megl\u00e1togat\u00e1sa (Goodwill Consulting, Cargo Partner Expedi\u0163ii). Kolozsv\u00e1r, 3 nap, j\u00falius.<\/li>\n<li>V\u00e1rosf\u00f6ldrajz: Nagyv\u00e1rad, 3 nap, j\u00falius.<\/li>\n<\/ul>\n<p><strong>\u00c1r:<\/strong> 500 lej (sz\u00e1ll\u00e1s, busz)<\/p>\n<p><strong>Tanulm\u00e1nyi k\u00f6vetelm\u00e9ny:<\/strong> sz\u00f3beli vizsga a terepgyakorlat alatt.<\/p>\n<p><span style=\"color: #993300;\"><strong>N\u00e9v: Turizmus1<\/strong><\/span><\/p>\n<p><strong>K\u00f6telez\u0151:<\/strong> Tur1<\/p>\n<p><strong>Hely:<\/strong> Kolozsv\u00e1r \u00e9s k\u00f6rny\u00e9ke<\/p>\n<p><strong>Id\u0151:<\/strong> 10 nap, kb. 2024. j\u00falius 15\u201325.<\/p>\n<p><strong>Oktat\u00f3:<\/strong> M\u00e1th\u00e9 Andr\u00e1s, Nagy J\u00falia<\/p>\n<p><strong>Tant\u00e1rgyak, t\u00e9mak\u00f6r\u00f6k:<\/strong> \u00c1ltal\u00e1nos turizmus, Statisztika a turizmusban, Kultur\u00e1lis turizmus.<\/p>\n<p><strong>Tev\u00e9kenys\u00e9gek:<\/strong> csoportos feladatok, idegenvezet\u00e9si gyakorlatok, k\u00e9rd\u0151\u00edvez\u00e9s, turisztikai potenci\u00e1lm\u00e9r\u00e9s Kolozsv\u00e1r kulcsfontoss\u00e1g\u00fa turisztikai pontjain\u00e1l, az egyetem \u00e1ltal megjel\u00f6lt c\u00e9gekn\u00e9l val\u00f3 gyakorlatoz\u00e1s (hotelek, turisztikai irod\u00e1k)<\/p>\n<p><strong>\u00c1r:<\/strong> ingyenes<\/p>\n<p><strong>Tanulm\u00e1nyi k\u00f6vetelm\u00e9ny:<\/strong> terepi csoportos feladatok elv\u00e9gz\u00e9se.<\/p>\n<p><span style=\"color: #993300;\"><strong>N\u00e9v: Turizmus2<\/strong><\/span><\/p>\n<p><strong>K\u00f6telez\u0151:<\/strong> Tur2<\/p>\n<p><strong>Hely:<\/strong> Kolozsv\u00e1r \u00e9s k\u00f6rny\u00e9ke<\/p>\n<p><strong>Id\u0151:<\/strong> 10 nap, kb. 2024. j\u00falius 15\u201325.<\/p>\n<p><strong>Oktat\u00f3:<\/strong> M\u00e1th\u00e9 Andr\u00e1s, Nagy J\u00falia<\/p>\n<p><strong>Tant\u00e1rgyak:<\/strong> Szolg\u00e1ltat\u00e1sok a turizmusban, \u00c9p\u00edt\u00e9szet, Idegenvezet\u00e9s, Kult\u00fara \u00e9s civiliz\u00e1ci\u00f3.<\/p>\n<p><strong>Tev\u00e9kenys\u00e9gek:<\/strong> csoportos feladatok, idegenvezet\u00e9si gyakorlatok, k\u00e9rd\u0151\u00edvez\u00e9s, turisztikai potenci\u00e1lm\u00e9r\u00e9s Kolozsv\u00e1r kulcsfontoss\u00e1g\u00fa turisztikai pontjain\u00e1l, az egyetem \u00e1ltal megjel\u00f6lt c\u00e9gekn\u00e9l val\u00f3 gyakorlatoz\u00e1s (hotelek, turisztikai irod\u00e1k)<\/p>\n<p><strong>\u00c1r:<\/strong> Ingyenes<\/p>\n<p><strong>Tanulm\u00e1nyi k\u00f6vetelm\u00e9ny:<\/strong> terepi csoportos feladatok elv\u00e9gz\u00e9se.<\/p>\n<p><span style=\"color: #993300;\"><strong>N\u00e9v: Erasmus internship (turizmus)<\/strong><\/span><\/p>\n<p><strong>V\u00e1laszthat\u00f3:<\/strong> BSc1\u20132, MSc1<\/p>\n<p><strong>Hely:<\/strong> Si\u00f3fok, Az\u00far Hotel<\/p>\n<p><strong>Id\u0151:<\/strong> 2\u20133 h\u00f3nap, 2024. j\u00falius 1 \u2013 szeptember 30.<\/p>\n<p><strong>Oktat\u00f3:<\/strong> M\u00e1th\u00e9 Andr\u00e1s<\/p>\n<p><strong>Tev\u00e9kenys\u00e9g:<\/strong> sz\u00e1llodai szerepk\u00f6r\u00f6k bet\u00f6lt\u00e9se.<\/p>\n<p><strong>Tanulm\u00e1nyi k\u00f6vetelm\u00e9ny:<\/strong> r\u00e9szv\u00e9tel.<\/p>\n","protected":false},"excerpt":{"rendered":"<p>N\u00e9v: Term\u00e9szetf\u00f6ldrajz K\u00f6telez\u0151: F\u00f6ldr1, Terfejl1 Hely: Kolozsv\u00e1r, Kolozs, Torda stb . Id\u0151: 8 nap (F\u00f6ldr1) \/ 6 nap (Terfejl1), kb. 2024. j\u00falius 15\u201321. Oktat\u00f3k: Bart\u00f3k Blanka, Bartos-Elekes Zsombor, Czellecz Bogl\u00e1rka, G\u00e1l Andrea Tant\u00e1rgyak, t\u00e9mak\u00f6r\u00f6k: Geomorfol\u00f3gia, Hidrol\u00f3gia, T\u00e9rk\u00e9p\u00e9szet, Meteorol\u00f3gia \/ V\u00edzgy\u0171jt\u0151-rendez\u00e9s. &hellip; <a class=\"more-link\" href=\"https:\/\/geografie.ubbcluj.ro\/pages\/magyarfoldrajz\/?page_id=2850\">Continue reading <span class=\"meta-nav\">&rarr;<\/span><\/a><\/p>\n","protected":false},"author":2,"featured_media":0,"parent":0,"menu_order":0,"comment_status":"closed","ping_status":"closed","template":"","meta":{"footnotes":""},"_links":{"self":[{"href":"https:\/\/geografie.ubbcluj.ro\/pages\/magyarfoldrajz\/index.php?rest_route=\/wp\/v2\/pages\/2850"}],"collection":[{"href":"https:\/\/geografie.ubbcluj.ro\/pages\/magyarfoldrajz\/index.php?rest_route=\/wp\/v2\/pages"}],"about":[{"href":"https:\/\/geografie.ubbcluj.ro\/pages\/magyarfoldrajz\/index.php?rest_route=\/wp\/v2\/types\/page"}],"author":[{"embeddable":true,"href":"https:\/\/geografie.ubbcluj.ro\/pages\/magyarfoldrajz\/index.php?rest_route=\/wp\/v2\/users\/2"}],"replies":[{"embeddable":true,"href":"https:\/\/geografie.ubbcluj.ro\/pages\/magyarfoldrajz\/index.php?rest_route=%2Fwp%2Fv2%2Fcomments&post=2850"}],"version-history":[{"count":2,"href":"https:\/\/geografie.ubbcluj.ro\/pages\/magyarfoldrajz\/index.php?rest_route=\/wp\/v2\/pages\/2850\/revisions"}],"predecessor-version":[{"id":2853,"href":"https:\/\/geografie.ubbcluj.ro\/pages\/magyarfoldrajz\/index.php?rest_route=\/wp\/v2\/pages\/2850\/revisions\/2853"}],"wp:attachment":[{"href":"https:\/\/geografie.ubbcluj.ro\/pages\/magyarfoldrajz\/index.php?rest_route=%2Fwp%2Fv2%2Fmedia&parent=2850"}],"curies":[{"name":"wp","href":"https:\/\/api.w.org\/{rel}","templated":true}]}}

<p><span style="color: #993300;"><strong>Név: Természetföldrajz</strong></span></p>
<p><strong>Kötelező:</strong> Földr1, Terfejl1</p>
<p><strong>Hely:</strong> Kolozsvár, Kolozs, Torda stb .</p>
<p><strong>Idő:</strong> 8 nap (Földr1) / 6 nap (Terfejl1), kb. 2024. július 15–21.</p>
<p>Oktatók: Bartók Blanka, Bartos-Elekes Zsombor, Czellecz Boglárka, Gál Andrea</p>
<p><strong>Tantárgyak, témakörök:</strong> Geomorfológia, Hidrológia, Térképészet, Meteorológia / Vízgyűjtő-rendezés.</p>
<p><strong>Tevékenységek:</strong></p>
<ul>
<li>Geomorfológia: 2 nap</li>
<li>Hidrológia (és Terfejl1 számára Vízgyűjtő-rendezés): terepi mérések (felszín alatti vizek megfigyelése és vizsgálata, talajvízszint, talajvízminőség, ásványvízminőség), adatfeldolgozás tanteremben (a begyűjtött adatok térképi megjelenítése és értelmezése). Kolozsvár és Kolozs, 2 nap, július.</li>
<li>Térképészet: felmérés, tájékozódás, helyszínelés térképpel, GPS-szel, RTK-val és drónnal. Bükk és Tordai-hasadék, 2 nap, július 19–20.</li>
<li>csak Földr1 számára Meteorológia: 1–2 nap?</li>
</ul>
<p><strong>Ár:</strong> kb. 100 lej (tömegközlekedés)</p>
<p><strong>Tanulmányi követelmény:</strong> terepmunka és adatfeldolgozás után digitálisan beadandó feladat</p>
<p><strong><span style="color: #993300;">Név: Társadalomföldrajz–területfejlesztés </span></strong></p>
<p><strong>Kötelező:</strong> Földr2, Terfejl2</p>
<p><strong>Hely:</strong> Kolozsvár, Nagyvárad</p>
<p><strong>Idő:</strong> 8 nap, kb. 2024. július 15–21.</p>
<p><strong>Oktatók:</strong> Kovács Csaba, Nagy Egon, Török Ibolya.</p>
<p><strong>Tantárgyak, témakörök:</strong> Népesség- és településföldrajz, Területfejlesztés, Városföldrajz Kutatásmódszertan/Társadalmi ankét</p>
<p><strong>Tevékenységek:</strong></p>
<ul>
<li>Társadalomföldrajz: múzeumlátogatás (néprajzi, történelmi, zoológiai, ásványtani stb., botanikus kert). Kolozsvár, 2 nap, kb. július 11–14.</li>
<li>Területfejlesztés, Településföldrajz: területfejlesztési tevékenységekhez kapcsolódó intézmények meglátogatása (Északnyugati Fejlesztési Ügynökség, Civitas Központ, Bálványos Intézet, Emerson), beszélgetés a helyi vezetőkkel megvalósult és jövőbeli projektek eredményességéről; Kolozsvár diffúziójának vizsgálata Kisbács, Szászfenes, Györgyfalva és Ajtony települések esetében (terepbejárás); Kolozsvár vonzáskörzetében működő, szakmai szempontból releváns vállalkozások meglátogatása (Goodwill Consulting, Cargo Partner Expediţii). Kolozsvár, 3 nap, július.</li>
<li>Városföldrajz: Nagyvárad, 3 nap, július.</li>
</ul>
<p><strong>Ár:</strong> 500 lej (szállás, busz)</p>
<p><strong>Tanulmányi követelmény:</strong> szóbeli vizsga a terepgyakorlat alatt.</p>
<p><span style="color: #993300;"><strong>Név: Turizmus1</strong></span></p>
<p><strong>Kötelező:</strong> Tur1</p>
<p><strong>Hely:</strong> Kolozsvár és környéke</p>
<p><strong>Idő:</strong> 10 nap, kb. 2024. július 15–25.</p>
<p><strong>Oktató:</strong> Máthé András, Nagy Júlia</p>
<p><strong>Tantárgyak, témakörök:</strong> Általános turizmus, Statisztika a turizmusban, Kulturális turizmus.</p>
<p><strong>Tevékenységek:</strong> csoportos feladatok, idegenvezetési gyakorlatok, kérdőívezés, turisztikai potenciálmérés Kolozsvár kulcsfontosságú turisztikai pontjainál, az egyetem által megjelölt cégeknél való gyakorlatozás (hotelek, turisztikai irodák)</p>
<p><strong>Ár:</strong> ingyenes</p>
<p><strong>Tanulmányi követelmény:</strong> terepi csoportos feladatok elvégzése.</p>
<p><span style="color: #993300;"><strong>Név: Turizmus2</strong></span></p>
<p><strong>Kötelező:</strong> Tur2</p>
<p><strong>Hely:</strong> Kolozsvár és környéke</p>
<p><strong>Idő:</strong> 10 nap, kb. 2024. július 15–25.</p>
<p><strong>Oktató:</strong> Máthé András, Nagy Júlia</p>
<p><strong>Tantárgyak:</strong> Szolgáltatások a turizmusban, Építészet, Idegenvezetés, Kultúra és civilizáció.</p>
<p><strong>Tevékenységek:</strong> csoportos feladatok, idegenvezetési gyakorlatok, kérdőívezés, turisztikai potenciálmérés Kolozsvár kulcsfontosságú turisztikai pontjainál, az egyetem által megjelölt cégeknél való gyakorlatozás (hotelek, turisztikai irodák)</p>
<p><strong>Ár:</strong> Ingyenes</p>
<p><strong>Tanulmányi követelmény:</strong> terepi csoportos feladatok elvégzése.</p>
<p><span style="color: #993300;"><strong>Név: Erasmus internship (turizmus)</strong></span></p>
<p><strong>Választható:</strong> BSc1–2, MSc1</p>
<p><strong>Hely:</strong> Siófok, Azúr Hotel</p>
<p><strong>Idő:</strong> 2–3 hónap, 2024. július 1 – szeptember 30.</p>
<p><strong>Oktató:</strong> Máthé András</p>
<p><strong>Tevékenység:</strong> szállodai szerepkörök betöltése.</p>
<p><strong>Tanulmányi követelmény:</strong> részvétel.</p>

<p>Név: Természetföldrajz Kötelező: Földr1, Terfejl1 Hely: Kolozsvár, Kolozs, Torda stb . Idő: 8 nap (Földr1) / 6 nap (Terfejl1), kb. 2024. július 15–21. Oktatók: Bartók Blanka, Bartos-Elekes Zsombor, Czellecz Boglárka, Gál Andrea Tantárgyak, témakörök: Geomorfológia, Hidrológia, Térképészet, Meteorológia / Vízgyűjtő-rendezés. &hellip; <a class="more-link" href="https://geografie.ubbcluj.ro/pages/magyarfoldrajz/?page_id=2850">Continue reading <span class="meta-nav">&rarr;</span></a></p>
