{"id":2496,"date":"2021-04-27T19:14:12","date_gmt":"2021-04-27T19:14:12","guid":{"rendered":"http:\/\/geografie.ubbcluj.ro\/pages\/magyarfoldrajz\/?page_id=2496"},"modified":"2021-05-14T11:00:14","modified_gmt":"2021-05-14T11:00:14","slug":"turizmusfoldrajz-szak","status":"publish","type":"page","link":"https:\/\/geografie.ubbcluj.ro\/pages\/magyarfoldrajz\/?page_id=2496","title":{"rendered":"Turizmusf\u00f6ldrajz szak"},"content":{"rendered":"<h3 style=\"text-align: center;\"><strong><em><span style=\"color: #993300;\">Merre vannak a legszebb helyek a F\u00f6ld\u00f6n?\u00a0Beutazn\u00e1d a vil\u00e1got?\u00a0\u00c9rdekel a sz\u00e1llodaipar minden r\u00e9szlete?\u00a0K\u00edv\u00e1ncsi vagy az \u00e9p\u00edt\u00e9szett\u00f6rt\u00e9netre?<\/span><\/em><\/strong><\/h3>\n<p><a href=\"http:\/\/geografie.ubbcluj.ro\/pages\/magyarfoldrajz\/wp-content\/uploads\/2021\/04\/9-turizmus.jpg\"><img loading=\"lazy\" decoding=\"async\" class=\"alignnone size-medium wp-image-2501\" src=\"http:\/\/geografie.ubbcluj.ro\/pages\/magyarfoldrajz\/wp-content\/uploads\/2021\/04\/9-turizmus-214x300.jpg\" alt=\"\" width=\"214\" height=\"300\" srcset=\"https:\/\/geografie.ubbcluj.ro\/pages\/magyarfoldrajz\/wp-content\/uploads\/2021\/04\/9-turizmus-214x300.jpg 214w, https:\/\/geografie.ubbcluj.ro\/pages\/magyarfoldrajz\/wp-content\/uploads\/2021\/04\/9-turizmus-768x1076.jpg 768w, https:\/\/geografie.ubbcluj.ro\/pages\/magyarfoldrajz\/wp-content\/uploads\/2021\/04\/9-turizmus-731x1024.jpg 731w, https:\/\/geografie.ubbcluj.ro\/pages\/magyarfoldrajz\/wp-content\/uploads\/2021\/04\/9-turizmus.jpg 1080w\" sizes=\"(max-width: 214px) 100vw, 214px\" \/><\/a>\u00a0<a href=\"http:\/\/geografie.ubbcluj.ro\/pages\/magyarfoldrajz\/wp-content\/uploads\/2021\/04\/8-TR-monalisa.jpg\"><img loading=\"lazy\" decoding=\"async\" class=\"alignnone size-medium wp-image-2500\" src=\"http:\/\/geografie.ubbcluj.ro\/pages\/magyarfoldrajz\/wp-content\/uploads\/2021\/04\/8-TR-monalisa-214x300.jpg\" alt=\"\" width=\"214\" height=\"300\" srcset=\"https:\/\/geografie.ubbcluj.ro\/pages\/magyarfoldrajz\/wp-content\/uploads\/2021\/04\/8-TR-monalisa-214x300.jpg 214w, https:\/\/geografie.ubbcluj.ro\/pages\/magyarfoldrajz\/wp-content\/uploads\/2021\/04\/8-TR-monalisa-768x1077.jpg 768w, https:\/\/geografie.ubbcluj.ro\/pages\/magyarfoldrajz\/wp-content\/uploads\/2021\/04\/8-TR-monalisa-730x1024.jpg 730w, https:\/\/geografie.ubbcluj.ro\/pages\/magyarfoldrajz\/wp-content\/uploads\/2021\/04\/8-TR-monalisa.jpg 1080w\" sizes=\"(max-width: 214px) 100vw, 214px\" \/><\/a> <a href=\"http:\/\/geografie.ubbcluj.ro\/pages\/magyarfoldrajz\/wp-content\/uploads\/2021\/04\/8-TR-budapest.jpg\"><img loading=\"lazy\" decoding=\"async\" class=\"alignnone size-medium wp-image-2499\" src=\"http:\/\/geografie.ubbcluj.ro\/pages\/magyarfoldrajz\/wp-content\/uploads\/2021\/04\/8-TR-budapest-214x300.jpg\" alt=\"\" width=\"214\" height=\"300\" srcset=\"https:\/\/geografie.ubbcluj.ro\/pages\/magyarfoldrajz\/wp-content\/uploads\/2021\/04\/8-TR-budapest-214x300.jpg 214w, https:\/\/geografie.ubbcluj.ro\/pages\/magyarfoldrajz\/wp-content\/uploads\/2021\/04\/8-TR-budapest-768x1077.jpg 768w, https:\/\/geografie.ubbcluj.ro\/pages\/magyarfoldrajz\/wp-content\/uploads\/2021\/04\/8-TR-budapest-730x1024.jpg 730w, https:\/\/geografie.ubbcluj.ro\/pages\/magyarfoldrajz\/wp-content\/uploads\/2021\/04\/8-TR-budapest.jpg 1080w\" sizes=\"(max-width: 214px) 100vw, 214px\" \/><\/a> <a href=\"http:\/\/geografie.ubbcluj.ro\/pages\/magyarfoldrajz\/wp-content\/uploads\/2021\/04\/3-bsc-turizmusfoldrajz.jpg\"><img loading=\"lazy\" decoding=\"async\" class=\"alignnone size-medium wp-image-2498\" src=\"http:\/\/geografie.ubbcluj.ro\/pages\/magyarfoldrajz\/wp-content\/uploads\/2021\/04\/3-bsc-turizmusfoldrajz-140x300.jpg\" alt=\"\" width=\"140\" height=\"300\" srcset=\"https:\/\/geografie.ubbcluj.ro\/pages\/magyarfoldrajz\/wp-content\/uploads\/2021\/04\/3-bsc-turizmusfoldrajz-140x300.jpg 140w, https:\/\/geografie.ubbcluj.ro\/pages\/magyarfoldrajz\/wp-content\/uploads\/2021\/04\/3-bsc-turizmusfoldrajz-768x1652.jpg 768w, https:\/\/geografie.ubbcluj.ro\/pages\/magyarfoldrajz\/wp-content\/uploads\/2021\/04\/3-bsc-turizmusfoldrajz-476x1024.jpg 476w, https:\/\/geografie.ubbcluj.ro\/pages\/magyarfoldrajz\/wp-content\/uploads\/2021\/04\/3-bsc-turizmusfoldrajz.jpg 1721w\" sizes=\"(max-width: 140px) 100vw, 140px\" \/><\/a><\/p>\n<p><strong><span style=\"color: #000000;\">ALAPINF\u00d3K<\/span><\/strong><\/p>\n<p>Kolozsv\u00e1r \u2022 BBTE \u2022 magyar tagozat \u2022 turizmusf\u00f6ldrajz alapszak (BSc) \u2022 akkredit\u00e1lt \u2022 3 \u00e9ves \u2022 nappali tagozat<\/p>\n<p><strong><span style=\"color: #000000;\">A K\u00c9PZ\u00c9S C\u00c9LJA<\/span><\/strong><\/p>\n<p>A turizmus szak egyetem\u00fcnk egyik legkeresettebb, legn\u00e9pszer\u0171bb szakja, ahol a hallgat\u00f3knak szerte\u00e1gaz\u00f3 f\u00f6ldrajzi \u00e9s k\u00f6zgazdas\u00e1gi ismeretek ny\u00fajtunk a turizmusban val\u00f3 elhelyezked\u00e9s c\u00e9lj\u00e1b\u00f3l.<\/p>\n<p><strong><span style=\"color: #000000;\">T\u00d6RT\u00c9NETE<\/span><\/strong><\/p>\n<p>Karunkon a turizmus k\u00e9pz\u00e9s 1997-ben indult el f\u0151iskolai szinten, \u00fajj\u00e1szervezett BSc form\u00e1ban pedig 2005-ben.<\/p>\n<p><span style=\"color: #000000;\"><strong>F\u0150BB TANT\u00c1RGYAK<\/strong><\/span><\/p>\n<p>Turizmusf\u00f6ldrajz: \u00e1ltal\u00e1nos turizmusf\u00f6ldrajz, domborzat, v\u00edzrajz \u00e9s \u00e9ghajlat turisztikai hasznos\u00edthat\u00f3s\u00e1ga, t\u00e9rk\u00e9pek a turizmusban, turizmus k\u00f6rnyezeti hat\u00e1sai, rom\u00e1niai \u00e9s k\u00fclf\u00f6ldi l\u00e1tv\u00e1nyoss\u00e1gok.<\/p>\n<p>K\u00f6zgazdas\u00e1g, jogtudom\u00e1ny: menedzsment, marketing, p\u00e9nz\u00fcgy, jog, sz\u00e1mvitel.<\/p>\n<p>Turizmus gyakorlata: turisztikai szolg\u00e1ltat\u00e1sok \u00e9s term\u00e9kek, \u00f6koturizmus, faluturizmus.<\/p>\n<p>Egy\u00e9b h\u00e1tt\u00e9rismeretek: \u00e9p\u00edt\u00e9szett\u00f6rt\u00e9net, n\u00e9prajz \u00e9s helyn\u00e9vtan.<\/p>\n<p>A k\u00e9pz\u00e9s kieg\u00e9sz\u00fcl idegennyelv-oktat\u00e1ssal (pl. angol, francia, n\u00e9met, spanyol), lehet\u0151s\u00e9g van tan\u00e1rk\u00e9pes\u00edt\u00e9sre is.<\/p>\n<p>A tanulm\u00e1nyi kir\u00e1ndul\u00e1sok mellett a hallgat\u00f3knak szakmai gyakorlatokra is van lehet\u0151s\u00e9ge sz\u00e1llod\u00e1kban, utaz\u00e1si irod\u00e1kban.<\/p>\n<p><strong><span style=\"color: #000000;\">JELENTKEZ\u0150K<\/span><\/strong><\/p>\n<p>E szakra olyan jelentkez\u0151ket v\u00e1runk, akiket \u00e9rdekel a turizmus sz\u00ednes t\u00edpusainak m\u00e9lyebb megismer\u00e9se, a turizmus m\u0171k\u00f6d\u00e9s\u00e9nek \u00e9s m\u0171k\u00f6dtet\u00e9s\u00e9nek fort\u00e9lyai, nem riad el a turizmus-kutat\u00e1sban haszn\u00e1lt, n\u00e9ha k\u00f6zgazdas\u00e1gi\u2013statisztikai ismereteket is ig\u00e9nyl\u0151 m\u00f3dszerekt\u0151l, de ugyanakkor k\u00edv\u00e1ncsi a turizmus alapj\u00e1t k\u00e9pez\u0151 term\u00e9szeti \u00e9s t\u00e1rsadalmi\u2013\u00e9p\u00edtett k\u00f6rnyezet elemeire, szeretn\u00e9 megismerni haz\u00e1nk, K\u00f6z\u00e9p-Eur\u00f3pa, vagy t\u00e1volabbi t\u00e9rs\u00e9gek egyes l\u00e1tv\u00e1nyoss\u00e1gait.<\/p>\n<p><span style=\"color: #000000;\"><strong>ELHELYEZKED\u00c9SI LEHET\u0150S\u00c9GEK<\/strong><\/span><\/p>\n<p>sz\u00e1lloda, vend\u00e9gl\u00e1t\u00e1s \u2022 utaz\u00e1si iroda, turisztikai \u00fcgyn\u00f6ks\u00e9g, idegenvezet\u0151 \u2022 oktat\u00e1s (f\u00f6ldrajztan\u00e1r) \u2022 \u00f6nkorm\u00e1nyzat, fejleszt\u00e9si hivatal<\/p>\n","protected":false},"excerpt":{"rendered":"<p>Merre vannak a legszebb helyek a F\u00f6ld\u00f6n?\u00a0Beutazn\u00e1d a vil\u00e1got?\u00a0\u00c9rdekel a sz\u00e1llodaipar minden r\u00e9szlete?\u00a0K\u00edv\u00e1ncsi vagy az \u00e9p\u00edt\u00e9szett\u00f6rt\u00e9netre? \u00a0 ALAPINF\u00d3K Kolozsv\u00e1r \u2022 BBTE \u2022 magyar tagozat \u2022 turizmusf\u00f6ldrajz alapszak (BSc) \u2022 akkredit\u00e1lt \u2022 3 \u00e9ves \u2022 nappali tagozat A K\u00c9PZ\u00c9S C\u00c9LJA A &hellip; <a class=\"more-link\" href=\"https:\/\/geografie.ubbcluj.ro\/pages\/magyarfoldrajz\/?page_id=2496\">Continue reading <span class=\"meta-nav\">&rarr;<\/span><\/a><\/p>\n","protected":false},"author":2,"featured_media":0,"parent":0,"menu_order":0,"comment_status":"closed","ping_status":"closed","template":"","meta":{"footnotes":""},"_links":{"self":[{"href":"https:\/\/geografie.ubbcluj.ro\/pages\/magyarfoldrajz\/index.php?rest_route=\/wp\/v2\/pages\/2496"}],"collection":[{"href":"https:\/\/geografie.ubbcluj.ro\/pages\/magyarfoldrajz\/index.php?rest_route=\/wp\/v2\/pages"}],"about":[{"href":"https:\/\/geografie.ubbcluj.ro\/pages\/magyarfoldrajz\/index.php?rest_route=\/wp\/v2\/types\/page"}],"author":[{"embeddable":true,"href":"https:\/\/geografie.ubbcluj.ro\/pages\/magyarfoldrajz\/index.php?rest_route=\/wp\/v2\/users\/2"}],"replies":[{"embeddable":true,"href":"https:\/\/geografie.ubbcluj.ro\/pages\/magyarfoldrajz\/index.php?rest_route=%2Fwp%2Fv2%2Fcomments&post=2496"}],"version-history":[{"count":3,"href":"https:\/\/geografie.ubbcluj.ro\/pages\/magyarfoldrajz\/index.php?rest_route=\/wp\/v2\/pages\/2496\/revisions"}],"predecessor-version":[{"id":2568,"href":"https:\/\/geografie.ubbcluj.ro\/pages\/magyarfoldrajz\/index.php?rest_route=\/wp\/v2\/pages\/2496\/revisions\/2568"}],"wp:attachment":[{"href":"https:\/\/geografie.ubbcluj.ro\/pages\/magyarfoldrajz\/index.php?rest_route=%2Fwp%2Fv2%2Fmedia&parent=2496"}],"curies":[{"name":"wp","href":"https:\/\/api.w.org\/{rel}","templated":true}]}}

Turizmusföldrajz szak

<h3 style="text-align: center;"><strong><em><span style="color: #993300;">Merre vannak a legszebb helyek a Földön? Beutaznád a világot? Érdekel a szállodaipar minden részlete? Kíváncsi vagy az építészettörténetre?</span></em></strong></h3>
<p><a href="http://geografie.ubbcluj.ro/pages/magyarfoldrajz/wp-content/uploads/2021/04/9-turizmus.jpg"><img loading="lazy" decoding="async" class="alignnone size-medium wp-image-2501" src="http://geografie.ubbcluj.ro/pages/magyarfoldrajz/wp-content/uploads/2021/04/9-turizmus-214x300.jpg" alt="" width="214" height="300" srcset="https://geografie.ubbcluj.ro/pages/magyarfoldrajz/wp-content/uploads/2021/04/9-turizmus-214x300.jpg 214w, https://geografie.ubbcluj.ro/pages/magyarfoldrajz/wp-content/uploads/2021/04/9-turizmus-768x1076.jpg 768w, https://geografie.ubbcluj.ro/pages/magyarfoldrajz/wp-content/uploads/2021/04/9-turizmus-731x1024.jpg 731w, https://geografie.ubbcluj.ro/pages/magyarfoldrajz/wp-content/uploads/2021/04/9-turizmus.jpg 1080w" sizes="(max-width: 214px) 100vw, 214px" /></a> <a href="http://geografie.ubbcluj.ro/pages/magyarfoldrajz/wp-content/uploads/2021/04/8-TR-monalisa.jpg"><img loading="lazy" decoding="async" class="alignnone size-medium wp-image-2500" src="http://geografie.ubbcluj.ro/pages/magyarfoldrajz/wp-content/uploads/2021/04/8-TR-monalisa-214x300.jpg" alt="" width="214" height="300" srcset="https://geografie.ubbcluj.ro/pages/magyarfoldrajz/wp-content/uploads/2021/04/8-TR-monalisa-214x300.jpg 214w, https://geografie.ubbcluj.ro/pages/magyarfoldrajz/wp-content/uploads/2021/04/8-TR-monalisa-768x1077.jpg 768w, https://geografie.ubbcluj.ro/pages/magyarfoldrajz/wp-content/uploads/2021/04/8-TR-monalisa-730x1024.jpg 730w, https://geografie.ubbcluj.ro/pages/magyarfoldrajz/wp-content/uploads/2021/04/8-TR-monalisa.jpg 1080w" sizes="(max-width: 214px) 100vw, 214px" /></a> <a href="http://geografie.ubbcluj.ro/pages/magyarfoldrajz/wp-content/uploads/2021/04/8-TR-budapest.jpg"><img loading="lazy" decoding="async" class="alignnone size-medium wp-image-2499" src="http://geografie.ubbcluj.ro/pages/magyarfoldrajz/wp-content/uploads/2021/04/8-TR-budapest-214x300.jpg" alt="" width="214" height="300" srcset="https://geografie.ubbcluj.ro/pages/magyarfoldrajz/wp-content/uploads/2021/04/8-TR-budapest-214x300.jpg 214w, https://geografie.ubbcluj.ro/pages/magyarfoldrajz/wp-content/uploads/2021/04/8-TR-budapest-768x1077.jpg 768w, https://geografie.ubbcluj.ro/pages/magyarfoldrajz/wp-content/uploads/2021/04/8-TR-budapest-730x1024.jpg 730w, https://geografie.ubbcluj.ro/pages/magyarfoldrajz/wp-content/uploads/2021/04/8-TR-budapest.jpg 1080w" sizes="(max-width: 214px) 100vw, 214px" /></a> <a href="http://geografie.ubbcluj.ro/pages/magyarfoldrajz/wp-content/uploads/2021/04/3-bsc-turizmusfoldrajz.jpg"><img loading="lazy" decoding="async" class="alignnone size-medium wp-image-2498" src="http://geografie.ubbcluj.ro/pages/magyarfoldrajz/wp-content/uploads/2021/04/3-bsc-turizmusfoldrajz-140x300.jpg" alt="" width="140" height="300" srcset="https://geografie.ubbcluj.ro/pages/magyarfoldrajz/wp-content/uploads/2021/04/3-bsc-turizmusfoldrajz-140x300.jpg 140w, https://geografie.ubbcluj.ro/pages/magyarfoldrajz/wp-content/uploads/2021/04/3-bsc-turizmusfoldrajz-768x1652.jpg 768w, https://geografie.ubbcluj.ro/pages/magyarfoldrajz/wp-content/uploads/2021/04/3-bsc-turizmusfoldrajz-476x1024.jpg 476w, https://geografie.ubbcluj.ro/pages/magyarfoldrajz/wp-content/uploads/2021/04/3-bsc-turizmusfoldrajz.jpg 1721w" sizes="(max-width: 140px) 100vw, 140px" /></a></p>
<p><strong><span style="color: #000000;">ALAPINFÓK</span></strong></p>
<p>Kolozsvár • BBTE • magyar tagozat • turizmusföldrajz alapszak (BSc) • akkreditált • 3 éves • nappali tagozat</p>
<p><strong><span style="color: #000000;">A KÉPZÉS CÉLJA</span></strong></p>
<p>A turizmus szak egyetemünk egyik legkeresettebb, legnépszerűbb szakja, ahol a hallgatóknak szerteágazó földrajzi és közgazdasági ismeretek nyújtunk a turizmusban való elhelyezkedés céljából.</p>
<p><strong><span style="color: #000000;">TÖRTÉNETE</span></strong></p>
<p>Karunkon a turizmus képzés 1997-ben indult el főiskolai szinten, újjászervezett BSc formában pedig 2005-ben.</p>
<p><span style="color: #000000;"><strong>FŐBB TANTÁRGYAK</strong></span></p>
<p>Turizmusföldrajz: általános turizmusföldrajz, domborzat, vízrajz és éghajlat turisztikai hasznosíthatósága, térképek a turizmusban, turizmus környezeti hatásai, romániai és külföldi látványosságok.</p>
<p>Közgazdaság, jogtudomány: menedzsment, marketing, pénzügy, jog, számvitel.</p>
<p>Turizmus gyakorlata: turisztikai szolgáltatások és termékek, ökoturizmus, faluturizmus.</p>
<p>Egyéb háttérismeretek: építészettörténet, néprajz és helynévtan.</p>
<p>A képzés kiegészül idegennyelv-oktatással (pl. angol, francia, német, spanyol), lehetőség van tanárképesítésre is.</p>
<p>A tanulmányi kirándulások mellett a hallgatóknak szakmai gyakorlatokra is van lehetősége szállodákban, utazási irodákban.</p>
<p><strong><span style="color: #000000;">JELENTKEZŐK</span></strong></p>
<p>E szakra olyan jelentkezőket várunk, akiket érdekel a turizmus színes típusainak mélyebb megismerése, a turizmus működésének és működtetésének fortélyai, nem riad el a turizmus-kutatásban használt, néha közgazdasági–statisztikai ismereteket is igénylő módszerektől, de ugyanakkor kíváncsi a turizmus alapját képező természeti és társadalmi–épített környezet elemeire, szeretné megismerni hazánk, Közép-Európa, vagy távolabbi térségek egyes látványosságait.</p>
<p><span style="color: #000000;"><strong>ELHELYEZKEDÉSI LEHETŐSÉGEK</strong></span></p>
<p>szálloda, vendéglátás • utazási iroda, turisztikai ügynökség, idegenvezető • oktatás (földrajztanár) • önkormányzat, fejlesztési hivatal</p>

<p>Merre vannak a legszebb helyek a Földön? Beutaznád a világot? Érdekel a szállodaipar minden részlete? Kíváncsi vagy az építészettörténetre?   ALAPINFÓK Kolozsvár • BBTE • magyar tagozat • turizmusföldrajz alapszak (BSc) • akkreditált • 3 éves • nappali tagozat A KÉPZÉS CÉLJA A &hellip; <a class="more-link" href="https://geografie.ubbcluj.ro/pages/magyarfoldrajz/?page_id=2496">Continue reading <span class="meta-nav">&rarr;</span></a></p>
