{"id":2463,"date":"2021-04-27T17:57:33","date_gmt":"2021-04-27T17:57:33","guid":{"rendered":"http:\/\/geografie.ubbcluj.ro\/pages\/magyarfoldrajz\/?page_id=2463"},"modified":"2021-04-27T18:21:30","modified_gmt":"2021-04-27T18:21:30","slug":"foldrajz-szak","status":"publish","type":"page","link":"https:\/\/geografie.ubbcluj.ro\/pages\/magyarfoldrajz\/?page_id=2463","title":{"rendered":"F\u00f6ldrajz szak"},"content":{"rendered":"<h3 style=\"text-align: center;\"><strong><em><span style=\"color: #993300;\">Szeretsz t\u00far\u00e1zni, kir\u00e1ndulni? <\/span><\/em><\/strong><strong><em><span style=\"color: #993300;\">Meg akarod \u00e9rteni az id\u0151j\u00e1r\u00e1s m\u0171k\u00f6d\u00e9s\u00e9t? <\/span><\/em><\/strong><strong><em><span style=\"color: #993300;\">Jobban t\u00e1j\u00e9koz\u00f3dn\u00e1l t\u00e9rk\u00e9ppel, n\u00e9lk\u00fcle?\u00a0<\/span><\/em><\/strong><strong><em><span style=\"color: #993300;\">Megismern\u00e9d a vil\u00e1g kult\u00far\u00e1it?\u00a0<\/span><\/em><\/strong><strong><em><span style=\"color: #993300;\">Milyen a vil\u00e1g gazdas\u00e1gi, politikai m\u0171k\u00f6d\u00e9se?\u00a0<\/span><\/em><\/strong><\/h3>\n<p><a href=\"http:\/\/geografie.ubbcluj.ro\/pages\/magyarfoldrajz\/wp-content\/uploads\/2021\/04\/9-foldrajz.jpg\"><img loading=\"lazy\" decoding=\"async\" class=\"size-medium wp-image-2470 alignnone\" src=\"http:\/\/geografie.ubbcluj.ro\/pages\/magyarfoldrajz\/wp-content\/uploads\/2021\/04\/9-foldrajz-214x300.jpg\" alt=\"\" width=\"214\" height=\"300\" srcset=\"https:\/\/geografie.ubbcluj.ro\/pages\/magyarfoldrajz\/wp-content\/uploads\/2021\/04\/9-foldrajz-214x300.jpg 214w, https:\/\/geografie.ubbcluj.ro\/pages\/magyarfoldrajz\/wp-content\/uploads\/2021\/04\/9-foldrajz-768x1077.jpg 768w, https:\/\/geografie.ubbcluj.ro\/pages\/magyarfoldrajz\/wp-content\/uploads\/2021\/04\/9-foldrajz-730x1024.jpg 730w, https:\/\/geografie.ubbcluj.ro\/pages\/magyarfoldrajz\/wp-content\/uploads\/2021\/04\/9-foldrajz.jpg 1080w\" sizes=\"(max-width: 214px) 100vw, 214px\" \/><\/a><a href=\"http:\/\/geografie.ubbcluj.ro\/pages\/magyarfoldrajz\/wp-content\/uploads\/2021\/04\/6-FR-montblanc.jpg\"><img loading=\"lazy\" decoding=\"async\" class=\"alignnone size-medium wp-image-2469\" src=\"http:\/\/geografie.ubbcluj.ro\/pages\/magyarfoldrajz\/wp-content\/uploads\/2021\/04\/6-FR-montblanc-214x300.jpg\" alt=\"\" width=\"214\" height=\"300\" srcset=\"https:\/\/geografie.ubbcluj.ro\/pages\/magyarfoldrajz\/wp-content\/uploads\/2021\/04\/6-FR-montblanc-214x300.jpg 214w, https:\/\/geografie.ubbcluj.ro\/pages\/magyarfoldrajz\/wp-content\/uploads\/2021\/04\/6-FR-montblanc-768x1077.jpg 768w, https:\/\/geografie.ubbcluj.ro\/pages\/magyarfoldrajz\/wp-content\/uploads\/2021\/04\/6-FR-montblanc-730x1024.jpg 730w, https:\/\/geografie.ubbcluj.ro\/pages\/magyarfoldrajz\/wp-content\/uploads\/2021\/04\/6-FR-montblanc.jpg 1080w\" sizes=\"(max-width: 214px) 100vw, 214px\" \/><\/a><a href=\"http:\/\/geografie.ubbcluj.ro\/pages\/magyarfoldrajz\/wp-content\/uploads\/2021\/04\/6-FR-gyilkosto.jpg\"><img loading=\"lazy\" decoding=\"async\" class=\"alignnone size-medium wp-image-2468\" src=\"http:\/\/geografie.ubbcluj.ro\/pages\/magyarfoldrajz\/wp-content\/uploads\/2021\/04\/6-FR-gyilkosto-214x300.jpg\" alt=\"\" width=\"214\" height=\"300\" srcset=\"https:\/\/geografie.ubbcluj.ro\/pages\/magyarfoldrajz\/wp-content\/uploads\/2021\/04\/6-FR-gyilkosto-214x300.jpg 214w, https:\/\/geografie.ubbcluj.ro\/pages\/magyarfoldrajz\/wp-content\/uploads\/2021\/04\/6-FR-gyilkosto-768x1077.jpg 768w, https:\/\/geografie.ubbcluj.ro\/pages\/magyarfoldrajz\/wp-content\/uploads\/2021\/04\/6-FR-gyilkosto-730x1024.jpg 730w, https:\/\/geografie.ubbcluj.ro\/pages\/magyarfoldrajz\/wp-content\/uploads\/2021\/04\/6-FR-gyilkosto.jpg 1080w\" sizes=\"(max-width: 214px) 100vw, 214px\" \/><\/a><a href=\"http:\/\/geografie.ubbcluj.ro\/pages\/magyarfoldrajz\/wp-content\/uploads\/2021\/04\/3-bsc-foldrajz.jpg\"><img loading=\"lazy\" decoding=\"async\" class=\"alignnone size-medium wp-image-2467\" src=\"http:\/\/geografie.ubbcluj.ro\/pages\/magyarfoldrajz\/wp-content\/uploads\/2021\/04\/3-bsc-foldrajz-139x300.jpg\" alt=\"\" width=\"139\" height=\"300\" srcset=\"https:\/\/geografie.ubbcluj.ro\/pages\/magyarfoldrajz\/wp-content\/uploads\/2021\/04\/3-bsc-foldrajz-139x300.jpg 139w, https:\/\/geografie.ubbcluj.ro\/pages\/magyarfoldrajz\/wp-content\/uploads\/2021\/04\/3-bsc-foldrajz-768x1652.jpg 768w, https:\/\/geografie.ubbcluj.ro\/pages\/magyarfoldrajz\/wp-content\/uploads\/2021\/04\/3-bsc-foldrajz-476x1024.jpg 476w, https:\/\/geografie.ubbcluj.ro\/pages\/magyarfoldrajz\/wp-content\/uploads\/2021\/04\/3-bsc-foldrajz.jpg 1721w\" sizes=\"(max-width: 139px) 100vw, 139px\" \/><\/a><\/p>\n<p><strong><span style=\"color: #000000;\">ALAPINF\u00d3K\u00a0<\/span><\/strong><\/p>\n<p>Kolozsv\u00e1r \u2022 BBTE \u2022 magyar tagozat \u2022 f\u00f6ldrajz alapszak (BSc) \u2022 akkredit\u00e1lt \u2022 3 \u00e9ves \u2022 nappali tagozat<\/p>\n<p><strong><span style=\"color: #000000;\">A K\u00c9PZ\u00c9S C\u00c9LJA<\/span><\/strong><\/p>\n<p>A f\u00f6ldrajz szak hallgat\u00f3inak term\u00e9szet-, t\u00e1rsadalom-, gazdas\u00e1g- \u00e9s k\u00f6rnyezetf\u00f6ldrajzi ismereteket adunk \u00e1t sz\u0171kebb, illetve t\u00e1gabb f\u00f6ldrajzi k\u00f6rnyezet\u00fcnk rendszereir\u0151l \u00e9s t\u00e9rbeli folyamatair\u00f3l. A megfelel\u0151 elm\u00e9leti \u00e9s m\u00f3dszertani alapokkal k\u00e9pesek tud\u00e1sukat gyakorlatban is alkalmazni a v\u00e1ltozatos f\u00f6ldrajzi t\u00e9rrel kapcsolatos b\u00e1rmely ter\u00fcleten.<\/p>\n<p><strong><span style=\"color: #000000;\">T\u00d6RT\u00c9NETE<\/span><\/strong><\/p>\n<p>A szaknak komoly hagyom\u00e1nyai vannak, az ut\u00f3bbi m\u00e1sf\u00e9lsz\u00e1z \u00e9vben Kolozsv\u00e1ron tan\u00edtottak a magyar f\u00f6ldrajztudom\u00e1ny neves egy\u00e9nis\u00e9gei, pl. Cholnoky Jen\u0151 vagy Prinz Gyula. P\u00e1r \u00e9vtizedes k\u00e9nyszersz\u00fcnet ut\u00e1n, a szakot 1993-ban ind\u00edtottuk \u00fajra.<\/p>\n<p><strong><span style=\"color: #000000;\">F\u0150BB TANT\u00c1RGYAK<\/span><\/strong><\/p>\n<p>Term\u00e9szetf\u00f6ldrajz: k\u00f6rnyezet\u00fcnk bels\u0151- \u00e9s a k\u00fcls\u0151 er\u0151i, az \u00e9l\u0151vil\u00e1g, a talaj f\u00f6ldrajzi vizsg\u00e1lata, f\u00f6ldrajzi kock\u00e1zati jelens\u00e9gek, a felsz\u00edn formakincse.<\/p>\n<p>T\u00e1rsadalomf\u00f6ldrajz: n\u00e9pess\u00e9g, telep\u00fcl\u00e9s, gazdas\u00e1g, turizmus f\u00f6ldrajzi jelens\u00e9gei.<\/p>\n<p>Region\u00e1lis f\u00f6ldrajz: Rom\u00e1nia \u00e9s az Eur\u00f3pai Uni\u00f3 f\u00f6ldrajza, a t\u00f6bbi kontinens, ter\u00fcletfejleszt\u00e9s.<\/p>\n<p>F\u00f6ldtudom\u00e1nyok: geol\u00f3gia, meteorol\u00f3gia, hidrol\u00f3gia, t\u00e9rk\u00e9p\u00e9szet, t\u00e9rinformatika, t\u00e1v\u00e9rz\u00e9kel\u00e9s.<\/p>\n<p>A k\u00e9pz\u00e9s kieg\u00e9sz\u00fcl idegennyelv-oktat\u00e1ssal (pl. angol, francia, n\u00e9met, spanyol) \u00e9s a tan\u00e1rk\u00e9pes\u00edt\u00e9shez sz\u00fcks\u00e9ges t\u00e1rgyakkal (pl. pedag\u00f3gia).<\/p>\n<p><strong><span style=\"color: #000000;\">JELENTKEZ\u0150K<\/span><\/strong><\/p>\n<p>E szakra olyan jelentkez\u0151ket v\u00e1runk, akiket \u00e9rdekel a k\u00f6rnyezet term\u00e9szeti \u00e9s ember \u00e1ltal alkotott elemeinek ismerete, akik nyitottak arra, hogy \u00e1tfog\u00f3 k\u00e9pet alkossanak azokr\u00f3l a gazdas\u00e1gi, t\u00e1rsadalmi \u00e9s term\u00e9szeti folyamatokr\u00f3l, amelyek \u00e9let\u00fcnket ir\u00e1ny\u00edtj\u00e1k, akik szeretn\u00e9nek izgalmas, hazai \u00e9s k\u00fclf\u00f6ldi terepgyakorlatokon r\u00e9szt venni.<\/p>\n<p><strong><span style=\"color: #000000;\">ELHELYEZKED\u00c9SI LEHET\u0150S\u00c9GEK<\/span><\/strong><\/p>\n<p>oktat\u00e1s (f\u00f6ldrajztan\u00e1r) \u2022\u00a0 korm\u00e1nyzati szervek \u00e9s kirendelts\u00e9gek (v\u00edz\u00fcgy, \u00e1sv\u00e1nyv\u00edz-igazgat\u00f3s\u00e1g, k\u00f6rnyezetv\u00e9delem, meteorol\u00f3gia) \u2022\u00a0 mag\u00e1nc\u00e9gek (t\u00e9rk\u00e9p\u00e9sz, t\u00e9rinformatikus, utaz\u00e1s-szervez\u0151, logisztika) \u2022 k\u00f6zigazgat\u00e1s (ter\u00fcletfejleszt\u00e9s)<\/p>\n","protected":false},"excerpt":{"rendered":"<p>Szeretsz t\u00far\u00e1zni, kir\u00e1ndulni? Meg akarod \u00e9rteni az id\u0151j\u00e1r\u00e1s m\u0171k\u00f6d\u00e9s\u00e9t? Jobban t\u00e1j\u00e9koz\u00f3dn\u00e1l t\u00e9rk\u00e9ppel, n\u00e9lk\u00fcle?\u00a0Megismern\u00e9d a vil\u00e1g kult\u00far\u00e1it?\u00a0Milyen a vil\u00e1g gazdas\u00e1gi, politikai m\u0171k\u00f6d\u00e9se?\u00a0 ALAPINF\u00d3K\u00a0 Kolozsv\u00e1r \u2022 BBTE \u2022 magyar tagozat \u2022 f\u00f6ldrajz alapszak (BSc) \u2022 akkredit\u00e1lt \u2022 3 \u00e9ves \u2022 nappali tagozat &hellip; <a class=\"more-link\" href=\"https:\/\/geografie.ubbcluj.ro\/pages\/magyarfoldrajz\/?page_id=2463\">Continue reading <span class=\"meta-nav\">&rarr;<\/span><\/a><\/p>\n","protected":false},"author":2,"featured_media":0,"parent":0,"menu_order":0,"comment_status":"closed","ping_status":"closed","template":"","meta":{"footnotes":""},"_links":{"self":[{"href":"https:\/\/geografie.ubbcluj.ro\/pages\/magyarfoldrajz\/index.php?rest_route=\/wp\/v2\/pages\/2463"}],"collection":[{"href":"https:\/\/geografie.ubbcluj.ro\/pages\/magyarfoldrajz\/index.php?rest_route=\/wp\/v2\/pages"}],"about":[{"href":"https:\/\/geografie.ubbcluj.ro\/pages\/magyarfoldrajz\/index.php?rest_route=\/wp\/v2\/types\/page"}],"author":[{"embeddable":true,"href":"https:\/\/geografie.ubbcluj.ro\/pages\/magyarfoldrajz\/index.php?rest_route=\/wp\/v2\/users\/2"}],"replies":[{"embeddable":true,"href":"https:\/\/geografie.ubbcluj.ro\/pages\/magyarfoldrajz\/index.php?rest_route=%2Fwp%2Fv2%2Fcomments&post=2463"}],"version-history":[{"count":14,"href":"https:\/\/geografie.ubbcluj.ro\/pages\/magyarfoldrajz\/index.php?rest_route=\/wp\/v2\/pages\/2463\/revisions"}],"predecessor-version":[{"id":2484,"href":"https:\/\/geografie.ubbcluj.ro\/pages\/magyarfoldrajz\/index.php?rest_route=\/wp\/v2\/pages\/2463\/revisions\/2484"}],"wp:attachment":[{"href":"https:\/\/geografie.ubbcluj.ro\/pages\/magyarfoldrajz\/index.php?rest_route=%2Fwp%2Fv2%2Fmedia&parent=2463"}],"curies":[{"name":"wp","href":"https:\/\/api.w.org\/{rel}","templated":true}]}}

Földrajz szak

<h3 style="text-align: center;"><strong><em><span style="color: #993300;">Szeretsz túrázni, kirándulni? </span></em></strong><strong><em><span style="color: #993300;">Meg akarod érteni az időjárás működését? </span></em></strong><strong><em><span style="color: #993300;">Jobban tájékozódnál térképpel, nélküle? </span></em></strong><strong><em><span style="color: #993300;">Megismernéd a világ kultúráit? </span></em></strong><strong><em><span style="color: #993300;">Milyen a világ gazdasági, politikai működése? </span></em></strong></h3>
<p><a href="http://geografie.ubbcluj.ro/pages/magyarfoldrajz/wp-content/uploads/2021/04/9-foldrajz.jpg"><img loading="lazy" decoding="async" class="size-medium wp-image-2470 alignnone" src="http://geografie.ubbcluj.ro/pages/magyarfoldrajz/wp-content/uploads/2021/04/9-foldrajz-214x300.jpg" alt="" width="214" height="300" srcset="https://geografie.ubbcluj.ro/pages/magyarfoldrajz/wp-content/uploads/2021/04/9-foldrajz-214x300.jpg 214w, https://geografie.ubbcluj.ro/pages/magyarfoldrajz/wp-content/uploads/2021/04/9-foldrajz-768x1077.jpg 768w, https://geografie.ubbcluj.ro/pages/magyarfoldrajz/wp-content/uploads/2021/04/9-foldrajz-730x1024.jpg 730w, https://geografie.ubbcluj.ro/pages/magyarfoldrajz/wp-content/uploads/2021/04/9-foldrajz.jpg 1080w" sizes="(max-width: 214px) 100vw, 214px" /></a><a href="http://geografie.ubbcluj.ro/pages/magyarfoldrajz/wp-content/uploads/2021/04/6-FR-montblanc.jpg"><img loading="lazy" decoding="async" class="alignnone size-medium wp-image-2469" src="http://geografie.ubbcluj.ro/pages/magyarfoldrajz/wp-content/uploads/2021/04/6-FR-montblanc-214x300.jpg" alt="" width="214" height="300" srcset="https://geografie.ubbcluj.ro/pages/magyarfoldrajz/wp-content/uploads/2021/04/6-FR-montblanc-214x300.jpg 214w, https://geografie.ubbcluj.ro/pages/magyarfoldrajz/wp-content/uploads/2021/04/6-FR-montblanc-768x1077.jpg 768w, https://geografie.ubbcluj.ro/pages/magyarfoldrajz/wp-content/uploads/2021/04/6-FR-montblanc-730x1024.jpg 730w, https://geografie.ubbcluj.ro/pages/magyarfoldrajz/wp-content/uploads/2021/04/6-FR-montblanc.jpg 1080w" sizes="(max-width: 214px) 100vw, 214px" /></a><a href="http://geografie.ubbcluj.ro/pages/magyarfoldrajz/wp-content/uploads/2021/04/6-FR-gyilkosto.jpg"><img loading="lazy" decoding="async" class="alignnone size-medium wp-image-2468" src="http://geografie.ubbcluj.ro/pages/magyarfoldrajz/wp-content/uploads/2021/04/6-FR-gyilkosto-214x300.jpg" alt="" width="214" height="300" srcset="https://geografie.ubbcluj.ro/pages/magyarfoldrajz/wp-content/uploads/2021/04/6-FR-gyilkosto-214x300.jpg 214w, https://geografie.ubbcluj.ro/pages/magyarfoldrajz/wp-content/uploads/2021/04/6-FR-gyilkosto-768x1077.jpg 768w, https://geografie.ubbcluj.ro/pages/magyarfoldrajz/wp-content/uploads/2021/04/6-FR-gyilkosto-730x1024.jpg 730w, https://geografie.ubbcluj.ro/pages/magyarfoldrajz/wp-content/uploads/2021/04/6-FR-gyilkosto.jpg 1080w" sizes="(max-width: 214px) 100vw, 214px" /></a><a href="http://geografie.ubbcluj.ro/pages/magyarfoldrajz/wp-content/uploads/2021/04/3-bsc-foldrajz.jpg"><img loading="lazy" decoding="async" class="alignnone size-medium wp-image-2467" src="http://geografie.ubbcluj.ro/pages/magyarfoldrajz/wp-content/uploads/2021/04/3-bsc-foldrajz-139x300.jpg" alt="" width="139" height="300" srcset="https://geografie.ubbcluj.ro/pages/magyarfoldrajz/wp-content/uploads/2021/04/3-bsc-foldrajz-139x300.jpg 139w, https://geografie.ubbcluj.ro/pages/magyarfoldrajz/wp-content/uploads/2021/04/3-bsc-foldrajz-768x1652.jpg 768w, https://geografie.ubbcluj.ro/pages/magyarfoldrajz/wp-content/uploads/2021/04/3-bsc-foldrajz-476x1024.jpg 476w, https://geografie.ubbcluj.ro/pages/magyarfoldrajz/wp-content/uploads/2021/04/3-bsc-foldrajz.jpg 1721w" sizes="(max-width: 139px) 100vw, 139px" /></a></p>
<p><strong><span style="color: #000000;">ALAPINFÓK </span></strong></p>
<p>Kolozsvár • BBTE • magyar tagozat • földrajz alapszak (BSc) • akkreditált • 3 éves • nappali tagozat</p>
<p><strong><span style="color: #000000;">A KÉPZÉS CÉLJA</span></strong></p>
<p>A földrajz szak hallgatóinak természet-, társadalom-, gazdaság- és környezetföldrajzi ismereteket adunk át szűkebb, illetve tágabb földrajzi környezetünk rendszereiről és térbeli folyamatairól. A megfelelő elméleti és módszertani alapokkal képesek tudásukat gyakorlatban is alkalmazni a változatos földrajzi térrel kapcsolatos bármely területen.</p>
<p><strong><span style="color: #000000;">TÖRTÉNETE</span></strong></p>
<p>A szaknak komoly hagyományai vannak, az utóbbi másfélszáz évben Kolozsváron tanítottak a magyar földrajztudomány neves egyéniségei, pl. Cholnoky Jenő vagy Prinz Gyula. Pár évtizedes kényszerszünet után, a szakot 1993-ban indítottuk újra.</p>
<p><strong><span style="color: #000000;">FŐBB TANTÁRGYAK</span></strong></p>
<p>Természetföldrajz: környezetünk belső- és a külső erői, az élővilág, a talaj földrajzi vizsgálata, földrajzi kockázati jelenségek, a felszín formakincse.</p>
<p>Társadalomföldrajz: népesség, település, gazdaság, turizmus földrajzi jelenségei.</p>
<p>Regionális földrajz: Románia és az Európai Unió földrajza, a többi kontinens, területfejlesztés.</p>
<p>Földtudományok: geológia, meteorológia, hidrológia, térképészet, térinformatika, távérzékelés.</p>
<p>A képzés kiegészül idegennyelv-oktatással (pl. angol, francia, német, spanyol) és a tanárképesítéshez szükséges tárgyakkal (pl. pedagógia).</p>
<p><strong><span style="color: #000000;">JELENTKEZŐK</span></strong></p>
<p>E szakra olyan jelentkezőket várunk, akiket érdekel a környezet természeti és ember által alkotott elemeinek ismerete, akik nyitottak arra, hogy átfogó képet alkossanak azokról a gazdasági, társadalmi és természeti folyamatokról, amelyek életünket irányítják, akik szeretnének izgalmas, hazai és külföldi terepgyakorlatokon részt venni.</p>
<p><strong><span style="color: #000000;">ELHELYEZKEDÉSI LEHETŐSÉGEK</span></strong></p>
<p>oktatás (földrajztanár) •  kormányzati szervek és kirendeltségek (vízügy, ásványvíz-igazgatóság, környezetvédelem, meteorológia) •  magáncégek (térképész, térinformatikus, utazás-szervező, logisztika) • közigazgatás (területfejlesztés)</p>

<p>Szeretsz túrázni, kirándulni? Meg akarod érteni az időjárás működését? Jobban tájékozódnál térképpel, nélküle? Megismernéd a világ kultúráit? Milyen a világ gazdasági, politikai működése?  ALAPINFÓK  Kolozsvár • BBTE • magyar tagozat • földrajz alapszak (BSc) • akkreditált • 3 éves • nappali tagozat &hellip; <a class="more-link" href="https://geografie.ubbcluj.ro/pages/magyarfoldrajz/?page_id=2463">Continue reading <span class="meta-nav">&rarr;</span></a></p>
