{"id":2188,"date":"2019-12-15T19:39:58","date_gmt":"2019-12-15T19:39:58","guid":{"rendered":"http:\/\/geografie.ubbcluj.ro\/pages\/magyarfoldrajz\/?page_id=2188"},"modified":"2019-12-15T20:02:28","modified_gmt":"2019-12-15T20:02:28","slug":"szakmai-gyakorlat-2020","status":"publish","type":"page","link":"https:\/\/geografie.ubbcluj.ro\/pages\/magyarfoldrajz\/?page_id=2188","title":{"rendered":"Szakmai gyakorlat &#8211; 2020"},"content":{"rendered":"\n<ol><li><strong>N\u00e9v: Term\u00e9szetf\u00f6ldrajz<\/strong><\/li><\/ol>\n\n\n\n<p><strong>K\u00f6telez\u0151:<\/strong> F\u00f6ldr1, Terfejl1<\/p>\n\n\n\n<p><strong>Hely:<\/strong> Kolozsv\u00e1r \u00e9s k\u00f6rny\u00e9ke; K\u00e1rp\u00e1tkanyar<\/p>\n\n\n\n<p><strong>Id\u0151:<\/strong> 10 nap (F\u00f6ldr1) \/ 9 nap (Terfejl1), tavaszi h\u00e9tv\u00e9g\u00e9n, majd 2020. j\u00falius 10\u201316.<\/p>\n\n\n\n<p><strong>Oktat\u00f3k:<\/strong> Bartos-Elekes Zsombor, G\u00e1l Andrea, Horv\u00e1th Csaba, Imecs Zolt\u00e1n. <\/p>\n\n\n\n<p><strong>Tant\u00e1rgyak, t\u00e9mak\u00f6r\u00f6k<\/strong>: Geomorfol\u00f3gia, Hidrol\u00f3gia, Meteorol\u00f3gia \/ V\u00edzgy\u0171jt\u0151-rendez\u00e9s, T\u00e9rinformatika, T\u00e9rk\u00e9p\u00e9szet.<\/p>\n\n\n\n<p><strong>Tev\u00e9kenys\u00e9gek:<\/strong><\/p>\n\n\n\n<ul><li>Hidrol\u00f3gia: hidrometriai \u00e9s v\u00edzmin\u0151s\u00e9gi m\u00e9r\u00e9sek (Kolozsv\u00e1r k\u00f6rny\u00e9ke, 2\n     nap, tavaszi h\u00e9tv\u00e9g\u00e9n)<\/li><li>csak Terfejl1 sz\u00e1m\u00e1ra V\u00edzgy\u0171jt\u0151-rendez\u00e9s: hidrol\u00f3giai \u00e1llom\u00e1s\n     megl\u00e1togat\u00e1sa, adatok feldolgoz\u00e1sa (Kolozsv\u00e1r, 1 nap, tavaszi h\u00e9tv\u00e9g\u00e9n)<\/li><li>csak F\u00f6ldr1 sz\u00e1m\u00e1ra Meteorol\u00f3gia: meteorol\u00f3giai automata\u00e1llom\u00e1s-m\u00e9r\u00e9s\n     \u00e9s adatfeldolgoz\u00e1s, meteorol\u00f3giai \u00e1llom\u00e1sok l\u00e1togat\u00e1sa (Kolozsv\u00e1r \u00e9s\n     Vlegy\u00e1sza, 2 nap, tavaszi h\u00e9tv\u00e9g\u00e9ken)<\/li><li>T\u00e9rk\u00e9p\u00e9szet: felm\u00e9r\u00e9s, t\u00e1j\u00e9koz\u00f3d\u00e1s, helysz\u00ednel\u00e9s t\u00e9rk\u00e9ppel, GPS-szel\n     (Kolozsv\u00e1r, B\u00fckk, 2 nap, j\u00falius 10\u201312)<\/li><li>Geomorfol\u00f3gia, T\u00e9rinformatika: iszapvulk\u00e1nok felm\u00e9r\u00e9se k\u00e9zi \u00e9s\n     fotogrammetri\u00e1s m\u00f3dszerekkel, hegyi t\u00fara, k\u00fcl\u00f6nb\u00f6z\u0151 k\u0151zeteken l\u00e9trej\u00f6tt\n     domborzat megfigyel\u00e9se (Bodzai-El\u0151k\u00e1rp\u00e1tok, Csuk\u00e1s-hegys\u00e9g, 4 nap, j\u00falius 13\u201316)<\/li><\/ul>\n\n\n\n<p><strong>\u00c1r:<\/strong> kb. 250 lej (sz\u00e1ll\u00e1s, busz)<\/p>\n\n\n\n<p><strong>Tanulm\u00e1nyi k\u00f6vetelm\u00e9ny:<\/strong> beadand\u00f3 feladatok, \u00edr\u00e1sbeli vizsga.<\/p>\n\n\n\n<hr class=\"wp-block-separator\"\/>\n\n\n\n<p>2. <strong>N\u00e9v: T\u00e1rsadalomf\u00f6ldrajz\u2013ter\u00fcletfejleszt\u00e9s <\/strong><\/p>\n\n\n\n<p><strong>K\u00f6telez\u0151<\/strong>: F\u00f6ldr2, Terfejl2 <\/p>\n\n\n\n<p><strong>Hely: <\/strong>Kolozsv\u00e1r, Borsz\u00e9k<\/p>\n\n\n\n<p><strong>Id\u0151: <\/strong>7 nap, 2020. j\u00falius 13\u201319.<\/p>\n\n\n\n<p><strong>Oktat\u00f3k:<\/strong> Kov\u00e1cs Csaba, M\u00e1th\u00e9 Csongor, T\u00f6r\u00f6k Ibolya<\/p>\n\n\n\n<p><strong>Tant\u00e1rgyak, t\u00e9mak\u00f6r\u00f6k:<\/strong> N\u00e9pess\u00e9g- \u00e9s telep\u00fcl\u00e9sf\u00f6ldrajz, Kutat\u00e1sm\u00f3dszertan\/T\u00e1rsadalmi ank\u00e9t<\/p>\n\n\n\n<p><strong>Tev\u00e9kenys\u00e9gek:<\/strong><\/p>\n\n\n\n<ul><li>T\u00e1rsadalomf\u00f6ldrajz:\n     m\u00fazeuml\u00e1togat\u00e1s (Kolozsv\u00e1r, 2 nap, j\u00falius 13-14)<\/li><li>Kutat\u00e1sm\u00f3dszertan:\n     k\u00e9rd\u0151\u00edvez\u00e9s \u00e9s interj\u00fak\u00e9sz\u00edt\u00e9s a helyi idegenforgalom felm\u00e9r\u00e9s\u00e9re\n     (mintav\u00e9tel, k\u00e9rd\u00e9st\u00edpusok, k\u00f3dol\u00e1s, adatfeldolgoz\u00e1s, struktur\u00e1lt \u00e9s f\u00e9l\n     struktur\u00e1lt interj\u00fak); helyi term\u00e9szeti \u00e9rt\u00e9kek megl\u00e1togat\u00e1sa, besz\u00e9lget\u00e9s\n     a helyi vezet\u0151kkel a megval\u00f3sult turisztikai \u00e9s ter\u00fcletfejleszt\u00e9si\n     projektek kapcs\u00e1n (Borsz\u00e9k, 5 nap, j\u00falius 15-19)<\/li><\/ul>\n\n\n\n<p><strong>\u00c1r: <\/strong>kb. 300 lej (Borsz\u00e9k sz\u00e1ll\u00e1s, reggeli, vacsora)<\/p>\n\n\n\n<p><strong>Tanulm\u00e1nyi k\u00f6vetelm\u00e9ny:<\/strong> sz\u00f3beli \u00e9s \u00edr\u00e1sbeli vizsga a k\u00e9rd\u0151\u00edvek feldolgoz\u00e1s\u00e1b\u00f3l \u00e9s ki\u00e9rt\u00e9kel\u00e9s\u00e9b\u0151l a terepgyakorlat utols\u00f3 napj\u00e1n.<\/p>\n\n\n\n<hr class=\"wp-block-separator\"\/>\n\n\n\n<p>3. <strong>N\u00e9v: Turizmus1<\/strong><\/p>\n\n\n\n<p><strong>K\u00f6telez\u0151:<\/strong> Tur1<\/p>\n\n\n\n<p><strong>Hely: <\/strong>Kolozsv\u00e1r \u00e9s k\u00f6rny\u00e9ke<\/p>\n\n\n\n<p><strong>Id\u0151:<\/strong> 7 nap, 2020. j\u00falius 13\u201319.<\/p>\n\n\n\n<p><strong>Oktat\u00f3:<\/strong> Talpas J\u00e1nos<\/p>\n\n\n\n<p><strong>Tant\u00e1rgyak, t\u00e9mak\u00f6r\u00f6k:<\/strong> \u00c1ltal\u00e1nos turizmus, V\u00e1rosi turizmus, Rom\u00e1nia turizmusa.<\/p>\n\n\n\n<p><strong>Tev\u00e9kenys\u00e9gek<\/strong> (v\u00e1lasztand\u00f3 a k\u00e9t lehet\u0151s\u00e9g k\u00f6z\u00fcl):<\/p>\n\n\n\n<p>A. Sz\u00e1llodai*** gyakorlat, sz\u00e1llodai munkak\u00f6r\u00f6k\nmegismer\u00e9se.<\/p>\n\n\n\n<p>B. Szakmai ismeretek elsaj\u00e1t\u00edt\u00e1sa term\u00e9szeti l\u00e1tv\u00e1nyoss\u00e1gokn\u00e1l\n(statisztikai adatgy\u0171jt\u00e9s, turisztikai \u00fatvonal tervez\u00e9se, t\u00fara\u00fatvonal felm\u00e9r\u00e9se):\nj\u00falius 13\u201319 k\u00f6z\u00f6tt egynapos kir\u00e1ndul\u00e1sok Tord\u00e1ra, Torock\u00f3ra, a B\u00fckkbe;\nKolozsv\u00e1r (botanikus kert). \u00c1r: 100 lej (busz, bel\u00e9p\u0151). Tanulm\u00e1nyi k\u00f6vetelm\u00e9ny:\ndolgozat lead\u00e1sa.<\/p>\n\n\n\n<hr class=\"wp-block-separator\"\/>\n\n\n\n<p>4. <strong>N\u00e9v: Turizmus2<\/strong><\/p>\n\n\n\n<p><strong>K\u00f6telez\u0151:<\/strong> Tur2<\/p>\n\n\n\n<p><strong>Hely:<\/strong> Kolozsv\u00e1r vagy Si\u00f3fok, Hark\u00e1ny, Innsbruck vagy Hunyad megye (Nagyb\u00e1r).<\/p>\n\n\n\n<p><strong>Id\u0151:<\/strong> 7 nap \u2013 3 h\u00f3nap, 2020. j\u00falius 1 \u2013 szeptember 30.<\/p>\n\n\n\n<p><strong>Oktat\u00f3:<\/strong> M\u00e1th\u00e9 Andr\u00e1s<\/p>\n\n\n\n<p><strong>Tant\u00e1rgyak:<\/strong> Szolg\u00e1ltat\u00e1sok a turizmusban, Idegenvezet\u00e9s, Kult\u00fara \u00e9s civiliz\u00e1ci\u00f3.<\/p>\n\n\n\n<p><strong>T\u00e9mak\u00f6r\u00f6k:<\/strong> Idegenvezet\u00e9si gyakorlatok, turisztikai potenci\u00e1lm\u00e9r\u00e9s.<\/p>\n\n\n\n<p><strong>Tev\u00e9kenys\u00e9gek <\/strong>(v\u00e1lasztand\u00f3 a h\u00e1rom lehet\u0151s\u00e9g k\u00f6z\u00fcl):<\/p>\n\n\n\n<p>A. Utaz\u00e1si irod\u00e1k tev\u00e9kenys\u00e9geinek gyakorl\u00e1sa\n(POCU-projekt, 8 f\u0151, Kolozsv\u00e1r). A POCU-projektben r\u00e9sztvev\u0151 hallgat\u00f3k a gyakorlatukra mindk\u00e9t tant\u00e1rgyb\u00f3l\nkapnak jegyet: nemcsak a Szakmai gyakorlatra, hanem a Tanulm\u00e1nyi kir\u00e1ndul\u00e1sra\nis (ett\u0151l f\u00fcggetlen\u00fcl, tanulm\u00e1nyi kir\u00e1ndul\u00e1son r\u00e9szt vehetnek).<\/p>\n\n\n\n<p>B. Sz\u00e1llodai szerepk\u00f6r\u00f6k bet\u00f6lt\u00e9se (Erasmus internship,\nSi\u00f3fok, Hark\u00e1ny, Innsbruck, 2\u20133 h\u00f3nap)<\/p>\n\n\n\n<p>C. Idegenvezet\u00e9si gyakorlatok, illetve a turisztikai\nterm\u00e9kek fogyaszt\u00e1s\u00e1nak m\u00e9r\u00e9se: j\u00falius 13\u201319, Hunyad megye, sz\u00e1ll\u00e1s Nagyb\u00e1ron.\n\u00c1r: 150 lej (busz, f\u00e9lpanzi\u00f3). Tanulm\u00e1nyi k\u00f6vetelm\u00e9ny: helyben v\u00e9gzett\ncsoportos feladatok alapj\u00e1n.<\/p>\n","protected":false},"excerpt":{"rendered":"<p>N\u00e9v: Term\u00e9szetf\u00f6ldrajz K\u00f6telez\u0151: F\u00f6ldr1, Terfejl1 Hely: Kolozsv\u00e1r \u00e9s k\u00f6rny\u00e9ke; K\u00e1rp\u00e1tkanyar Id\u0151: 10 nap (F\u00f6ldr1) \/ 9 nap (Terfejl1), tavaszi h\u00e9tv\u00e9g\u00e9n, majd 2020. j\u00falius 10\u201316. Oktat\u00f3k: Bartos-Elekes Zsombor, G\u00e1l Andrea, Horv\u00e1th Csaba, Imecs Zolt\u00e1n. Tant\u00e1rgyak, t\u00e9mak\u00f6r\u00f6k: Geomorfol\u00f3gia, Hidrol\u00f3gia, Meteorol\u00f3gia \/ V\u00edzgy\u0171jt\u0151-rendez\u00e9s, &hellip; <a class=\"more-link\" href=\"https:\/\/geografie.ubbcluj.ro\/pages\/magyarfoldrajz\/?page_id=2188\">Continue reading <span class=\"meta-nav\">&rarr;<\/span><\/a><\/p>\n","protected":false},"author":4,"featured_media":0,"parent":464,"menu_order":0,"comment_status":"closed","ping_status":"closed","template":"","meta":{"footnotes":""},"_links":{"self":[{"href":"https:\/\/geografie.ubbcluj.ro\/pages\/magyarfoldrajz\/index.php?rest_route=\/wp\/v2\/pages\/2188"}],"collection":[{"href":"https:\/\/geografie.ubbcluj.ro\/pages\/magyarfoldrajz\/index.php?rest_route=\/wp\/v2\/pages"}],"about":[{"href":"https:\/\/geografie.ubbcluj.ro\/pages\/magyarfoldrajz\/index.php?rest_route=\/wp\/v2\/types\/page"}],"author":[{"embeddable":true,"href":"https:\/\/geografie.ubbcluj.ro\/pages\/magyarfoldrajz\/index.php?rest_route=\/wp\/v2\/users\/4"}],"replies":[{"embeddable":true,"href":"https:\/\/geografie.ubbcluj.ro\/pages\/magyarfoldrajz\/index.php?rest_route=%2Fwp%2Fv2%2Fcomments&post=2188"}],"version-history":[{"count":2,"href":"https:\/\/geografie.ubbcluj.ro\/pages\/magyarfoldrajz\/index.php?rest_route=\/wp\/v2\/pages\/2188\/revisions"}],"predecessor-version":[{"id":2190,"href":"https:\/\/geografie.ubbcluj.ro\/pages\/magyarfoldrajz\/index.php?rest_route=\/wp\/v2\/pages\/2188\/revisions\/2190"}],"up":[{"embeddable":true,"href":"https:\/\/geografie.ubbcluj.ro\/pages\/magyarfoldrajz\/index.php?rest_route=\/wp\/v2\/pages\/464"}],"wp:attachment":[{"href":"https:\/\/geografie.ubbcluj.ro\/pages\/magyarfoldrajz\/index.php?rest_route=%2Fwp%2Fv2%2Fmedia&parent=2188"}],"curies":[{"name":"wp","href":"https:\/\/api.w.org\/{rel}","templated":true}]}}

<ol><li><strong>Név: Természetföldrajz</strong></li></ol>



<p><strong>Kötelező:</strong> Földr1, Terfejl1</p>



<p><strong>Hely:</strong> Kolozsvár és környéke; Kárpátkanyar</p>



<p><strong>Idő:</strong> 10 nap (Földr1) / 9 nap (Terfejl1), tavaszi hétvégén, majd 2020. július 10–16.</p>



<p><strong>Oktatók:</strong> Bartos-Elekes Zsombor, Gál Andrea, Horváth Csaba, Imecs Zoltán. </p>



<p><strong>Tantárgyak, témakörök</strong>: Geomorfológia, Hidrológia, Meteorológia / Vízgyűjtő-rendezés, Térinformatika, Térképészet.</p>



<p><strong>Tevékenységek:</strong></p>



<ul><li>Hidrológia: hidrometriai és vízminőségi mérések (Kolozsvár környéke, 2
     nap, tavaszi hétvégén)</li><li>csak Terfejl1 számára Vízgyűjtő-rendezés: hidrológiai állomás
     meglátogatása, adatok feldolgozása (Kolozsvár, 1 nap, tavaszi hétvégén)</li><li>csak Földr1 számára Meteorológia: meteorológiai automataállomás-mérés
     és adatfeldolgozás, meteorológiai állomások látogatása (Kolozsvár és
     Vlegyásza, 2 nap, tavaszi hétvégéken)</li><li>Térképészet: felmérés, tájékozódás, helyszínelés térképpel, GPS-szel
     (Kolozsvár, Bükk, 2 nap, július 10–12)</li><li>Geomorfológia, Térinformatika: iszapvulkánok felmérése kézi és
     fotogrammetriás módszerekkel, hegyi túra, különböző kőzeteken létrejött
     domborzat megfigyelése (Bodzai-Előkárpátok, Csukás-hegység, 4 nap, július 13–16)</li></ul>



<p><strong>Ár:</strong> kb. 250 lej (szállás, busz)</p>



<p><strong>Tanulmányi követelmény:</strong> beadandó feladatok, írásbeli vizsga.</p>



<hr class="wp-block-separator"/>



<p>2. <strong>Név: Társadalomföldrajz–területfejlesztés </strong></p>



<p><strong>Kötelező</strong>: Földr2, Terfejl2 </p>



<p><strong>Hely: </strong>Kolozsvár, Borszék</p>



<p><strong>Idő: </strong>7 nap, 2020. július 13–19.</p>



<p><strong>Oktatók:</strong> Kovács Csaba, Máthé Csongor, Török Ibolya</p>



<p><strong>Tantárgyak, témakörök:</strong> Népesség- és településföldrajz, Kutatásmódszertan/Társadalmi ankét</p>



<p><strong>Tevékenységek:</strong></p>



<ul><li>Társadalomföldrajz:
     múzeumlátogatás (Kolozsvár, 2 nap, július 13-14)</li><li>Kutatásmódszertan:
     kérdőívezés és interjúkészítés a helyi idegenforgalom felmérésére
     (mintavétel, kérdéstípusok, kódolás, adatfeldolgozás, strukturált és fél
     strukturált interjúk); helyi természeti értékek meglátogatása, beszélgetés
     a helyi vezetőkkel a megvalósult turisztikai és területfejlesztési
     projektek kapcsán (Borszék, 5 nap, július 15-19)</li></ul>



<p><strong>Ár: </strong>kb. 300 lej (Borszék szállás, reggeli, vacsora)</p>



<p><strong>Tanulmányi követelmény:</strong> szóbeli és írásbeli vizsga a kérdőívek feldolgozásából és kiértékeléséből a terepgyakorlat utolsó napján.</p>



<hr class="wp-block-separator"/>



<p>3. <strong>Név: Turizmus1</strong></p>



<p><strong>Kötelező:</strong> Tur1</p>



<p><strong>Hely: </strong>Kolozsvár és környéke</p>



<p><strong>Idő:</strong> 7 nap, 2020. július 13–19.</p>



<p><strong>Oktató:</strong> Talpas János</p>



<p><strong>Tantárgyak, témakörök:</strong> Általános turizmus, Városi turizmus, Románia turizmusa.</p>



<p><strong>Tevékenységek</strong> (választandó a két lehetőség közül):</p>



<p>A. Szállodai*** gyakorlat, szállodai munkakörök
megismerése.</p>



<p>B. Szakmai ismeretek elsajátítása természeti látványosságoknál
(statisztikai adatgyűjtés, turisztikai útvonal tervezése, túraútvonal felmérése):
július 13–19 között egynapos kirándulások Tordára, Torockóra, a Bükkbe;
Kolozsvár (botanikus kert). Ár: 100 lej (busz, belépő). Tanulmányi követelmény:
dolgozat leadása.</p>



<hr class="wp-block-separator"/>



<p>4. <strong>Név: Turizmus2</strong></p>



<p><strong>Kötelező:</strong> Tur2</p>



<p><strong>Hely:</strong> Kolozsvár vagy Siófok, Harkány, Innsbruck vagy Hunyad megye (Nagybár).</p>



<p><strong>Idő:</strong> 7 nap – 3 hónap, 2020. július 1 – szeptember 30.</p>



<p><strong>Oktató:</strong> Máthé András</p>



<p><strong>Tantárgyak:</strong> Szolgáltatások a turizmusban, Idegenvezetés, Kultúra és civilizáció.</p>



<p><strong>Témakörök:</strong> Idegenvezetési gyakorlatok, turisztikai potenciálmérés.</p>



<p><strong>Tevékenységek </strong>(választandó a három lehetőség közül):</p>



<p>A. Utazási irodák tevékenységeinek gyakorlása
(POCU-projekt, 8 fő, Kolozsvár). A POCU-projektben résztvevő hallgatók a gyakorlatukra mindkét tantárgyból
kapnak jegyet: nemcsak a Szakmai gyakorlatra, hanem a Tanulmányi kirándulásra
is (ettől függetlenül, tanulmányi kiránduláson részt vehetnek).</p>



<p>B. Szállodai szerepkörök betöltése (Erasmus internship,
Siófok, Harkány, Innsbruck, 2–3 hónap)</p>



<p>C. Idegenvezetési gyakorlatok, illetve a turisztikai
termékek fogyasztásának mérése: július 13–19, Hunyad megye, szállás Nagybáron.
Ár: 150 lej (busz, félpanzió). Tanulmányi követelmény: helyben végzett
csoportos feladatok alapján.</p>

<p>Név: Természetföldrajz Kötelező: Földr1, Terfejl1 Hely: Kolozsvár és környéke; Kárpátkanyar Idő: 10 nap (Földr1) / 9 nap (Terfejl1), tavaszi hétvégén, majd 2020. július 10–16. Oktatók: Bartos-Elekes Zsombor, Gál Andrea, Horváth Csaba, Imecs Zoltán. Tantárgyak, témakörök: Geomorfológia, Hidrológia, Meteorológia / Vízgyűjtő-rendezés, &hellip; <a class="more-link" href="https://geografie.ubbcluj.ro/pages/magyarfoldrajz/?page_id=2188">Continue reading <span class="meta-nav">&rarr;</span></a></p>
