{"id":2051,"date":"2018-12-17T18:32:36","date_gmt":"2018-12-17T18:32:36","guid":{"rendered":"http:\/\/geografie.ubbcluj.ro\/pages\/magyarfoldrajz\/?page_id=2051"},"modified":"2018-12-17T18:33:36","modified_gmt":"2018-12-17T18:33:36","slug":"szakmai-gyakorlat-2019","status":"publish","type":"page","link":"https:\/\/geografie.ubbcluj.ro\/pages\/magyarfoldrajz\/?page_id=2051","title":{"rendered":"Szakmai gyakorlat &#8211; 2019"},"content":{"rendered":"<h3 style=\"text-align: center;\"><span style=\"color: #800000;\"><strong>Term\u00e9szetf\u00f6ldrajz<\/strong><\/span><\/h3>\n<p><strong>K\u00f6telez\u0151:<\/strong> F\u00f6ldr1, Terfejl1<\/p>\n<p><strong>Hely:<\/strong> Kolozsv\u00e1r \u00e9s k\u00f6rny\u00e9ke<\/p>\n<p><strong>Id\u0151:<\/strong> 8\u20139 nap (F\u00f6ldr1) \/ 7\u20138 nap (Terfejl1), tavaszi h\u00e9tv\u00e9g\u00e9n, majd 2019. j\u00falius 5\u20137, \u00e9s kb. 2019. j\u00falius 15\u201318.<\/p>\n<p><strong>Oktat\u00f3k:<\/strong> Bart\u00f3k Blanka, Bartos-Elekes Zsombor, Czellecz Bogl\u00e1rka, G\u00e1l Andrea, Imecs Zolt\u00e1n<\/p>\n<p>Tant\u00e1rgyak, t\u00e9mak\u00f6r\u00f6k: Geomorfol\u00f3gia, Hidrol\u00f3gia, Meteorol\u00f3gia \/ V\u00edzgy\u0171jt\u0151-rendez\u00e9s, T\u00e9rinformatika, T\u00e9rk\u00e9p\u00e9szet.<\/p>\n<p>Tev\u00e9kenys\u00e9gek:<\/p>\n<ul>\n<li>Hidrol\u00f3gia: t\u00f3-batimetria, helysz\u00edni felv\u00e9telez\u00e9s \u00e9s digit\u00e1lis t\u00e9rk\u00e9pszerkeszt\u00e9s (Mikesi-t\u00f3, 2 nap, egy \u00e1prilisi vagy m\u00e1jusi h\u00e9tv\u00e9g\u00e9n)<\/li>\n<li>csak Terfejl1 sz\u00e1m\u00e1ra V\u00edzgy\u0171jt\u0151-rendez\u00e9s: v\u00edzer\u0151m\u0171, v\u00edztiszt\u00edt\u00f3-l\u00e1togat\u00e1s (Meleg-Szamos, 1 nap, egy \u00e1prilisi vagy m\u00e1jusi h\u00e9tv\u00e9g\u00e9n)<\/li>\n<li>T\u00e9rk\u00e9p\u00e9szet: felm\u00e9r\u00e9s, t\u00e1j\u00e9koz\u00f3d\u00e1s, helysz\u00ednel\u00e9s t\u00e9rk\u00e9ppel, GPS-szel (Kolozsv\u00e1r, B\u00fckk, 2\u20133 nap, j\u00falius 5\u20137)<\/li>\n<li>Geomorfol\u00f3gia, T\u00e9rinformatika: geomorfol\u00f3giai m\u00e9r\u00e9sek, dr\u00f3nos adatfelv\u00e9tel, adatfeldolgoz\u00e1s, glaci\u00e1lis domborzat (Kolozsv\u00e1r, Radnai-havasok, 2 nap, j\u00falius 15\u201317)<\/li>\n<li>csak F\u00f6ldr1 sz\u00e1m\u00e1ra Meteorol\u00f3gia: meteorol\u00f3giai automata\u00e1llom\u00e1s-m\u00e9r\u00e9s, adatfeldolgoz\u00e1s, meteorol\u00f3giai \u00e1llom\u00e1s l\u00e1togat\u00e1sa (Kolozsv\u00e1r, Vigy\u00e1z\u00f3, 2 nap, kb. j\u00falius 17\u201318)<\/li>\n<\/ul>\n<p>\u00c1r: kb. 150 lej.<\/p>\n<p>Tanulm\u00e1nyi k\u00f6vetelm\u00e9ny: beadand\u00f3 feladatok, \u00edr\u00e1sbeli, sz\u00f3beli \u2026<\/p>\n<p style=\"text-align: center;\"><strong style=\"color: #800000; font-size: 1.17em; text-align: center;\">T\u00e1rsadalomf\u00f6ldrajz\u2013ter\u00fcletfejleszt\u00e9s<\/strong><\/p>\n<p><strong>K\u00f6telez\u0151:<\/strong> F\u00f6ldr2, Terfejl2<\/p>\n<p><strong>Hely:<\/strong> Kolozsv\u00e1r, K\u00e9zdiv\u00e1s\u00e1rhely<\/p>\n<p><strong>Id\u0151:<\/strong> 6 nap (F\u00f6ldr2) \/ 7 nap (Terfejl2), 2019. j\u00falius 15\u201321.<\/p>\n<p><strong>Oktat\u00f3k:<\/strong> Kov\u00e1cs Csaba, Imecs Zolt\u00e1n, M\u00e1th\u00e9 Csongor, T\u00f6r\u00f6k Ibolya<\/p>\n<p><strong>Tant\u00e1rgyak, t\u00e9mak\u00f6r\u00f6k:<\/strong> N\u00e9pess\u00e9g- \u00e9s telep\u00fcl\u00e9sf\u00f6ldrajz, Kutat\u00e1sm\u00f3dszertan\/T\u00e1rsadalmi ank\u00e9t, Kataszter.<\/p>\n<p><strong>Tev\u00e9kenys\u00e9gek:<\/strong><\/p>\n<ul>\n<li>csak Terfejl2 sz\u00e1m\u00e1ra Kataszter: kataszteri felm\u00e9r\u00e9s (Kolozsv\u00e1r, 1 nap, j\u00falius 15)<\/li>\n<li>T\u00e1rsadalomf\u00f6ldrajz: m\u00fazeuml\u00e1togat\u00e1s (Kolozsv\u00e1r, 1 nap, j\u00falius 16)<\/li>\n<li>Kutat\u00e1sm\u00f3dszertan: k\u00e9rd\u0151\u00edvez\u00e9s \u00e9s interj\u00fak\u00e9sz\u00edt\u00e9s \u2013 helyi kultur\u00e1lis hagyom\u00e1nyok, meg\u00fajul\u00e1s vagy tradicion\u00e1lis \u00e9rt\u00e9kek, idegenforgalom (mintav\u00e9tel, k\u00e9rd\u00e9st\u00edpusok, k\u00f3dol\u00e1s, adatfeldolgoz\u00e1s, struktur\u00e1lt \u00e9s f\u00e9l struktur\u00e1lt interj\u00fak); m\u00fazeuml\u00e1togat\u00e1s (K\u00e9zdiv\u00e1s\u00e1rhely, 5 nap, j\u00falius 17\u201321)<\/li>\n<\/ul>\n<p>\u00c1r: kb. 250 lej (K\u00e9zdiv\u00e1s\u00e1rhelyen sz\u00e1ll\u00e1s, reggeli, vacsora)<\/p>\n<p>Tanulm\u00e1nyi k\u00f6vetelm\u00e9ny: sz\u00f3beli \u00e9s \u00edr\u00e1sbeli vizsga a k\u00e9rd\u0151\u00edvek feldolgoz\u00e1s\u00e1b\u00f3l \u00e9s ki\u00e9rt\u00e9kel\u00e9s\u00e9b\u0151l a terepgyakorlat utols\u00f3 napj\u00e1n.<span style=\"color: #0a0a0a; font-size: 1.17em; font-weight: bold; text-align: center;\">\u00a0<\/span><\/p>\n<h3 style=\"text-align: center;\"><span style=\"color: #800000;\"><strong>Turizmus 1<\/strong><\/span><\/h3>\n<p><strong>K\u00f6telez\u0151:<\/strong> Tur1<\/p>\n<p><strong>Hely:<\/strong> Kolozsv\u00e1r<\/p>\n<p><strong>Id\u0151:<\/strong> 7 nap, 2019. j\u00falius 15\u201331.<\/p>\n<p><strong>Oktat\u00f3:<\/strong> Talpas J\u00e1nos<\/p>\n<p><strong>Tant\u00e1rgyak, t\u00e9mak\u00f6r\u00f6k:<\/strong> \u00c1ltal\u00e1nos turizmus, V\u00e1rosi turizmus, Rom\u00e1nia turizmusa.<\/p>\n<p>A. Sz\u00e1llodai*** gyakorlat, sz\u00e1llodai munkak\u00f6r\u00f6k megismer\u00e9se.<\/p>\n<p>B. Utaz\u00e1si irodai tev\u00e9kenys\u00e9g.<\/p>\n<p>C. Szakmai ismeretek elsaj\u00e1t\u00edt\u00e1sa v\u00e1rosi helysz\u00edneken (statisztikai adatgy\u0171jt\u00e9s, turisztikai \u00fatvonal tervez\u00e9se, t\u00fara\u00fatvonal felm\u00e9r\u00e9se, lev\u00e9lt\u00e1ri ismeretek).<\/p>\n<p><strong>\u00c1r:<\/strong> ingyenes.<\/p>\n<p><strong>Tanulm\u00e1nyi k\u00f6vetelm\u00e9ny:<\/strong> sz\u00f3beli vizsga gyakorlat ut\u00e1n.<strong>\u00a0<\/strong><\/p>\n<h3 style=\"text-align: center;\"><span style=\"color: #800000;\"><strong>Turizmus 2<\/strong><\/span><\/h3>\n<p><strong>K\u00f6telez\u0151:<\/strong> Tur2<\/p>\n<p><strong>Hely:<\/strong> Kolozsv\u00e1r \u00e9s k\u00f6rny\u00e9ke, vagy Si\u00f3fok, Hark\u00e1ny, Innsbruck.<\/p>\n<p><strong>Id\u0151:<\/strong> 7 nap \u2013 3 h\u00f3nap, 2019. j\u00falius 1 \u2013 szeptember 30.<\/p>\n<p><strong>Oktat\u00f3:<\/strong> M\u00e1th\u00e9 Andr\u00e1s<\/p>\n<p><strong>Tant\u00e1rgyak:<\/strong> Szolg\u00e1ltat\u00e1sok a turizmusban, Idegenvezet\u00e9s, Turizmus gazdas\u00e1gtan, Kult\u00fara \u00e9s civiliz\u00e1ci\u00f3.<\/p>\n<p><strong>T\u00e9mak\u00f6r\u00f6k:<\/strong> Idegenvezet\u00e9si gyakorlatok, Turisztikai objektumok mennyis\u00e9gi \u00e9s min\u0151s\u00e9gi \u00e9rt\u00e9kes\u00edt\u00e9se, Vend\u00e9gl\u00e1t\u00f3 ipari tev\u00e9kenys\u00e9gek.<\/p>\n<p><strong>Tev\u00e9kenys\u00e9gek:<\/strong><\/p>\n<p>A. Utaz\u00e1si irod\u00e1k tev\u00e9kenys\u00e9geinek gyakorl\u00e1sa (POCU-projekt, 10 f\u0151, Kolozsv\u00e1r). A POCU-projektben r\u00e9sztvev\u0151 hallgat\u00f3k a gyakorlatukra mindk\u00e9t tant\u00e1rgyb\u00f3l kapnak jegyet: nemcsak a Szakmai gyakorlatra, hanem a Tanulm\u00e1nyi kir\u00e1ndul\u00e1sra is (ett\u0151l f\u00fcggetlen\u00fcl, tanulm\u00e1nyi kir\u00e1ndul\u00e1son r\u00e9szt vehetnek).<\/p>\n<p>B. Sz\u00e1llodai szerepk\u00f6r\u00f6k bet\u00f6lt\u00e9se (Erasmus internship, Si\u00f3fok, Hark\u00e1ny, Innsbruck, 2\u20133 h\u00f3nap)<\/p>\n<p>C. Idegenvezet\u00e9si gyakorlatok, illetve a turisztikai term\u00e9kek fogyaszt\u00e1s\u00e1nak m\u00e9r\u00e9se (Kolozsv\u00e1r \u00e9s k\u00f6rny\u00e9ke).<\/p>\n<p><strong>\u00c1r:<\/strong> ingyenes.<\/p>\n<p><strong>Tanulm\u00e1nyi k\u00f6vetelm\u00e9ny:<\/strong> helyben v\u00e9gzett gyakorlatok ki\u00e9rt\u00e9kel\u00e9se, menedzserek \u00e1ltali min\u0151s\u00edt\u00e9sek figyelembe v\u00e9tele.<\/p>\n","protected":false},"excerpt":{"rendered":"<p>Term\u00e9szetf\u00f6ldrajz K\u00f6telez\u0151: F\u00f6ldr1, Terfejl1 Hely: Kolozsv\u00e1r \u00e9s k\u00f6rny\u00e9ke Id\u0151: 8\u20139 nap (F\u00f6ldr1) \/ 7\u20138 nap (Terfejl1), tavaszi h\u00e9tv\u00e9g\u00e9n, majd 2019. j\u00falius 5\u20137, \u00e9s kb. 2019. j\u00falius 15\u201318. Oktat\u00f3k: Bart\u00f3k Blanka, Bartos-Elekes Zsombor, Czellecz Bogl\u00e1rka, G\u00e1l Andrea, Imecs Zolt\u00e1n Tant\u00e1rgyak, t\u00e9mak\u00f6r\u00f6k: &hellip; <a class=\"more-link\" href=\"https:\/\/geografie.ubbcluj.ro\/pages\/magyarfoldrajz\/?page_id=2051\">Continue reading <span class=\"meta-nav\">&rarr;<\/span><\/a><\/p>\n","protected":false},"author":4,"featured_media":0,"parent":464,"menu_order":0,"comment_status":"closed","ping_status":"closed","template":"","meta":{"footnotes":""},"_links":{"self":[{"href":"https:\/\/geografie.ubbcluj.ro\/pages\/magyarfoldrajz\/index.php?rest_route=\/wp\/v2\/pages\/2051"}],"collection":[{"href":"https:\/\/geografie.ubbcluj.ro\/pages\/magyarfoldrajz\/index.php?rest_route=\/wp\/v2\/pages"}],"about":[{"href":"https:\/\/geografie.ubbcluj.ro\/pages\/magyarfoldrajz\/index.php?rest_route=\/wp\/v2\/types\/page"}],"author":[{"embeddable":true,"href":"https:\/\/geografie.ubbcluj.ro\/pages\/magyarfoldrajz\/index.php?rest_route=\/wp\/v2\/users\/4"}],"replies":[{"embeddable":true,"href":"https:\/\/geografie.ubbcluj.ro\/pages\/magyarfoldrajz\/index.php?rest_route=%2Fwp%2Fv2%2Fcomments&post=2051"}],"version-history":[{"count":2,"href":"https:\/\/geografie.ubbcluj.ro\/pages\/magyarfoldrajz\/index.php?rest_route=\/wp\/v2\/pages\/2051\/revisions"}],"predecessor-version":[{"id":2053,"href":"https:\/\/geografie.ubbcluj.ro\/pages\/magyarfoldrajz\/index.php?rest_route=\/wp\/v2\/pages\/2051\/revisions\/2053"}],"up":[{"embeddable":true,"href":"https:\/\/geografie.ubbcluj.ro\/pages\/magyarfoldrajz\/index.php?rest_route=\/wp\/v2\/pages\/464"}],"wp:attachment":[{"href":"https:\/\/geografie.ubbcluj.ro\/pages\/magyarfoldrajz\/index.php?rest_route=%2Fwp%2Fv2%2Fmedia&parent=2051"}],"curies":[{"name":"wp","href":"https:\/\/api.w.org\/{rel}","templated":true}]}}