{"id":1904,"date":"2017-12-17T22:16:51","date_gmt":"2017-12-17T22:16:51","guid":{"rendered":"http:\/\/geografie.ubbcluj.ro\/pages\/magyarfoldrajz\/?page_id=1904"},"modified":"2017-12-17T22:33:00","modified_gmt":"2017-12-17T22:33:00","slug":"tanulmanyutak-2018","status":"publish","type":"page","link":"https:\/\/geografie.ubbcluj.ro\/pages\/magyarfoldrajz\/?page_id=1904","title":{"rendered":"Tanulm\u00e1nyutak &#8211; 2018"},"content":{"rendered":"<h2 style=\"text-align: center;\"><span style=\"color: #800000;\"><strong>Budapest<\/strong><\/span><\/h2>\n<p><strong>Aj\u00e1nlott:<\/strong> BSc1, BSc2<\/p>\n<p><strong>Helyek sz\u00e1ma:<\/strong> 48 f\u0151<\/p>\n<p><strong>Id\u0151:<\/strong> 6 nap, 2018. m\u00e1rcius 1\u20135.<\/p>\n<p><strong>Jelentkez\u00e9s:<\/strong> <a href=\"mailto:talpasjanos@yahoo.com\">talpasjanos@yahoo.com<\/a><\/p>\n<p><strong>Tant\u00e1rgy \/ t\u00e9ma:<\/strong> Turizmusf\u00f6ldrajz, V\u00e1rosi turizmus.<\/p>\n<p><strong>Tanulm\u00e1nyi k\u00f6vetelm\u00e9ny:<\/strong> sz\u00f3beli.<\/p>\n<p><strong>Szervez\u0151: Talpas J\u00e1nos<\/strong><\/p>\n<p><strong>Helysz\u00ednek:<\/strong> Budapest (Utaz\u00e1s ki\u00e1ll\u00edt\u00e1s, v\u00e1rosl\u00e1togat\u00e1s) \u2013 Etyek (bork\u00f3stol\u00e1s) \u2013 Kecskem\u00e9t (v\u00e1rosl\u00e1togat\u00e1s) \u2013 Gyula (v\u00e1rosn\u00e9z\u00e9s, f\u00fcrd\u0151l\u00e1togat\u00e1s).<\/p>\n<p><strong>Sz\u00e1ll\u00e1s sz\u00e1llod\u00e1ban<\/strong>.<\/p>\n<p><strong>\u00c1r: 550 lej.<\/strong><\/p>\n<p>Az \u00e1r tartalmazza a sz\u00e1ll\u00edt\u00e1st, a sz\u00e1ll\u00e1st, a reggelit, a ki\u00e1ll\u00edt\u00e1s bel\u00e9p\u0151j\u00e9t, a bork\u00f3stol\u00e1s \u00e1r\u00e1t.<\/p>\n<p><strong>Jelentkez\u00e9s 200 lej el\u0151leggel janu\u00e1r 15-ig, h\u00e1tral\u00e9k fizet\u00e9se febru\u00e1r 8-ig.<\/strong><\/p>\n<h2 style=\"text-align: center;\"><span style=\"color: #800000;\"><strong>T\u00f6r\u00f6korsz\u00e1g<\/strong><\/span><\/h2>\n<p><strong>Aj\u00e1nlott:<\/strong> BSc1, BSc2<\/p>\n<p><strong>Helyek sz\u00e1ma:<\/strong> 58 f\u0151<\/p>\n<p><strong>Id\u0151:<\/strong> 7 nap, 2018. \u00e1prilis 22\u201329. (indul\u00e1s 22-\u00e9n este)<\/p>\n<p><strong>Jelentkez\u00e9s:<\/strong> <span style=\"text-decoration: underline;\"><a href=\"mailto:matheandras@yahoo.com\">matheandras@yahoo.com<\/a><\/span><\/p>\n<p><strong>Tant\u00e1rgy \/ t\u00e9ma:<\/strong> Kult\u00fara \u00e9s civiliz\u00e1ci\u00f3, \u00c9p\u00edt\u00e9szet a turizmusban, Etnokultur\u00e1lis \u00f6vezetek turisztikai \u00e9rt\u00e9kes\u00edt\u00e9se, Turisztikai r\u00e9gi\u00f3k.<\/p>\n<p><strong>Tanulm\u00e1nyi k\u00f6vetelm\u00e9ny:<\/strong> terepgyakorlat ut\u00e1ni \u00edr\u00e1sbeli vizsga, a munkaf\u00fczetbe le\u00edrt\/megl\u00e1togatott objektumok kielemz\u00e9se\/bemutat\u00e1sa alapj\u00e1n \u00f6sszegy\u0171jt\u00f6tt tananyagb\u00f3l.<\/p>\n<p><strong>Szervez\u0151: M\u00e1th\u00e9 Andr\u00e1s<\/strong><\/p>\n<p><strong>L\u00e1togatott helysz\u00ednek:<\/strong> Drin\u00e1poly t\u00f6rt\u00e9nelmi v\u00e1ros megl\u00e1togat\u00e1sa, T\u00f6r\u00f6korsz\u00e1g legmagasabb minaretj\u00e9vel rendelkez\u0151 Szelim mecset megtekint\u00e9se. Epheszosz, az egykori R\u00f3mai birodalomban, R\u00f3ma ut\u00e1n a birodalom m\u00e1sodik legfontosabb v\u00e1rosa volt, sz\u00e1mos \u00f3kori m\u0171eml\u00e9kben gazdag v\u00e1ros megtekint\u00e9se. Bodrum, az egykori Halikarnasszosz, t\u00f6r\u00f6k kik\u00f6t\u0151v\u00e1ros, a t\u00f6r\u00f6k rivi\u00e9ra egyik n\u00e9pszer\u0171 turistac\u00e9lpontj\u00e1nak megtekint\u00e9se. Pamukkale, az Unesco vil\u00e1g\u00f6r\u00f6ks\u00e9g r\u00e9sze, h\u00f3feh\u00e9r m\u00e9szk\u0151medenc\u00e9k, az \u00f3kor egykori k\u00f6zkedvelt gy\u00f3gyf\u00fcrd\u0151je. G\u00f6reme Nemzeti Park, Kappad\u00f3kia sziklatemplomai, K\u00f6z\u00e9p-Anat\u00f3lia vid\u00e9k\u00e9n elhelyezked\u0151, az Unesco list\u00e1j\u00e1n lev\u0151 nemzeti park bej\u00e1r\u00e1sa. Isztambul, az egykori Konstantin\u00e1poly, Biz\u00e1nc f\u0151v\u00e1rosa, r\u00f3mai kori, biz\u00e1nci \u00e9s oszm\u00e1n \u00e9p\u00edt\u00e9szeti eml\u00e9keinek megl\u00e1togat\u00e1sa.<\/p>\n<p><strong>Sz\u00e1ll\u00e1sok jellege:<\/strong> hosztelek \u00e9s sz\u00e1llod\u00e1k.<\/p>\n<p><strong>\u00c1r: 900 lej.<\/strong><\/p>\n<p>Az \u00e1r tartalmazza az 5 sz\u00e1ll\u00e1s, busz, komp, reggeli k\u00f6lts\u00e9geit.<\/p>\n<p><strong>Jelentkez\u00e9s 200 lej el\u0151leggel febru\u00e1r 15-ig.<\/strong><\/p>\n<p><a href=\"http:\/\/geografie.ubbcluj.ro\/pages\/magyarfoldrajz\/wp-content\/uploads\/2017\/12\/torok1.jpg\"><img loading=\"lazy\" decoding=\"async\" class=\"aligncenter size-full wp-image-1909\" title=\"torok1\" src=\"http:\/\/geografie.ubbcluj.ro\/pages\/magyarfoldrajz\/wp-content\/uploads\/2017\/12\/torok1.jpg\" alt=\"\" width=\"800\" height=\"620\" \/><\/a><\/p>\n<p><a href=\"http:\/\/geografie.ubbcluj.ro\/pages\/magyarfoldrajz\/wp-content\/uploads\/2017\/12\/torok2.jpg\"><img loading=\"lazy\" decoding=\"async\" class=\"aligncenter size-full wp-image-1910\" title=\"torok2\" src=\"http:\/\/geografie.ubbcluj.ro\/pages\/magyarfoldrajz\/wp-content\/uploads\/2017\/12\/torok2.jpg\" alt=\"\" width=\"1024\" height=\"678\" \/><\/a><\/p>\n<p><a href=\"http:\/\/geografie.ubbcluj.ro\/pages\/magyarfoldrajz\/wp-content\/uploads\/2017\/12\/torok3.jpg\"><img loading=\"lazy\" decoding=\"async\" class=\"aligncenter size-full wp-image-1911\" title=\"torok3\" src=\"http:\/\/geografie.ubbcluj.ro\/pages\/magyarfoldrajz\/wp-content\/uploads\/2017\/12\/torok3.jpg\" alt=\"\" width=\"1280\" height=\"411\" \/><\/a><\/p>\n<p><a href=\"http:\/\/geografie.ubbcluj.ro\/pages\/magyarfoldrajz\/wp-content\/uploads\/2017\/12\/torok4.jpg\"><img loading=\"lazy\" decoding=\"async\" class=\"aligncenter size-full wp-image-1912\" title=\"torok4\" src=\"http:\/\/geografie.ubbcluj.ro\/pages\/magyarfoldrajz\/wp-content\/uploads\/2017\/12\/torok4.jpg\" alt=\"\" width=\"800\" height=\"609\" \/><\/a><\/p>\n<h2 style=\"text-align: center;\"><span style=\"color: #800000;\"><strong>B\u00e1ns\u00e1gi-hegyvid\u00e9k<\/strong><\/span><\/h2>\n<p><strong>Aj\u00e1nlott:<\/strong> BSc1, BSc2<\/p>\n<p><strong>Helyek sz\u00e1ma:<\/strong> 22\u201335 f\u0151<\/p>\n<p><strong>Id\u0151:<\/strong> 6 nap, 2018. \u00e1prilis 23\u201328.<\/p>\n<p><strong>Jelentkez\u00e9s:<\/strong> <a href=\"mailto:gal.andi@yahoo.com\"><span style=\"text-decoration: underline;\">gal.andi@<\/span><span style=\"text-decoration: underline;\">yahoo.com<\/span><\/a><\/p>\n<p><strong>Tant\u00e1rgy \/ t\u00e9ma:<\/strong> Geomorfol\u00f3gia, Karsztol\u00f3gia<\/p>\n<p><strong>Tanulm\u00e1nyi k\u00f6vetelm\u00e9ny:<\/strong> \u00edr\u00e1sbeli vizsga az \u00faton szerzett ismeretekb\u0151l, visszat\u00e9r\u00e9s ut\u00e1n<\/p>\n<p><strong>Szervez\u0151: G\u00e1l Andrea, Imecs Zolt\u00e1n<\/strong><\/p>\n<p><strong>Helysz\u00ednek, l\u00e1tnival\u00f3k:<\/strong> N\u00e9ra-szurdok, Beu\u0219ni\u021ba-v\u00edzes\u00e9s, Kaz\u00e1n-szoros, Corcoaia-szoros, Meh\u00e1diai-hegys\u00e9g.<\/p>\n<p><strong>Sz\u00e1ll\u00e1sok jellege:<\/strong> panzi\u00f3, fah\u00e1zik\u00f3k.<\/p>\n<p><strong>\u00c1r: 350 lej<\/strong> (busz, sz\u00e1ll\u00e1s)<\/p>\n<p><strong>Jelentkez\u00e9s 100 lej el\u0151leggel febru\u00e1r 26-ig.<\/strong><\/p>\n<p><a href=\"http:\/\/geografie.ubbcluj.ro\/pages\/magyarfoldrajz\/wp-content\/uploads\/2017\/12\/bansag1.jpg\"><img loading=\"lazy\" decoding=\"async\" class=\"aligncenter size-full wp-image-1914\" title=\"bansag1\" src=\"http:\/\/geografie.ubbcluj.ro\/pages\/magyarfoldrajz\/wp-content\/uploads\/2017\/12\/bansag1.jpg\" alt=\"\" width=\"1200\" height=\"803\" \/><\/a><\/p>\n<p><a href=\"http:\/\/geografie.ubbcluj.ro\/pages\/magyarfoldrajz\/wp-content\/uploads\/2017\/12\/bansag2.jpg\"><img loading=\"lazy\" decoding=\"async\" class=\"aligncenter size-full wp-image-1915\" title=\"bansag2\" src=\"http:\/\/geografie.ubbcluj.ro\/pages\/magyarfoldrajz\/wp-content\/uploads\/2017\/12\/bansag2.jpg\" alt=\"\" width=\"1024\" height=\"768\" \/><\/a><a href=\"http:\/\/geografie.ubbcluj.ro\/pages\/magyarfoldrajz\/wp-content\/uploads\/2017\/12\/bansag3.jpg\"><img loading=\"lazy\" decoding=\"async\" class=\"aligncenter size-full wp-image-1916\" title=\"bansag3\" src=\"http:\/\/geografie.ubbcluj.ro\/pages\/magyarfoldrajz\/wp-content\/uploads\/2017\/12\/bansag3.jpg\" alt=\"\" width=\"1024\" height=\"768\" \/><\/a><a href=\"http:\/\/geografie.ubbcluj.ro\/pages\/magyarfoldrajz\/wp-content\/uploads\/2017\/12\/bansag4.jpg\"><img loading=\"lazy\" decoding=\"async\" class=\"aligncenter size-full wp-image-1917\" title=\"bansag4\" src=\"http:\/\/geografie.ubbcluj.ro\/pages\/magyarfoldrajz\/wp-content\/uploads\/2017\/12\/bansag4.jpg\" alt=\"\" width=\"757\" height=\"567\" \/><\/a><\/p>\n<p>&nbsp;<\/p>\n<h2 style=\"text-align: center;\"><span style=\"color: #800000;\"><strong>D\u00e9l-Erd\u00e9ly \u2013 Havasalf\u00f6ld \u2013 Bulg\u00e1ria<\/strong><\/span><\/h2>\n<p><strong>Aj\u00e1nlott:<\/strong> BSc1, BSc2<\/p>\n<p><strong>Helyek sz\u00e1ma:<\/strong> 35\u201350 f\u0151<\/p>\n<p><strong>Id\u0151:<\/strong> 6 nap, 2018. \u00e1prilis 23\u201328.<\/p>\n<p><strong>Jelentkez\u00e9s:<\/strong> <a href=\"mailto:csaba.kovacs@ubbcluj.ro\">csaba.kovacs@ubbcluj.ro<\/a><\/p>\n<p><strong>Tant\u00e1rgy \/ t\u00e9ma:<\/strong> Fejedelmi sz\u00e9khelyek D\u00e9l-Erd\u00e9lyben, Havasalf\u00f6ld\u00f6n \u00e9s Bulg\u00e1ri\u00e1ban.<\/p>\n<p><strong>Tanulm\u00e1nyi k\u00f6vetelm\u00e9ny:<\/strong> r\u00e9szv\u00e9tel, magatart\u00e1s.<\/p>\n<p><strong>Szervez\u0151: Kov\u00e1cs Csaba<\/strong><\/p>\n<p><strong>Tervezett \u00fatvonal \u00e9s l\u00e1tnival\u00f3k:<\/strong><\/p>\n<p>I. nap: Kolozsv\u00e1r \u2013 Medgyes \u2013 Muzsna (v\u00e1rtemplomok) \u2013 Fogaras (v\u00e1rm\u00fazeum) \u2013 T\u00f6rcsv\u00e1r<\/p>\n<p>(kast\u00e9ly).<\/p>\n<p>II. nap: Barcarozsny\u00f3 (v\u00e1r) \u2013 Sinaia (Pele\u0219-kast\u00e9ly) \u2013 Bu\u0219teni (Cantacuzino-palota) \u2013 Brass\u00f3 \u2013 T\u00f6rcsv\u00e1r.<\/p>\n<p>III. nap: T\u00f6rcsv\u00e1r \u2013 C\u00e2mpulung (Negru Vod\u0103-kolostor) \u2013 Corbii de Piatr\u0103 (sziklakolostor) \u2013 T\u00e2rgovi\u0219te (fejedelmi udvar) \u2013 Bukarest.<\/p>\n<p>IV. nap: Bukarest (Antipa m\u00fazeum, Curtea Veche, Mogo\u0219oaia-palota, Parlament).<\/p>\n<p>V. nap: Giurgiu &#8211; Basarbovo (sziklakolostor) \u2013 Veliko Tarnovo (Tsarevets-v\u00e1r, v\u00e1rosn\u00e9z\u00e9s) \u2013 Ruse (belv\u00e1ros) \u2013 Bukarest.<\/p>\n<p>VI. nap: Pite\u0219ti \u2013 Curtea de Arge\u0219 (fejedelmi udvar, Arge\u0219 kolostor) \u2013 Nagydiszn\u00f3d (v\u00e1rtemplom) \u2013 Nagyszeben \u2013 Gyulafeh\u00e9rv\u00e1r (v\u00e1rnegyed) \u2013 Kolozsv\u00e1r.<\/p>\n<p><strong>Sz\u00e1ll\u00e1sok panzi\u00f3ban<\/strong> (T\u00f6rcsv\u00e1ron 2, Bukarestben 3 \u00e9jszaka).<\/p>\n<p><strong>\u00c1r: 300 lej<\/strong> (busz, sz\u00e1ll\u00e1s).<\/p>\n<p><strong>Jelentkez\u00e9s febru\u00e1r 26-ig, majd \u00e1r kifizet\u00e9se r\u00e9szletekben.<\/strong><\/p>\n<h2 style=\"text-align: center;\"><span style=\"color: #800000;\"><strong>Kauk\u00e1zus<\/strong><\/span><\/h2>\n<p><strong>Aj\u00e1nlott:<\/strong> BSc, MSc, volt hallgat\u00f3.<\/p>\n<p><strong>Helyek sz\u00e1ma:<\/strong> 21\u201339 f\u0151.<\/p>\n<p><strong>Id\u0151:<\/strong> 12 nap, 2018. augusztus 31 \u2013 szeptember 11.<\/p>\n<p><strong>Jelentkez\u00e9s:<\/strong> <a href=\"mailto:bezsombor@yahoo.com\"><span style=\"text-decoration: underline;\">bezsombor@yahoo.com<\/span><\/a><\/p>\n<p><strong>Tant\u00e1rgy \/ t\u00e9ma:<\/strong> Nemzetk\u00f6zi turizmus, Eur\u00f3pa f\u00f6ldrajza, \u00c1zsia f\u00f6ldrajza.<\/p>\n<p><strong>Tanulm\u00e1nyi k\u00f6vetelm\u00e9ny:<\/strong> r\u00f6vid \u00edr\u00e1sbeli vizsga.<\/p>\n<p><strong>Szervez\u0151: Bartos-Elekes Zsombor, Nemerk\u00e9nyi Zsombor <\/strong>(MTA, A F\u00f6ldg\u00f6mb)<\/p>\n<p>&nbsp;<\/p>\n<p>Az \u00fat sor\u00e1n a k\u00fcl\u00f6nleges term\u00e9szeti \u00e9s kultur\u00e1lis l\u00e1tnival\u00f3kkal rendelkez\u0151 Kauk\u00e1zus vid\u00e9k\u00e9t j\u00e1rjuk be: egy hetet t\u00f6lt\u00fcnk Gr\u00fazi\u00e1ban \u00e9s 3 napot \u00d6rm\u00e9nyorsz\u00e1gban, ami alatt megn\u00e9zz\u00fck mindk\u00e9t kis orsz\u00e1g fontos l\u00e1tnival\u00f3it.<\/p>\n<p>\u00c1zsi\u00e1hoz m\u00e9lt\u00f3an, a kis bej\u00e1rt ter\u00fclet ellen\u00e9re, a term\u00e9szeti l\u00e1tnival\u00f3k a f\u00f6ldrajzi sz\u00e9ls\u0151s\u00e9gekig terjednek. Els\u0151sorban az eur\u00f3pai hegyekn\u00e9l magasabb Kauk\u00e1zusba l\u00e1togatunk el: k\u00f6z\u00e9pkori v\u00e9dtornyokb\u00f3l \u00e1ll\u00f3 havasalji faluban lakunk, onnan ak\u00e1r lovon, terepj\u00e1r\u00f3val, gyalog kir\u00e1ndulunk az \u00f6tezres cs\u00facsok gleccsereinek l\u00e1b\u00e1hoz (Ushguli, Svaneti). M\u00edg a tengerpart mediterr\u00e1n, teatermeszt\u0151 vid\u00e9k (Batumi) \u2013 addig a bels\u0151, Kah\u00e9ti-fenns\u00edk egy r\u00e9sze ak\u00e1r m\u00e1r f\u00e9lsivatag (Udabno sz\u00ednes agyags\u00e1vjai, Davit Gareja kora k\u00f6z\u00e9pkori barlangkolostorai).<\/p>\n<p>A kelet-eur\u00f3pai (ortodox, szovjet) \u00e9s k\u00f6zel-keleti iszl\u00e1m kult\u00far\u00e1k tal\u00e1lkoz\u00e1sainak saj\u00e1tos r\u00e9tegz\u0151d\u00e9s\u00e9t, z\u00e1rv\u00e1nyait fedezz\u00fck fel: a k\u00e9t kauk\u00e1zusi, muzulm\u00e1n szomsz\u00e9ds\u00e1g\u00fa, kereszt\u00e9ny t\u00f6bbs\u00e9g\u0171 orsz\u00e1got. A ter\u00fclet \u00f3kori t\u00f6rt\u00e9net\u00e9nek tan\u00faja egy hell\u00e9n templom (Garni). Az \u00f6rm\u00e9nyek \u00e9s a gr\u00fazok m\u00e9g az \u00f3kor v\u00e9g\u00e9n v\u00e1ltak kereszt\u00e9nyekk\u00e9, rendk\u00edv\u00fcli fekv\u00e9s\u0171 kolostoraikat l\u00e1togatjuk meg: a bibliai Arar\u00e1t l\u00e1b\u00e1n\u00e1l, vagy a Szev\u00e1n-t\u00f3 f\u00e9lsziget\u00e9n, a t\u00f6bb mint ezer \u00e9ves \u00e9p\u00fcletek az \u00f3kereszt\u00e9ny m\u0171v\u00e9szet remekei (Khor Virap, Sevanavank, Haghpat, Geghard, Echmiadzin, Mtskheta). A ter\u00fclet \u00e9vsz\u00e1zadokon \u00e1t k\u00f6zel-keleti birodalmak (legink\u00e1bb a Perzsa Birodalom) r\u00e9sze volt, \u00edgy ez itatta \u00e1t kult\u00far\u00e1j\u00e1t: Tbilisziben a k\u00f6z\u00e9pkori f\u00fcrd\u0151k negyed\u00e9ben (Abanotubani) term\u00e1lf\u00fcrd\u0151t pr\u00f3b\u00e1lunk ki, Jerev\u00e1nban a K\u00e9k mecsetet n\u00e9zz\u00fck meg, a vil\u00e1g tal\u00e1n leg\u0151sibb borvid\u00e9k\u00e9n Sighnaghi \u00f3v\u00e1ros\u00e1ban s\u00e9t\u00e1lunk, csal\u00e1dokn\u00e1l is megsz\u00e1llva a keleti vend\u00e9gszeretet \u00e9s a kit\u0171n\u0151 konyh\u00e1t \u00edzlelhetj\u00fck. K\u00e9s\u0151bb a c\u00e1ri birodalom, majd a k\u00f6zelm\u00faltig a Szovjetuni\u00f3 ny\u00falt el id\u00e1ig: Szt\u00e1lin sz\u00fcl\u0151v\u00e1ros\u00e1ban (Gori) fordulunk meg, Jerev\u00e1n belv\u00e1ros\u00e1ban l\u00e1thatjuk ennek \u00e9p\u00edt\u00e9szeti nyomait, a mindennapokban a posztszovjet vil\u00e1got.<\/p>\n<p>Sz\u00e1ll\u00e1sainkat vid\u00e9ken csal\u00e1dokn\u00e1l tervezz\u00fck (vacsor\u00e1val, reggelivel), a f\u0151v\u00e1rosokban hosztelekben sz\u00e1llunk (reggelivel), helyben b\u00e9rel\u00fcnk buszt az utaz\u00e1sunkhoz.<\/p>\n<p><strong>\u00c1r: 900 lej.<\/strong><\/p>\n<p>Az \u00e1r tartalmazza az \u00f6sszes helyi k\u00f6telez\u0151 k\u00f6lts\u00e9get: buszt, sz\u00e1ll\u00e1st, reggelit, tov\u00e1bb\u00e1 4 napig vacsor\u00e1t is. Nem tartalmazza a megk\u00f6zel\u00edt\u00e9st: a rep\u00fcl\u0151jegyet a r\u00e9szvev\u0151k egy\u00e9nileg (ig\u00e9ny eset\u00e9ben seg\u00edts\u00e9g\u00fcnkkel, esetleg csoportkedvezm\u00e9nyeket kihaszn\u00e1lva) v\u00e1s\u00e1rolj\u00e1k meg. Javasolt megk\u00f6zel\u00edt\u00e9s a Budapest\u2013Kutaisi rep\u00fcl\u0151j\u00e1rat, amely menett\u00e9rti \u00e1ra kb. 900 lej\/f\u0151 (csak 10 kil\u00f3s k\u00e9zipoggy\u00e1sszal), tov\u00e1bbi kb. 350 lej\/f\u0151 a feladott 20 kil\u00f3s poggy\u00e1sz menett\u00e9rti \u00e1ra.<\/p>\n<p><strong>Jelentkez\u00e9s febru\u00e1r 26-ig, majd \u00e1r kifizet\u00e9se r\u00e9szletekben.<\/strong><\/p>\n<p><a href=\"http:\/\/geografie.ubbcluj.ro\/pages\/magyarfoldrajz\/wp-content\/uploads\/2017\/12\/kaukazus1.jpg\"><img loading=\"lazy\" decoding=\"async\" class=\"aligncenter size-full wp-image-1919\" title=\"kaukazus1\" src=\"http:\/\/geografie.ubbcluj.ro\/pages\/magyarfoldrajz\/wp-content\/uploads\/2017\/12\/kaukazus1.jpg\" alt=\"\" width=\"1200\" height=\"877\" \/><\/a><\/p>\n<p><a href=\"http:\/\/geografie.ubbcluj.ro\/pages\/magyarfoldrajz\/wp-content\/uploads\/2017\/12\/kaukazus2.jpg\"><img loading=\"lazy\" decoding=\"async\" class=\"aligncenter size-full wp-image-1920\" title=\"kaukazus2\" src=\"http:\/\/geografie.ubbcluj.ro\/pages\/magyarfoldrajz\/wp-content\/uploads\/2017\/12\/kaukazus2.jpg\" alt=\"\" width=\"1200\" height=\"818\" \/><\/a><\/p>\n<p><a href=\"http:\/\/geografie.ubbcluj.ro\/pages\/magyarfoldrajz\/wp-content\/uploads\/2017\/12\/kaukazus3.jpg\"><img loading=\"lazy\" decoding=\"async\" class=\"aligncenter size-full wp-image-1921\" title=\"kaukazus3\" src=\"http:\/\/geografie.ubbcluj.ro\/pages\/magyarfoldrajz\/wp-content\/uploads\/2017\/12\/kaukazus3.jpg\" alt=\"\" width=\"1200\" height=\"775\" \/><\/a><\/p>\n<p><a href=\"http:\/\/geografie.ubbcluj.ro\/pages\/magyarfoldrajz\/wp-content\/uploads\/2017\/12\/kaukazus4.jpg\"><img loading=\"lazy\" decoding=\"async\" class=\"aligncenter size-full wp-image-1922\" title=\"kaukazus4\" src=\"http:\/\/geografie.ubbcluj.ro\/pages\/magyarfoldrajz\/wp-content\/uploads\/2017\/12\/kaukazus4.jpg\" alt=\"\" width=\"1200\" height=\"713\" \/><\/a><\/p>\n","protected":false},"excerpt":{"rendered":"<p>Budapest Aj\u00e1nlott: BSc1, BSc2 Helyek sz\u00e1ma: 48 f\u0151 Id\u0151: 6 nap, 2018. m\u00e1rcius 1\u20135. Jelentkez\u00e9s: talpasjanos@yahoo.com Tant\u00e1rgy \/ t\u00e9ma: Turizmusf\u00f6ldrajz, V\u00e1rosi turizmus. Tanulm\u00e1nyi k\u00f6vetelm\u00e9ny: sz\u00f3beli. Szervez\u0151: Talpas J\u00e1nos Helysz\u00ednek: Budapest (Utaz\u00e1s ki\u00e1ll\u00edt\u00e1s, v\u00e1rosl\u00e1togat\u00e1s) \u2013 Etyek (bork\u00f3stol\u00e1s) \u2013 Kecskem\u00e9t (v\u00e1rosl\u00e1togat\u00e1s) \u2013 &hellip; <a class=\"more-link\" href=\"https:\/\/geografie.ubbcluj.ro\/pages\/magyarfoldrajz\/?page_id=1904\">Continue reading <span class=\"meta-nav\">&rarr;<\/span><\/a><\/p>\n","protected":false},"author":2,"featured_media":0,"parent":464,"menu_order":0,"comment_status":"closed","ping_status":"closed","template":"","meta":{"footnotes":""},"_links":{"self":[{"href":"https:\/\/geografie.ubbcluj.ro\/pages\/magyarfoldrajz\/index.php?rest_route=\/wp\/v2\/pages\/1904"}],"collection":[{"href":"https:\/\/geografie.ubbcluj.ro\/pages\/magyarfoldrajz\/index.php?rest_route=\/wp\/v2\/pages"}],"about":[{"href":"https:\/\/geografie.ubbcluj.ro\/pages\/magyarfoldrajz\/index.php?rest_route=\/wp\/v2\/types\/page"}],"author":[{"embeddable":true,"href":"https:\/\/geografie.ubbcluj.ro\/pages\/magyarfoldrajz\/index.php?rest_route=\/wp\/v2\/users\/2"}],"replies":[{"embeddable":true,"href":"https:\/\/geografie.ubbcluj.ro\/pages\/magyarfoldrajz\/index.php?rest_route=%2Fwp%2Fv2%2Fcomments&post=1904"}],"version-history":[{"count":9,"href":"https:\/\/geografie.ubbcluj.ro\/pages\/magyarfoldrajz\/index.php?rest_route=\/wp\/v2\/pages\/1904\/revisions"}],"predecessor-version":[{"id":1925,"href":"https:\/\/geografie.ubbcluj.ro\/pages\/magyarfoldrajz\/index.php?rest_route=\/wp\/v2\/pages\/1904\/revisions\/1925"}],"up":[{"embeddable":true,"href":"https:\/\/geografie.ubbcluj.ro\/pages\/magyarfoldrajz\/index.php?rest_route=\/wp\/v2\/pages\/464"}],"wp:attachment":[{"href":"https:\/\/geografie.ubbcluj.ro\/pages\/magyarfoldrajz\/index.php?rest_route=%2Fwp%2Fv2%2Fmedia&parent=1904"}],"curies":[{"name":"wp","href":"https:\/\/api.w.org\/{rel}","templated":true}]}}