{"id":189,"date":"2012-11-26T22:04:38","date_gmt":"2012-11-26T22:04:38","guid":{"rendered":"http:\/\/geografie.ubbcluj.ro\/pages\/magyarfoldrajz\/?page_id=189"},"modified":"2012-12-08T16:23:20","modified_gmt":"2012-12-08T16:23:20","slug":"fotoalbum","status":"publish","type":"page","link":"https:\/\/geografie.ubbcluj.ro\/pages\/magyarfoldrajz\/?page_id=189","title":{"rendered":"Fot\u00f3album"},"content":{"rendered":"<p>A sok munka \u00e9s tan\u00edt\u00e1s mellett n\u00e9ha olyan rendezv\u00e9nyekre, esem\u00e9nyekre is sor ker\u00fcl amelyeket \u00e9rdemes f\u00e9nyk\u00e9pek seg\u00edts\u00e9g\u00e9vel megosztani a kedves l\u00e1togat\u00f3kkal. J\u00f3 sz\u00f3rakoz\u00e1st!<\/p>\n<p><tt>%%wppa%%<\/tt><\/p>\n","protected":false},"excerpt":{"rendered":"<p>A sok munka \u00e9s tan\u00edt\u00e1s mellett n\u00e9ha olyan rendezv\u00e9nyekre, esem\u00e9nyekre is sor ker\u00fcl amelyeket \u00e9rdemes f\u00e9nyk\u00e9pek seg\u00edts\u00e9g\u00e9vel megosztani a kedves l\u00e1togat\u00f3kkal. J\u00f3 sz\u00f3rakoz\u00e1st! %%wppa%%<\/p>\n","protected":false},"author":2,"featured_media":0,"parent":0,"menu_order":0,"comment_status":"closed","ping_status":"closed","template":"","meta":{"footnotes":""},"_links":{"self":[{"href":"https:\/\/geografie.ubbcluj.ro\/pages\/magyarfoldrajz\/index.php?rest_route=\/wp\/v2\/pages\/189"}],"collection":[{"href":"https:\/\/geografie.ubbcluj.ro\/pages\/magyarfoldrajz\/index.php?rest_route=\/wp\/v2\/pages"}],"about":[{"href":"https:\/\/geografie.ubbcluj.ro\/pages\/magyarfoldrajz\/index.php?rest_route=\/wp\/v2\/types\/page"}],"author":[{"embeddable":true,"href":"https:\/\/geografie.ubbcluj.ro\/pages\/magyarfoldrajz\/index.php?rest_route=\/wp\/v2\/users\/2"}],"replies":[{"embeddable":true,"href":"https:\/\/geografie.ubbcluj.ro\/pages\/magyarfoldrajz\/index.php?rest_route=%2Fwp%2Fv2%2Fcomments&post=189"}],"version-history":[{"count":4,"href":"https:\/\/geografie.ubbcluj.ro\/pages\/magyarfoldrajz\/index.php?rest_route=\/wp\/v2\/pages\/189\/revisions"}],"predecessor-version":[{"id":334,"href":"https:\/\/geografie.ubbcluj.ro\/pages\/magyarfoldrajz\/index.php?rest_route=\/wp\/v2\/pages\/189\/revisions\/334"}],"wp:attachment":[{"href":"https:\/\/geografie.ubbcluj.ro\/pages\/magyarfoldrajz\/index.php?rest_route=%2Fwp%2Fv2%2Fmedia&parent=189"}],"curies":[{"name":"wp","href":"https:\/\/api.w.org\/{rel}","templated":true}]}}

Fotóalbum

<p>A sok munka és tanítás mellett néha olyan rendezvényekre, eseményekre is sor kerül amelyeket érdemes fényképek segítségével megosztani a kedves látogatókkal. Jó szórakozást!</p>
<p><tt>%%wppa%%</tt></p>

<p>A sok munka és tanítás mellett néha olyan rendezvényekre, eseményekre is sor kerül amelyeket érdemes fényképek segítségével megosztani a kedves látogatókkal. Jó szórakozást! %%wppa%%</p>
