{"id":1764,"date":"2017-06-12T20:53:37","date_gmt":"2017-06-12T20:53:37","guid":{"rendered":"http:\/\/geografie.ubbcluj.ro\/pages\/magyarfoldrajz\/?page_id=1764"},"modified":"2019-09-23T21:10:38","modified_gmt":"2019-09-23T21:10:38","slug":"bogi","status":"publish","type":"page","link":"https:\/\/geografie.ubbcluj.ro\/pages\/magyarfoldrajz\/?page_id=1764","title":{"rendered":"Bogi"},"content":{"rendered":"<p><strong><a href=\"http:\/\/geografie.ubbcluj.ro\/pages\/magyarfoldrajz\/wp-content\/uploads\/2017\/06\/Bogi1.jpg\"><img loading=\"lazy\" decoding=\"async\" class=\"alignright size-full wp-image-1774\" title=\"Bogi\" src=\"http:\/\/geografie.ubbcluj.ro\/pages\/magyarfoldrajz\/wp-content\/uploads\/2017\/06\/Bogi1.jpg\" alt=\"\" width=\"150\" height=\"200\" \/><\/a>N\u00e9v:<\/strong> <strong>Czellecz Bogl\u00e1rka Timea<\/strong><\/p>\n<p><strong>Munkak\u00f6r:<\/strong> egyetemi adjunktus<\/p>\n<p><strong>V\u00e9gzetts\u00e9g:<\/strong> Geogr\u00e1fus, 2005 \u2013 2008<\/p>\n<p><strong>Tudom\u00e1nyos fokozat:<\/strong> PhD<\/p>\n<p><strong>Nyelvismeret:<\/strong> rom\u00e1n, angol<\/p>\n<p><strong>e-mail c\u00edm<\/strong>: <a href=\"mailto:boglarka.czellecz@gmail.com\">boglarka.czellecz@gmail.com<\/a><\/p>\n<p><span style=\"color: #339966;\"><em><strong>\u00d6n\u00e9letrajz let\u00f6lt\u00e9se<\/strong><\/em><\/span><\/p>\n<p><strong>Oktat\u00e1si tev\u00e9kenys\u00e9g:<\/strong> Hidrol\u00f3gia (Bsc I. \u00e9v), Talajf\u00f6ldrajz (Bsc II. \u00e9v)<\/p>\n<p><strong>Kutat\u00e1si ter\u00fclet:<\/strong> \u00c1sv\u00e1nyvizek f\u00f6ldrajza<\/p>\n<p><strong>K\u00fclf\u00f6ldi hivatalos tanulm\u00e1nyutak:<\/strong><\/p>\n<p>2013 (jan. \u2013 m\u00e1rc), Hertelendi Ede K\u00f6rnyezetanal\u00edtikai Laborat\u00f3rium, ATOMKI, Debrecen, Magyarorsz\u00e1g<\/p>\n<p>2012, (febr. \u2013 \u00e1pr.) Jagiellonian University in Krakow, Term\u00e9szettudom\u00e1nyok Kar, Lengyelorsz\u00e1g<\/p>\n<p><strong>Legfontosabb publik\u00e1ci\u00f3k:<\/strong><\/p>\n<ol>\n<li>Bogl\u00e1rka-Mercedesz Kis<strong>, Bogl\u00e1rka Czellecz<\/strong>, C\u0103lin Baciu, L\u00e1szl\u00f3 K\u00e9kedy-Nagy, (2012), <em>Hydrogeochemical features of some<\/em><em> mineral waters at the contact between <\/em><em>Harghita <\/em><em>Mts. (Eastern Carpathians) and the Transylvanian Basin<\/em>, Procedia Environmental Sciences, Vol. 14, pg. 195-206 (2011 International Conference of Environment-Landscape-European Identity)<\/li>\n<li><strong>Czellecz B.<\/strong>, Petrea D., (2013), <em>Mineral water for treatments: Summarized presentation of the bathing culture<\/em>, Studia Universitatis Babe\u0219-Bolyai, Geographia 1\/2013, pag. 63-74, Cluj-Napoca, Romania<\/li>\n<li><strong>Czellecz B<\/strong>., P\u00e1l Z., Petrea D., Sz\u00e1sz \u00c1., Palcsu L., (2015), <em>CO<sub>2<\/sub>-driven cold water geysering well in Transylvania \u2013 B<\/em><em>\u0103ile Chirui<\/em>, Studia Universitatis Babe\u0219-Bolyai, Geographia, 2\/2015, pag. 69-80, Cluj-Napoca, Romania<\/li>\n<li><strong>Czellecz B.<\/strong>, G\u00e1bor I., Ravasz L., \u0218chiopu G., Szopos N., (2016), <em>Saline water resources in Cluj-Napoca surroundings<\/em>, Proceedings of Conferin\u021ba Aerul \u0219i Apa \u2013 Componente ale Mediului, 25-27 martie, 2016, Cluj-Napoca<\/li>\n<li><strong>Czellecz B.<\/strong>, G\u00e1bor I., Szopos N., \u0218chiopu G., Ravasz L., Gombos L., (2017), <em>Mineral waters from upper Trotu\u0219 River basin<\/em>, Proceedings of Conferin\u021ba Aerul \u0219i Apa \u2013 Componente ale Mediului, 17-19 martie, 2017, Cluj-Napoca<\/li>\n<li><strong>Czellecz B.<\/strong>, Kis B., Koch A., (2015), <em>Entstehung und Zusammensetzung von nat\u00fcrlichen Mineralwassern<\/em>, in Diercke \u2013 Ressource Wasser, Methoden und Aufgaben (ed.: Dr. F. Barnikel, Prof. Dr. M. Vetter), pag. 38-46, Editura Westermann, Deutschland<\/li>\n<\/ol>\n<ol start=\"7\">\n<li>B\u00e1n B., Benk\u0151 Cs., Bo\u00e9r \u00c1., <strong>Czellecz B.<\/strong>, Kis B. M., P\u00e1l Z., S\u00fct\u0151 Sz., Sz\u00e1sz \u00c1., Sz\u00e1sz B., (2012), <em>Changes in TDS content of natural mineral waters. Case stury: the south-western slopes of South-Harghita Mountains<\/em>, Environmental Studies in the Carpathian Basin, VIII. International Scientific Conference, 18-21 aprilie, 2012, Veszpr\u00e9m, Ungaria<\/li>\n<\/ol>\n<p><span style=\"color: #339966;\"><em><strong>Publik\u00e1ci\u00f3k let\u00f6lt\u00e9se<\/strong><\/em><\/span><\/p>\n<p><a href=\"http:\/\/cholnoky.ro\/allamvizsgak\/Cz_Bogi.pdf\" target=\"_blank\" rel=\"noopener noreferrer\"><span style=\"color: #0000ff;\"><em><strong>Javasolt \u00e1llamvizsga t\u00e9m\u00e1k<\/strong><\/em><\/span><\/a><\/p>\n","protected":false},"excerpt":{"rendered":"<p>N\u00e9v: Czellecz Bogl\u00e1rka Timea Munkak\u00f6r: egyetemi adjunktus V\u00e9gzetts\u00e9g: Geogr\u00e1fus, 2005 \u2013 2008 Tudom\u00e1nyos fokozat: PhD Nyelvismeret: rom\u00e1n, angol e-mail c\u00edm: boglarka.czellecz@gmail.com \u00d6n\u00e9letrajz let\u00f6lt\u00e9se Oktat\u00e1si tev\u00e9kenys\u00e9g: Hidrol\u00f3gia (Bsc I. \u00e9v), Talajf\u00f6ldrajz (Bsc II. \u00e9v) Kutat\u00e1si ter\u00fclet: \u00c1sv\u00e1nyvizek f\u00f6ldrajza K\u00fclf\u00f6ldi hivatalos tanulm\u00e1nyutak: &hellip; <a class=\"more-link\" href=\"https:\/\/geografie.ubbcluj.ro\/pages\/magyarfoldrajz\/?page_id=1764\">Continue reading <span class=\"meta-nav\">&rarr;<\/span><\/a><\/p>\n","protected":false},"author":2,"featured_media":0,"parent":40,"menu_order":0,"comment_status":"closed","ping_status":"closed","template":"","meta":{"footnotes":""},"_links":{"self":[{"href":"https:\/\/geografie.ubbcluj.ro\/pages\/magyarfoldrajz\/index.php?rest_route=\/wp\/v2\/pages\/1764"}],"collection":[{"href":"https:\/\/geografie.ubbcluj.ro\/pages\/magyarfoldrajz\/index.php?rest_route=\/wp\/v2\/pages"}],"about":[{"href":"https:\/\/geografie.ubbcluj.ro\/pages\/magyarfoldrajz\/index.php?rest_route=\/wp\/v2\/types\/page"}],"author":[{"embeddable":true,"href":"https:\/\/geografie.ubbcluj.ro\/pages\/magyarfoldrajz\/index.php?rest_route=\/wp\/v2\/users\/2"}],"replies":[{"embeddable":true,"href":"https:\/\/geografie.ubbcluj.ro\/pages\/magyarfoldrajz\/index.php?rest_route=%2Fwp%2Fv2%2Fcomments&post=1764"}],"version-history":[{"count":10,"href":"https:\/\/geografie.ubbcluj.ro\/pages\/magyarfoldrajz\/index.php?rest_route=\/wp\/v2\/pages\/1764\/revisions"}],"predecessor-version":[{"id":2147,"href":"https:\/\/geografie.ubbcluj.ro\/pages\/magyarfoldrajz\/index.php?rest_route=\/wp\/v2\/pages\/1764\/revisions\/2147"}],"up":[{"embeddable":true,"href":"https:\/\/geografie.ubbcluj.ro\/pages\/magyarfoldrajz\/index.php?rest_route=\/wp\/v2\/pages\/40"}],"wp:attachment":[{"href":"https:\/\/geografie.ubbcluj.ro\/pages\/magyarfoldrajz\/index.php?rest_route=%2Fwp%2Fv2%2Fmedia&parent=1764"}],"curies":[{"name":"wp","href":"https:\/\/api.w.org\/{rel}","templated":true}]}}