{"id":134,"date":"2012-11-26T16:59:15","date_gmt":"2012-11-26T16:59:15","guid":{"rendered":"http:\/\/geografie.ubbcluj.ro\/pages\/magyarfoldrajz\/?page_id=134"},"modified":"2016-01-14T11:38:20","modified_gmt":"2016-01-14T11:38:20","slug":"doktori-kepzes","status":"publish","type":"page","link":"https:\/\/geografie.ubbcluj.ro\/pages\/magyarfoldrajz\/?page_id=134","title":{"rendered":"Doktori k\u00e9pz\u00e9s"},"content":{"rendered":"<p>A doktori k\u00e9pz\u00e9s (<strong>PhD<\/strong>) a Bolognai rendszer harmadik szintj\u00e9t jelenti. Karunkon t\u00f6bb ter\u00fcleten folyik doktori k\u00e9pz\u00e9s. Err\u0151l r\u00e9szletes inform\u00e1ci\u00f3k tal\u00e1lhat\u00f3k karunk <a href=\"http:\/\/geografie.ubbcluj.ro\/?page_id=3599\" target=\"_blank\"><span style=\"color: #0000ff;\"><strong><span style=\"color: #0000ff;\">honlapj\u00e1n<\/span><\/strong><\/span><\/a>.\u00a0<span style=\"line-height: 1.4em;\">Int\u00e9zet\u00fcnk r\u00e9sz\u00e9r\u0151l, dr. Benedek J\u00f3zsef egyetemi tan\u00e1r, akad\u00e9mikus rendelkezik doktor\u00e1tus vezet\u0151i joggal \u00e9s a k\u00f6vetkez\u0151 t\u00e9m\u00e1kra v\u00e1rja a jelentkez\u0151ket: ter\u00fcletfejleszt\u00e9s, region\u00e1lis fejl\u0151d\u00e9s, telep\u00fcl\u00e9sfejleszt\u00e9s. R\u00e9szletes tematik\u00e1ja megtekinthet\u0151 az innen\u00a0<\/span><a style=\"line-height: 1.4em;\" href=\"http:\/\/geografie.ubbcluj.ro\/Admitere%20si%20licenta\/doctorat\/content\/docs\/tematica%20doctorat%20Benedek.pdf\" target=\"_blank\"><strong>let\u00f6lthet\u0151 dokumentumban<\/strong><\/a><span style=\"line-height: 1.4em;\">.<\/span><\/p>\n<p>Az <a href=\"http:\/\/doctorat.ubbcluj.ro\/\" target=\"_blank\"><span style=\"color: #0000ff;\"><strong>egyetem honlapj\u00e1n<\/strong><\/span><\/a> is r\u00e9szletes inform\u00e1ci\u00f3k tal\u00e1lhat\u00f3k err\u0151l a k\u00e9pz\u00e9si form\u00e1r\u00f3l.<\/p>\n","protected":false},"excerpt":{"rendered":"<p>A doktori k\u00e9pz\u00e9s (PhD) a Bolognai rendszer harmadik szintj\u00e9t jelenti. Karunkon t\u00f6bb ter\u00fcleten folyik doktori k\u00e9pz\u00e9s. Err\u0151l r\u00e9szletes inform\u00e1ci\u00f3k tal\u00e1lhat\u00f3k karunk honlapj\u00e1n.\u00a0Int\u00e9zet\u00fcnk r\u00e9sz\u00e9r\u0151l, dr. Benedek J\u00f3zsef egyetemi tan\u00e1r, akad\u00e9mikus rendelkezik doktor\u00e1tus vezet\u0151i joggal \u00e9s a k\u00f6vetkez\u0151 t\u00e9m\u00e1kra v\u00e1rja a jelentkez\u0151ket: &hellip; <a class=\"more-link\" href=\"https:\/\/geografie.ubbcluj.ro\/pages\/magyarfoldrajz\/?page_id=134\">Continue reading <span class=\"meta-nav\">&rarr;<\/span><\/a><\/p>\n","protected":false},"author":2,"featured_media":0,"parent":42,"menu_order":0,"comment_status":"closed","ping_status":"closed","template":"","meta":{"footnotes":""},"_links":{"self":[{"href":"https:\/\/geografie.ubbcluj.ro\/pages\/magyarfoldrajz\/index.php?rest_route=\/wp\/v2\/pages\/134"}],"collection":[{"href":"https:\/\/geografie.ubbcluj.ro\/pages\/magyarfoldrajz\/index.php?rest_route=\/wp\/v2\/pages"}],"about":[{"href":"https:\/\/geografie.ubbcluj.ro\/pages\/magyarfoldrajz\/index.php?rest_route=\/wp\/v2\/types\/page"}],"author":[{"embeddable":true,"href":"https:\/\/geografie.ubbcluj.ro\/pages\/magyarfoldrajz\/index.php?rest_route=\/wp\/v2\/users\/2"}],"replies":[{"embeddable":true,"href":"https:\/\/geografie.ubbcluj.ro\/pages\/magyarfoldrajz\/index.php?rest_route=%2Fwp%2Fv2%2Fcomments&post=134"}],"version-history":[{"count":8,"href":"https:\/\/geografie.ubbcluj.ro\/pages\/magyarfoldrajz\/index.php?rest_route=\/wp\/v2\/pages\/134\/revisions"}],"predecessor-version":[{"id":579,"href":"https:\/\/geografie.ubbcluj.ro\/pages\/magyarfoldrajz\/index.php?rest_route=\/wp\/v2\/pages\/134\/revisions\/579"}],"up":[{"embeddable":true,"href":"https:\/\/geografie.ubbcluj.ro\/pages\/magyarfoldrajz\/index.php?rest_route=\/wp\/v2\/pages\/42"}],"wp:attachment":[{"href":"https:\/\/geografie.ubbcluj.ro\/pages\/magyarfoldrajz\/index.php?rest_route=%2Fwp%2Fv2%2Fmedia&parent=134"}],"curies":[{"name":"wp","href":"https:\/\/api.w.org\/{rel}","templated":true}]}}

Doktori képzés

<p>A doktori képzés (<strong>PhD</strong>) a Bolognai rendszer harmadik szintjét jelenti. Karunkon több területen folyik doktori képzés. Erről részletes információk találhatók karunk <a href="http://geografie.ubbcluj.ro/?page_id=3599" target="_blank"><span style="color: #0000ff;"><strong><span style="color: #0000ff;">honlapján</span></strong></span></a>. <span style="line-height: 1.4em;">Intézetünk részéről, dr. Benedek József egyetemi tanár, akadémikus rendelkezik doktorátus vezetői joggal és a következő témákra várja a jelentkezőket: területfejlesztés, regionális fejlődés, településfejlesztés. Részletes tematikája megtekinthető az innen </span><a style="line-height: 1.4em;" href="http://geografie.ubbcluj.ro/Admitere%20si%20licenta/doctorat/content/docs/tematica%20doctorat%20Benedek.pdf" target="_blank"><strong>letölthető dokumentumban</strong></a><span style="line-height: 1.4em;">.</span></p>
<p>Az <a href="http://doctorat.ubbcluj.ro/" target="_blank"><span style="color: #0000ff;"><strong>egyetem honlapján</strong></span></a> is részletes információk találhatók erről a képzési formáról.</p>

<p>A doktori képzés (PhD) a Bolognai rendszer harmadik szintjét jelenti. Karunkon több területen folyik doktori képzés. Erről részletes információk találhatók karunk honlapján. Intézetünk részéről, dr. Benedek József egyetemi tanár, akadémikus rendelkezik doktorátus vezetői joggal és a következő témákra várja a jelentkezőket: &hellip; <a class="more-link" href="https://geografie.ubbcluj.ro/pages/magyarfoldrajz/?page_id=134">Continue reading <span class="meta-nav">&rarr;</span></a></p>
