{"id":1219,"date":"2015-11-20T14:14:34","date_gmt":"2015-11-20T14:14:34","guid":{"rendered":"http:\/\/geografie.ubbcluj.ro\/pages\/magyarfoldrajz\/?page_id=1219"},"modified":"2022-10-07T15:47:00","modified_gmt":"2022-10-07T15:47:00","slug":"vegzosoknek","status":"publish","type":"page","link":"https:\/\/geografie.ubbcluj.ro\/pages\/magyarfoldrajz\/?page_id=1219","title":{"rendered":"V\u00e9gz\u0151s\u00f6knek! &#8211; \u00c1LLAMVIZSGA"},"content":{"rendered":"<p>Kedves v\u00e9gz\u0151s Di\u00e1kok!<\/p>\n<p>Az al\u00e1bbi <a title=\"BBTE \u2013 F\u00f6ldrajz Kar\" href=\"https:\/\/hagyatek.cholnoky.ro\/Suli\/Dolik_2008_2022.xls\" target=\"_blank\" rel=\"noopener noreferrer\"><strong><span style=\"color: #0000ff;\">t\u00e1bl\u00e1zat<\/span><\/strong><\/a> tartalmazza a 2008 \u00f3ta elk\u00e9sz\u00fclt \u00e1llamvizsga dolgozatok c\u00edmeit. \u00c1llamvizsgat\u00e9ma v\u00e1laszt\u00e1sakor \u00e9rdemes \u00e1tn\u00e9zni, hogy\u00a0egy adott ter\u00fcletr\u0151l vagy egy adott t\u00e9m\u00e1ban k\u00e9sz\u00fclt-e m\u00e1r dolgozat, hogy ne dolgozzatok poty\u00e1ra. \ud83d\ude1b<\/p>\n<p>P\u00e1l Zolt\u00e1n koll\u00e9g\u00e1nk \u00edrt egy nagyon hasznos <strong>\u00fatmutat\u00f3t<\/strong> az \u00e1llamvizsga elk\u00e9sz\u00edt\u00e9s\u00e9hez, amely let\u00f6lthet\u0151<a href=\"https:\/\/hagyatek.cholnoky.ro\/Suli\/recept.doc\" target=\"_blank\" rel=\"noopener noreferrer\"><span style=\"color: #0000ff;\"><strong> ide<\/strong><\/span><\/a> kattintva.<\/p>\n<p>Elk\u00e9sz\u00fclt a f\u00f6ldrajz kar \u00faj szab\u00e1lyzata amely az \u00e1llamvizsga\/disszert\u00e1ci\u00f3 elk\u00e9sz\u00edt\u00e9s\u00e9re vonatkozik.<\/p>\n<ul>\n<li><a href=\"https:\/\/geografie.ubbcluj.ro\/docs\/studenti\/licenta\/Ghid%20LicDisert%20-%2027.01.22\/01%20Ghid%20LicDisert.pdf\" target=\"_blank\" rel=\"noopener noreferrer\"><span style=\"color: #0000ff;\"><strong>Szerkeszt\u00e9si \u00fatmutat\u00f3<\/strong><\/span><\/a><\/li>\n<li><span style=\"color: #0000ff;\"><strong><a style=\"color: #0000ff;\" href=\"https:\/\/geografie.ubbcluj.ro\/docs\/studenti\/licenta\/Ghid%20LicDisert%20-%2027.01.22\/02%20Template%20LicDisert.docx\" target=\"_blank\" rel=\"noopener noreferrer\">Dolgozat sablon<\/a><\/strong><\/span><\/li>\n<li><a href=\"https:\/\/geografie.ubbcluj.ro\/docs\/studenti\/licenta\/Ghid%20LicDisert%20-%2027.01.22\/03%20Identificator%20tip%20referinta.docx\" target=\"_blank\" rel=\"noopener noreferrer\"><span style=\"color: #0000ff;\"><strong>K\u00f6nyv\u00e9szet szerkeszt\u00e9si seg\u00e9dlet<\/strong><\/span><\/a><\/li>\n<\/ul>\n<p><strong>\u00a0*** LICENC- \u00c9S DISSZERT\u00c1CI\u00d3V\u00c9D\u00c9S ***<\/strong><\/p>\n<p><b>A jelenlegi helyzetet figyelembe v\u00e9ve az \u00e1llamvizsga \u00e9s a disszert\u00e1ci\u00f3 megv\u00e9d\u00e9se ism\u00e9t jelenl\u00e9ti m\u00f3don t\u00f6rt\u00e9nik. R\u00e9szleteket az \u00e9vfolyam vezet\u0151kt\u0151l lehet kapni.\u00a0<\/b><\/p>\n<div>\n<p><strong>Tov\u00e1bbi inform\u00e1ci\u00f3k a kari titk\u00e1rs\u00e1gon a 0264 591807-es telefonsz\u00e1mon vagy Mur\u00e1di Betty titk\u00e1rn\u0151n\u00e9l a <a href=\"mailto:betty.muradi@ubbcluj.ro\" target=\"_blank\" rel=\"noopener noreferrer\">betty.muradi@ubbcluj.ro<\/a> email c\u00edmen.<\/strong><\/p>\n<p><span style=\"color: #0000ff;\"><strong style=\"color: #000000; line-height: 1.4em;\"><strong><strong>&gt;&gt;&gt;\u00a0<a href=\"https:\/\/geografie.ubbcluj.ro\/docs\/studenti\/licenta\/licentaM2022.pdf\" target=\"_blank\" rel=\"noopener noreferrer\"><span style=\"color: #0000ff;\">Az \u00e1llamvizsga tematik\u00e1ja<\/span><\/a>\u00a0<\/strong><\/strong><\/strong><\/span><span style=\"color: #0000ff;\"><strong style=\"color: #000000; line-height: 1.4em;\"><strong><strong>&lt;&lt;&lt;<\/strong><\/strong><\/strong><\/span><\/p>\n<p><span style=\"color: #000000;\"><strong>A szakdolgozatok sikeres v\u00e9d\u00e9se ut\u00e1n<\/strong> a di\u00e1kok egy igazol\u00e1st kapnak, ami a licensz-\/mesteri diplom\u00e1t helyettes\u00edti <em>egy \u00e9vig<\/em>. Az eredeti diplom\u00e1t a TANULM\u00c1NYI IRATOK OSZT\u00c1LYR\u00d3L (SERVICIUL ACTE STUDII) lehet \u00e1tvenni: Universit\u0103\u021bii u. 7-9 \/\u00a0H\u00e9tf\u0151-P\u00e9ntek: 9.00-12.00 \/\u00a00264 405300 (5113).<\/span><\/p>\n<\/div>\n","protected":false},"excerpt":{"rendered":"<p>Kedves v\u00e9gz\u0151s Di\u00e1kok! Az al\u00e1bbi t\u00e1bl\u00e1zat tartalmazza a 2008 \u00f3ta elk\u00e9sz\u00fclt \u00e1llamvizsga dolgozatok c\u00edmeit. \u00c1llamvizsgat\u00e9ma v\u00e1laszt\u00e1sakor \u00e9rdemes \u00e1tn\u00e9zni, hogy\u00a0egy adott ter\u00fcletr\u0151l vagy egy adott t\u00e9m\u00e1ban k\u00e9sz\u00fclt-e m\u00e1r dolgozat, hogy ne dolgozzatok poty\u00e1ra. \ud83d\ude1b P\u00e1l Zolt\u00e1n koll\u00e9g\u00e1nk \u00edrt egy nagyon hasznos &hellip; <a class=\"more-link\" href=\"https:\/\/geografie.ubbcluj.ro\/pages\/magyarfoldrajz\/?page_id=1219\">Continue reading <span class=\"meta-nav\">&rarr;<\/span><\/a><\/p>\n","protected":false},"author":2,"featured_media":0,"parent":0,"menu_order":0,"comment_status":"closed","ping_status":"closed","template":"","meta":{"footnotes":""},"_links":{"self":[{"href":"https:\/\/geografie.ubbcluj.ro\/pages\/magyarfoldrajz\/index.php?rest_route=\/wp\/v2\/pages\/1219"}],"collection":[{"href":"https:\/\/geografie.ubbcluj.ro\/pages\/magyarfoldrajz\/index.php?rest_route=\/wp\/v2\/pages"}],"about":[{"href":"https:\/\/geografie.ubbcluj.ro\/pages\/magyarfoldrajz\/index.php?rest_route=\/wp\/v2\/types\/page"}],"author":[{"embeddable":true,"href":"https:\/\/geografie.ubbcluj.ro\/pages\/magyarfoldrajz\/index.php?rest_route=\/wp\/v2\/users\/2"}],"replies":[{"embeddable":true,"href":"https:\/\/geografie.ubbcluj.ro\/pages\/magyarfoldrajz\/index.php?rest_route=%2Fwp%2Fv2%2Fcomments&post=1219"}],"version-history":[{"count":68,"href":"https:\/\/geografie.ubbcluj.ro\/pages\/magyarfoldrajz\/index.php?rest_route=\/wp\/v2\/pages\/1219\/revisions"}],"predecessor-version":[{"id":2746,"href":"https:\/\/geografie.ubbcluj.ro\/pages\/magyarfoldrajz\/index.php?rest_route=\/wp\/v2\/pages\/1219\/revisions\/2746"}],"wp:attachment":[{"href":"https:\/\/geografie.ubbcluj.ro\/pages\/magyarfoldrajz\/index.php?rest_route=%2Fwp%2Fv2%2Fmedia&parent=1219"}],"curies":[{"name":"wp","href":"https:\/\/api.w.org\/{rel}","templated":true}]}}

Végzősöknek! &#8211; ÁLLAMVIZSGA

<p>Kedves végzős Diákok!</p>
<p>Az alábbi <a title="BBTE – Földrajz Kar" href="https://hagyatek.cholnoky.ro/Suli/Dolik_2008_2022.xls" target="_blank" rel="noopener noreferrer"><strong><span style="color: #0000ff;">táblázat</span></strong></a> tartalmazza a 2008 óta elkészült államvizsga dolgozatok címeit. Államvizsgatéma választásakor érdemes átnézni, hogy egy adott területről vagy egy adott témában készült-e már dolgozat, hogy ne dolgozzatok potyára. 😛</p>
<p>Pál Zoltán kollégánk írt egy nagyon hasznos <strong>útmutatót</strong> az államvizsga elkészítéséhez, amely letölthető<a href="https://hagyatek.cholnoky.ro/Suli/recept.doc" target="_blank" rel="noopener noreferrer"><span style="color: #0000ff;"><strong> ide</strong></span></a> kattintva.</p>
<p>Elkészült a földrajz kar új szabályzata amely az államvizsga/disszertáció elkészítésére vonatkozik.</p>
<ul>
<li><a href="https://geografie.ubbcluj.ro/docs/studenti/licenta/Ghid%20LicDisert%20-%2027.01.22/01%20Ghid%20LicDisert.pdf" target="_blank" rel="noopener noreferrer"><span style="color: #0000ff;"><strong>Szerkesztési útmutató</strong></span></a></li>
<li><span style="color: #0000ff;"><strong><a style="color: #0000ff;" href="https://geografie.ubbcluj.ro/docs/studenti/licenta/Ghid%20LicDisert%20-%2027.01.22/02%20Template%20LicDisert.docx" target="_blank" rel="noopener noreferrer">Dolgozat sablon</a></strong></span></li>
<li><a href="https://geografie.ubbcluj.ro/docs/studenti/licenta/Ghid%20LicDisert%20-%2027.01.22/03%20Identificator%20tip%20referinta.docx" target="_blank" rel="noopener noreferrer"><span style="color: #0000ff;"><strong>Könyvészet szerkesztési segédlet</strong></span></a></li>
</ul>
<p><strong> *** LICENC- ÉS DISSZERTÁCIÓVÉDÉS ***</strong></p>
<p><b>A jelenlegi helyzetet figyelembe véve az államvizsga és a disszertáció megvédése ismét jelenléti módon történik. Részleteket az évfolyam vezetőktől lehet kapni. </b></p>
<div>
<p><strong>További információk a kari titkárságon a 0264 591807-es telefonszámon vagy Murádi Betty titkárnőnél a <a href="mailto:betty.muradi@ubbcluj.ro" target="_blank" rel="noopener noreferrer">betty.muradi@ubbcluj.ro</a> email címen.</strong></p>
<p><span style="color: #0000ff;"><strong style="color: #000000; line-height: 1.4em;"><strong><strong>&gt;&gt;&gt; <a href="https://geografie.ubbcluj.ro/docs/studenti/licenta/licentaM2022.pdf" target="_blank" rel="noopener noreferrer"><span style="color: #0000ff;">Az államvizsga tematikája</span></a> </strong></strong></strong></span><span style="color: #0000ff;"><strong style="color: #000000; line-height: 1.4em;"><strong><strong>&lt;&lt;&lt;</strong></strong></strong></span></p>
<p><span style="color: #000000;"><strong>A szakdolgozatok sikeres védése után</strong> a diákok egy igazolást kapnak, ami a licensz-/mesteri diplomát helyettesíti <em>egy évig</em>. Az eredeti diplomát a TANULMÁNYI IRATOK OSZTÁLYRÓL (SERVICIUL ACTE STUDII) lehet átvenni: Universității u. 7-9 / Hétfő-Péntek: 9.00-12.00 / 0264 405300 (5113).</span></p>
</div>

<p>Kedves végzős Diákok! Az alábbi táblázat tartalmazza a 2008 óta elkészült államvizsga dolgozatok címeit. Államvizsgatéma választásakor érdemes átnézni, hogy egy adott területről vagy egy adott témában készült-e már dolgozat, hogy ne dolgozzatok potyára. 😛 Pál Zoltán kollégánk írt egy nagyon hasznos &hellip; <a class="more-link" href="https://geografie.ubbcluj.ro/pages/magyarfoldrajz/?page_id=1219">Continue reading <span class="meta-nav">&rarr;</span></a></p>
