{"id":38,"date":"2023-10-26T06:25:08","date_gmt":"2023-10-26T06:25:08","guid":{"rendered":"https:\/\/geografie.ubbcluj.ro\/pages\/jssp\/?page_id=38"},"modified":"2023-10-26T10:28:16","modified_gmt":"2023-10-26T10:28:16","slug":"arhiva","status":"publish","type":"page","link":"https:\/\/geografie.ubbcluj.ro\/pages\/jssp\/?page_id=38&lang=ro","title":{"rendered":"Arhiv\u0103"},"content":{"rendered":"\n<div class=\"wp-block-columns is-layout-flex wp-container-2 wp-block-columns-is-layout-flex\">\n<div class=\"wp-block-column is-layout-flow wp-block-column-is-layout-flow\" style=\"flex-basis:100%\"><\/div>\n<\/div>\n\n\n<ul class=\"wp-block-latest-posts__list wp-block-latest-posts\"><li><a class=\"wp-block-latest-posts__post-title\" href=\"https:\/\/geografie.ubbcluj.ro\/pages\/jssp\/?p=3511\">Abstract 15JSSP012010<\/a><div class=\"wp-block-latest-posts__post-excerpt\">From Linear to Nodal Transport Infrastructure. Case Study: Maramure\u015f County. Romania Vasile ZOTIC1, Viorel PUIU1, Diana-Elena ALEXANDRU*1* Corresponding author1 Babe\u015f-Bolyai University, \u2026 <a href=\"https:\/\/geografie.ubbcluj.ro\/pages\/jssp\/?p=3511\" rel=\"noopener noreferrer\">Read more<\/a><\/div><\/li>\n<li><a class=\"wp-block-latest-posts__post-title\" href=\"https:\/\/geografie.ubbcluj.ro\/pages\/jssp\/?p=3509\">Abstract 14JSSP012010<\/a><div class=\"wp-block-latest-posts__post-excerpt\">Tourist Potential of T\u00e2rgu L\u0103pu\u015f Micro-region, Part of Maramure\u015f Amalia Izabela MIHALCA*1* Corresponding author1 Babe\u015f-Bolyai \u00a0University, Faculty of Geography, Cluj-Napoca, ROMANIAE-mail: \u2026 <a href=\"https:\/\/geografie.ubbcluj.ro\/pages\/jssp\/?p=3509\" rel=\"noopener noreferrer\">Read more<\/a><\/div><\/li>\n<li><a class=\"wp-block-latest-posts__post-title\" href=\"https:\/\/geografie.ubbcluj.ro\/pages\/jssp\/?p=3507\">Abstract 13JSSP012010<\/a><div class=\"wp-block-latest-posts__post-excerpt\">The Alternative Tourism and Development of the Regions for Purposeful Support in Bulgaria \u2013 Impact of Financial Crisis Milen PENERLIEV*1* Corresponding \u2026 <a href=\"https:\/\/geografie.ubbcluj.ro\/pages\/jssp\/?p=3507\" rel=\"noopener noreferrer\">Read more<\/a><\/div><\/li>\n<li><a class=\"wp-block-latest-posts__post-title\" href=\"https:\/\/geografie.ubbcluj.ro\/pages\/jssp\/?p=3505\">Abstract 12JSSP012010<\/a><div class=\"wp-block-latest-posts__post-excerpt\">The Rural Tourism and the Rural Development Mirela MAZILU*1* Corresponding author1 University of Craiova, Faculty of Economics and Business Administration, Craiova, \u2026 <a href=\"https:\/\/geografie.ubbcluj.ro\/pages\/jssp\/?p=3505\" rel=\"noopener noreferrer\">Read more<\/a><\/div><\/li>\n<li><a class=\"wp-block-latest-posts__post-title\" href=\"https:\/\/geografie.ubbcluj.ro\/pages\/jssp\/?p=3503\">Abstract 11JSSP012010<\/a><div class=\"wp-block-latest-posts__post-excerpt\">The Villages of Apuseni Mountains Helena Maria SABO*1* Corresponding author1 Babe\u015f-Bolyai University, Faculty of Psychology and Science of Education, Cluj-Napoca, ROMANIAE-mail: \u2026 <a href=\"https:\/\/geografie.ubbcluj.ro\/pages\/jssp\/?p=3503\" rel=\"noopener noreferrer\">Read more<\/a><\/div><\/li>\n<\/ul>","protected":false},"excerpt":{"rendered":"","protected":false},"author":1,"featured_media":0,"parent":0,"menu_order":0,"comment_status":"closed","ping_status":"closed","template":"","meta":{"footnotes":""},"_links":{"self":[{"href":"https:\/\/geografie.ubbcluj.ro\/pages\/jssp\/index.php?rest_route=\/wp\/v2\/pages\/38"}],"collection":[{"href":"https:\/\/geografie.ubbcluj.ro\/pages\/jssp\/index.php?rest_route=\/wp\/v2\/pages"}],"about":[{"href":"https:\/\/geografie.ubbcluj.ro\/pages\/jssp\/index.php?rest_route=\/wp\/v2\/types\/page"}],"author":[{"embeddable":true,"href":"https:\/\/geografie.ubbcluj.ro\/pages\/jssp\/index.php?rest_route=\/wp\/v2\/users\/1"}],"replies":[{"embeddable":true,"href":"https:\/\/geografie.ubbcluj.ro\/pages\/jssp\/index.php?rest_route=%2Fwp%2Fv2%2Fcomments&post=38"}],"version-history":[{"count":4,"href":"https:\/\/geografie.ubbcluj.ro\/pages\/jssp\/index.php?rest_route=\/wp\/v2\/pages\/38\/revisions"}],"predecessor-version":[{"id":116,"href":"https:\/\/geografie.ubbcluj.ro\/pages\/jssp\/index.php?rest_route=\/wp\/v2\/pages\/38\/revisions\/116"}],"wp:attachment":[{"href":"https:\/\/geografie.ubbcluj.ro\/pages\/jssp\/index.php?rest_route=%2Fwp%2Fv2%2Fmedia&parent=38"}],"curies":[{"name":"wp","href":"https:\/\/api.w.org\/{rel}","templated":true}]}}