{"id":9,"date":"2013-03-14T12:40:40","date_gmt":"2013-03-14T09:40:40","guid":{"rendered":"http:\/\/geografie.ubbcluj.ro\/pages\/erasmus\/?page_id=9"},"modified":"2023-08-02T23:40:41","modified_gmt":"2023-08-02T20:40:41","slug":"mobilitati-studentesti","status":"publish","type":"page","link":"https:\/\/geografie.ubbcluj.ro\/pages\/erasmus\/?page_id=9","title":{"rendered":"Mobilit\u0103\u0163i de studiu \u015fi practic\u0103"},"content":{"rendered":"\n<p class=\"has-text-align-justify has-sitebg-color has-text-color\" style=\"font-size:18px\"><\/p>\n\n\n\n<div class=\"wp-block-cover\"><span aria-hidden=\"true\" class=\"wp-block-cover__background has-background-dim\"><\/span><img decoding=\"async\" class=\"wp-block-cover__image-background wp-image-947\" alt=\"\" src=\"https:\/\/geografie.ubbcluj.ro\/pages\/erasmus\/wp-content\/uploads\/2023\/05\/Angers.jpg\" style=\"object-position:46% 58%\" data-object-fit=\"cover\" data-object-position=\"46% 58%\"\/><div class=\"wp-block-cover__inner-container is-layout-flow wp-block-cover-is-layout-flow\">\n<p class=\"has-text-align-center\" style=\"font-size:50px\"><strong>Studii \u015fi practic\u0103 \u00een institu\u0163iile europene \u015fi extraeuropene<\/strong><\/p>\n<\/div><\/div>\n\n\n\n<div style=\"height:40px\" aria-hidden=\"true\" class=\"wp-block-spacer\"><\/div>\n\n\n\n<p class=\"has-text-align-justify has-normal-font-size\">Studen\u0163ii, masteranzii \u015fi doctoranzii Facult\u0103\u0163ii de Geografie pot candida pentru un stagiu de preg\u0103tire de specialitate \u00een universit\u0103\u0163i europene sau pentru stagii de practic\u0103 (internship) \u00een institu\u0163ii europene ce presteaz\u0103 activit\u0103\u0163i corespunz\u0103toare calific\u0103rilor vizate de toate specializ\u0103rile facult\u0103\u0163ii noastre. Durata stagiului poate fi de <strong>un semestru<\/strong> sau de <strong>un an universitar<\/strong> \u015fi este finan\u0163at de Uniunea European\u0103 cu un cuantum lunar de aproximativ<strong> 500-550 de euro<\/strong>, \u00een func\u0163ie de tipul mobilit\u0103\u0163ii.<\/p>\n\n\n\n<p class=\"has-text-align-justify has-normal-font-size\">Stagiul petrecut la o universitate sau institu\u0163ie european\u0103 va fi recunoscut \u00een totalitate \u015fi echivalat conform <a href=\"https:\/\/www.ubbcluj.ro\/ro\/studenti\/invatamant\/regulamente\">Regulamentului Sistemului European de Credite Transferabile (ECTS)<\/a> \u015fi a <a href=\"https:\/\/www.ubbcluj.ro\/ro\/studenti\/invatamant\/regulamente\">Regulamentului Senatului UBB privind Recunoa\u015fterea perioadelor de studii sau de plasament efectuate \u00een cadrul mobilit\u0103\u0163ilor ERASMUS<\/a>.<\/p>\n\n\n\n<div style=\"height:40px\" aria-hidden=\"true\" class=\"wp-block-spacer\"><\/div>\n\n\n\n<p class=\"has-accent-1-color has-text-color\" style=\"font-size:30px\"><strong>Mobilit\u0103\u021bile sunt de dou\u0103 tipuri:<\/strong><\/p>\n\n\n\n<div class=\"wp-block-columns is-layout-flex wp-container-core-columns-is-layout-9d6595d7 wp-block-columns-is-layout-flex\">\n<div class=\"wp-block-column is-layout-flow wp-block-column-is-layout-flow\">\n<p class=\"has-text-align-left has-accent-2-color has-text-color has-large-font-size\"><strong>Pentru studiu<\/strong><\/p>\n\n\n\n<p class=\"has-text-align-left\">min. 3 luni \u2013 max. 12 luni pe nivel de \u00eenv\u0103\u0163\u0103m\u00e2nt<\/p>\n\n\n\n<div class=\"wp-block-buttons is-layout-flex wp-block-buttons-is-layout-flex\">\n<div class=\"wp-block-button is-style-fill\"><a class=\"wp-block-button__link has-sitebg-color has-text-color has-background has-text-align-center wp-element-button\" href=\"https:\/\/geografie.ubbcluj.ro\/pages\/erasmus\/?page_id=11\/\" style=\"background:linear-gradient(135deg,rgb(23,81,158) 0%,rgb(234,105,91) 100%)\"><strong>Detalii<\/strong><\/a><\/div>\n<\/div>\n<\/div>\n\n\n\n<div class=\"wp-block-column is-layout-flow wp-block-column-is-layout-flow\">\n<p class=\"has-text-align-left has-accent-2-color has-text-color has-large-font-size\"><strong>Pentru practic\u0103<\/strong><\/p>\n\n\n\n<p class=\"has-text-align-left\">min. 2 luni \u2013 max. 12 luni pe nivel de \u00eenv\u0103\u0163\u0103m\u00e2nt<\/p>\n\n\n\n<div class=\"wp-block-buttons is-layout-flex wp-block-buttons-is-layout-flex\">\n<div class=\"wp-block-button\"><a class=\"wp-block-button__link has-sitebg-color has-text-color has-background has-text-align-center wp-element-button\" href=\"https:\/\/geografie.ubbcluj.ro\/pages\/erasmus\/?page_id=13\" style=\"background:linear-gradient(135deg,rgb(23,81,158) 0%,rgb(234,105,91) 100%)\"><strong>Detalii<\/strong><\/a><\/div>\n<\/div>\n<\/div>\n<\/div>\n\n\n\n<div style=\"height:40px\" aria-hidden=\"true\" class=\"wp-block-spacer\"><\/div>\n\n\n\n<p class=\"has-text-align-justify has-normal-font-size\"><strong>Studiile vor fi echivalate<\/strong> de o Comisie de Echivalare stabilit\u0103 de c\u0103tre Consiliul Facult\u0103\u0163ii de Geografie, pe baza unei foi matricole (<em>Transcripts of Records<\/em>) eliberat\u0103 de universitatea partener\u0103 \u015fi vor fi comunicate secretariatului pentru \u00eenregistrare. Selec\u0163ia va fi organizat\u0103 de Comisia de Rela\u0163ii Interna\u0163ionale a Facult\u0103\u0163ii. La selec\u0163ie pot participa delega\u0163i ai Comisiei de Cooper\u0103ri Interna\u0163ionale din UBB, profesori Erasmus din str\u0103in\u0103tate sau de la alte facult\u0103\u0163i \u015fi reprezentan\u0163i ai studen\u0163ilor.<\/p>\n\n\n\n<div style=\"height:40px\" aria-hidden=\"true\" class=\"wp-block-spacer\"><\/div>\n\n\n\n<p class=\"has-text-align-justify has-very-light-gray-background-color has-background has-normal-font-size\">\u00cen noul program ERASMUS+, un student poate beneficia de mai multe mobilit\u0103\u0163i dac\u0103 nu dep\u0103\u015fe\u015fte 12 luni \u00een acela\u015fi an financiar. Astfel, un student poate beneficia de 12 luni de mobilitate la nivelul licen\u0163\u0103 (de ex. 1 stagiu de studiu de 6 luni \u015fi 2 stagii de practic\u0103 de c\u00e2te 3 luni), 12 luni la nivelul master \u015fi 12 luni la nivelul doctorat.<\/p>\n\n\n\n<p class=\"has-text-align-center has-accent-1-color has-text-color\" style=\"font-size:18px\"><strong>Condi\u021biile generale de participare \u00een program pot fi consultate pe site-ul <a href=\"https:\/\/cci.ubbcluj.ro\/erasmus\/\">Centrului de Cooper\u0103ri Interna\u0163ionale<\/a>.<\/strong><\/p>\n\n\n\n<div style=\"height:40px\" aria-hidden=\"true\" class=\"wp-block-spacer\"><\/div>\n\n\n\n<p class=\"has-text-align-justify has-normal-font-size\"><strong>Comisia de echivalare a studiilor<\/strong> este format\u0103 din:<br>Conf. dr. Voicu Bodocan<br>Conf. dr. Titus Man<br>Conf. dr. Raularian Rusu<br>Prof. dr. \u0218tefan Dezsi<br>\u015eef lucr. dr. Andr\u00e1s M\u00e1th\u00e9<br>\u015eef lucr. dr. R\u0103zvan B\u0103tina\u0219<br>\u015eef lucr. dr. Ana-Maria Corpade<br>\u015eef lucr. dr. Mihai Hotea<\/p>\n","protected":false},"excerpt":{"rendered":"<p>Studen\u0163ii, masteranzii \u015fi doctoranzii Facult\u0103\u0163ii de Geografie pot candida pentru un stagiu de preg\u0103tire de specialitate \u00een universit\u0103\u0163i europene sau pentru stagii de practic\u0103 (internship) \u00een institu\u0163ii europene ce presteaz\u0103 activit\u0103\u0163i corespunz\u0103toare calific\u0103rilor vizate de toate specializ\u0103rile facult\u0103\u0163ii noastre. Durata &hellip;<\/p>\n","protected":false},"author":3,"featured_media":0,"parent":0,"menu_order":0,"comment_status":"closed","ping_status":"closed","template":"","meta":{"footnotes":""},"class_list":["post-9","page","type-page","status-publish","hentry"],"_links":{"self":[{"href":"https:\/\/geografie.ubbcluj.ro\/pages\/erasmus\/index.php?rest_route=\/wp\/v2\/pages\/9","targetHints":{"allow":["GET"]}}],"collection":[{"href":"https:\/\/geografie.ubbcluj.ro\/pages\/erasmus\/index.php?rest_route=\/wp\/v2\/pages"}],"about":[{"href":"https:\/\/geografie.ubbcluj.ro\/pages\/erasmus\/index.php?rest_route=\/wp\/v2\/types\/page"}],"author":[{"embeddable":true,"href":"https:\/\/geografie.ubbcluj.ro\/pages\/erasmus\/index.php?rest_route=\/wp\/v2\/users\/3"}],"replies":[{"embeddable":true,"href":"https:\/\/geografie.ubbcluj.ro\/pages\/erasmus\/index.php?rest_route=%2Fwp%2Fv2%2Fcomments&post=9"}],"version-history":[{"count":47,"href":"https:\/\/geografie.ubbcluj.ro\/pages\/erasmus\/index.php?rest_route=\/wp\/v2\/pages\/9\/revisions"}],"predecessor-version":[{"id":1109,"href":"https:\/\/geografie.ubbcluj.ro\/pages\/erasmus\/index.php?rest_route=\/wp\/v2\/pages\/9\/revisions\/1109"}],"wp:attachment":[{"href":"https:\/\/geografie.ubbcluj.ro\/pages\/erasmus\/index.php?rest_route=%2Fwp%2Fv2%2Fmedia&parent=9"}],"curies":[{"name":"wp","href":"https:\/\/api.w.org\/{rel}","templated":true}]}}