{"id":21,"date":"2013-03-14T12:42:01","date_gmt":"2013-03-14T09:42:01","guid":{"rendered":"http:\/\/geografie.ubbcluj.ro\/pages\/erasmus\/?page_id=21"},"modified":"2023-08-02T21:41:50","modified_gmt":"2023-08-02T18:41:50","slug":"am-fost-erasmus","status":"publish","type":"page","link":"https:\/\/geografie.ubbcluj.ro\/pages\/erasmus\/?page_id=21","title":{"rendered":"Am fost Erasmus"},"content":{"rendered":"\n<div class=\"wp-block-cover is-light\"><span aria-hidden=\"true\" class=\"wp-block-cover__background has-background-dim\"><\/span><img loading=\"lazy\" decoding=\"async\" width=\"1024\" height=\"724\" class=\"wp-block-cover__image-background wp-image-874\" alt=\"\" src=\"https:\/\/geografie.ubbcluj.ro\/pages\/erasmus\/wp-content\/uploads\/2023\/05\/Experiente.jpg\" data-object-fit=\"cover\" srcset=\"https:\/\/geografie.ubbcluj.ro\/pages\/erasmus\/wp-content\/uploads\/2023\/05\/Experiente.jpg 1024w, https:\/\/geografie.ubbcluj.ro\/pages\/erasmus\/wp-content\/uploads\/2023\/05\/Experiente-300x212.jpg 300w, https:\/\/geografie.ubbcluj.ro\/pages\/erasmus\/wp-content\/uploads\/2023\/05\/Experiente-768x543.jpg 768w, https:\/\/geografie.ubbcluj.ro\/pages\/erasmus\/wp-content\/uploads\/2023\/05\/Experiente-424x300.jpg 424w\" sizes=\"auto, (max-width: 1024px) 100vw, 1024px\" \/><div class=\"wp-block-cover__inner-container is-layout-flow wp-block-cover-is-layout-flow\">\n<p class=\"has-drop-cap has-white-color has-text-color\" style=\"font-size:50px\"><strong>E<br>xperien\u0163e                                                                                <\/strong><\/p>\n\n\n\n<p class=\"has-sitebg-color has-text-color\" style=\"font-size:50px\"><strong><strong>rasmus&#8230;<\/strong><\/strong><\/p>\n<\/div><\/div>\n\n\n\n<div style=\"height:40px\" aria-hidden=\"true\" class=\"wp-block-spacer\"><\/div>\n\n\n\n<div class=\"wp-block-media-text is-stacked-on-mobile is-vertically-aligned-top has-background has-normal-font-size\" style=\"background-color:#cad4de\"><figure class=\"wp-block-media-text__media\"><img decoding=\"async\" src=\"https:\/\/geografie.ubbcluj.ro\/pages\/erasmus\/wp-content\/uploads\/2023\/08\/Lucija-Wicaz-2023.jpg\" alt=\"\" class=\"wp-image-1293 size-full\"\/><\/figure><div class=\"wp-block-media-text__content\">\n<p class=\"has-normal-font-size\">\u201cI spent an excellent ERASMUS semester of four and a half months in Cluj-Napoca at UBB University. I studied at the Faculty of Geography, the Faculty for Environmental Sciences and attended a Romanian language course for the elementary level at the Faculty of Letters. It was a very nice and very interdisciplinary experience in small courses with a vivid and open culture of discussion. I liked very much that in some courses a systemic approach was taken. I had the chance to take courses from four different master programmes and from different master years. Besides regular courses, I participated in several excursions and fieldtrips which were offered by both the Faculty of Geography and the Faculty of Environmental Sciences. The organization and enrolment to all of these activities were easy and the staff and other students were extremely caring and helpful. I profited a lot from this intense and close insight and got to know more about perspectives of different resident groups and discourses of the country. Romania, Transylvania, and more precise Cluj are offering many, diverse, amazing opportunities for a study stay abroad. People, nature and culture are unique. I don\u2019t want to miss this experience. It was a great enrichment not only professionally, but also on a personal level and perfect for improving language skills.\u201d<br><br><em>Lucija Wicaz, ERASMUS student from Berlin, 2023<\/em><\/p>\n<\/div><\/div>\n\n\n\n<div style=\"height:20px\" aria-hidden=\"true\" class=\"wp-block-spacer\"><\/div>\n\n\n\n<p class=\"has-text-align-justify has-very-light-gray-background-color has-background has-normal-font-size\">\u201eExperien\u0163a petrecut\u0103 \u00een Cipru, vara 2012, a fost pentru mine una de neuitat. Nu doar c\u0103 am acumulat experien\u0163\u0103 interna\u0163ional\u0103 \u00een domeniul turistic, dar am reu\u015fit s\u0103-mi dezvolt o serie de aptitudini at\u00e2t profesionale c\u00e2t \u015fi personale. Mi-am desf\u0103\u015furat activitatea al\u0103turi de o echip\u0103 frumoas\u0103, multicultural\u0103 (ciprio\u0163i, bulgari, rom\u00e2ni, suedezi) \u015fi unit\u0103. Am reu\u015fit \u00eempreun\u0103 s\u0103 facem din fiecare zi o experien\u0163\u0103 pl\u0103cut\u0103. Desigur c\u0103 peisajul mediteranean a fost unul mirific \u015fi, de\u015fi temperaturile dep\u0103\u015feau de cele mai multe ori 40\u00b0C, claritatea \u015fi albastrul m\u0103rii erau o alinare. \u00cen concluzie, aceast\u0103 experien\u0163\u0103 mi-a fost deosebit de folositoare, am \u00eent\u00e2mpinat uneori \u015fi greut\u0103\u0163i, dar, pe ansamblu, s-a meritat pe deplin faptul c\u0103 am reu\u015fit s\u0103 ajung acolo. Desp\u0103r\u0163irea de oamenii \u015fi prietenii pe care i-am cunoscut acolo a fost grea \u015fi m-a\u015f \u00eentoarce oric\u00e2nd cu cea mai mare pl\u0103cere.\u201d  <br><br><em>Simona Balea, master ADT, anul II &#8211; Louis Nausicaa Beach, Protaras, Cipru<\/em> <\/p>\n\n\n\n<p class=\"has-text-align-justify has-background has-normal-font-size\" style=\"background-color:#cad4de\">\u201cI\u2019ve enjoyed this experience in the Faculty of Geography, UBB. I\u2019ve learnt and improved another language and I\u2019ve met a lot of interesting people with different customs and ideas. The teachers were very kind and willing. They helped me and gave me some advice. I think this is an experience that everyone has to try!!!\u201d <br><br><em>Vittoria Vandelli, Erasmus student from Modena, Italy<\/em><\/p>\n\n\n\n<p class=\"has-text-align-justify has-very-light-gray-background-color has-background has-normal-font-size\"> \u201eStudent Erasmus \u00een Poznan. C\u0103l\u0103torii \u015fi \u015fanse de a vedea lucruri inedite, studiul \u00eentr-un mediu universitar diferit, cunoa\u015fterea unei \u0163\u0103ri \u015fi a unei culturi diferite, participarea la diverse competi\u0163ii sportive \u015fi evenimente culturale, legarea unor prietenii de lung\u0103 durat\u0103, toate acestea desf\u0103\u015furate pe durata a 6 luni. 6 luni ce au f\u0103cut ca experien\u0163a Erasmus s\u0103 constituie modalitatea ideal\u0103 de a da noi dimensiuni vie\u0163ii de student.\u201d <br><br><em>Gheorghe-Dan Baraba\u015f, ADT, 2012 &#8211; Poznan, Polonia <\/em><\/p>\n\n\n\n<p class=\"has-text-align-justify has-very-light-gray-background-color has-background has-normal-font-size\"> \u201eAm avut o burs\u0103 de 3 luni \u00een perioada doctoratului pentru a efectua un stagiu de practic\u0103 la Asocia\u0163ia Hispano-Rom\u00e2n\u0103 din Castilla La Mancha, \u00een ora\u015ful Ciudad Real, anul universitar 2009-2010. Mie personal bursa Erasmus mi-a oferit ocazia de a aprofunda aspecte legate de situa\u0163ia emigran\u0163ilor rom\u00e2ni din Spania \u015fi m-a pus \u00een contact cu problemele \u015fi proiectele asocia\u0163iilor rom\u00e2nilor din diaspora. \u00cen perioada respectiv\u0103 am avut posibilitatea de a studia \u00een calitate de student Erasmus la Biblioteca Universit\u0103\u0163ii Castilla La Mancha, unde am g\u0103sit lucr\u0103ri interesante legate de migra\u0163ia interna\u0163ional\u0103 care este subiectul tezei mele de doctorat. Cred ca bursele Erasmus ofer\u0103 studen\u0163ilor posibilitatea de a-\u015fi testa limitele \u015fi capacit\u0103\u0163ile la nivel academic interna\u0163ional. \u00cen acela\u015fi timp, o burs\u0103 Erasmus este o oportunitate deosebit\u0103 de a cunoa\u015fte o alt\u0103 cultur\u0103 \u015fi de a stabili rela\u0163ii de prietenie cu studen\u0163ii din alte \u0163\u0103ri.\u201d <br><br><em>Petre M\u0103ran, doctorand &#8211; Ciudad Real, Spania <\/em><\/p>\n\n\n\n<p class=\"has-text-align-justify has-background has-normal-font-size\" style=\"background-color:#cad4de\"> \u201cI spent an amazing Erasmus-year in Cluj and studied at the Faculty of Geography. Besides regular courses like political geography, hydrology or didactics of geography, I attended several excursions which were offered by the faculty. The organization and enrolment to all of these activities were easy and the staff was always extremely helpful. Furthermore, I benefited from visiting professors (e.g. a professor of the Institute for Southeast European Studies in Vienna) who offered several compact courses during the year. Another advantage is that you have the chance to experience many geographical issues in reality, for example, the urban and rural development, physical geography (karst formations, \u2026.) and much more. To summarize: Romania and especially Cluj is a great place to be and to study, especially to study geography!\u201d   <br><br><em>Niels Heimann, Erasmus student from Bonn, 2008 <\/em><\/p>\n\n\n\n<p class=\"has-text-align-justify has-very-light-gray-background-color has-background has-normal-font-size\"> \u201eStagiul ERASMUS a fost una din cele mai frumoase experien\u0163e din via\u0163a mea. Evident, a fost o perioad\u0103 intensiv\u0103, \u00een care a trebuit s\u0103 \u00eenv\u0103\u0163 \u015fi s\u0103 muncesc foarte mult \u015fi din cauza faptului c\u0103 cuno\u015ftin\u0163ele mele de limb\u0103 nu erau la nivelul necesar, pentru a studia \u00een german\u0103. Cu toate acestea, faptul ca totu\u015fi am reu\u015fit \u015fi totul a decurs cu bine mi-a adus satisfac\u0163ii \u00eenzecite at\u00e2t pe plan profesional, c\u00e2t \u015fi pe plan personal. Dup\u0103 terminarea programului ERASMUS am fost acceptat\u0103 s\u0103 studiez mai departe la Universitatea din W\u00fcrzburg \u015fi acum m\u0103 aflu \u00een pragul de a-mi scrie diserta\u0163ia \u015fi de a termina un masterat aici. Tot prin intermediul studiului \u00een W\u00fcrzburg am reu\u015fit s\u0103 primesc un loc de practic\u0103 pe o perioad\u0103 de 6 luni la o firma interna\u0163ional\u0103. Deci pot s\u0103 afirm c\u0103 programul ERASMUS mi-a schimbat total via\u0163a \u015fi mi-a adus cele mai mari realiz\u0103ri. Sincer, v\u0103 recomand tuturor s\u0103 nu rata\u0163i \u015fansa, dac\u0103 ave\u0163i ocazia de a participa la Programul ERASMUS. Sunt sigur\u0103, c\u0103 la fel ca \u015fi to\u0163i ceilal\u0163i studen\u0163i ERASMUS pe care i-am cunoscut, nu o s\u0103 regreta\u0163i \ud83d\ude42 Mult succes !\u201d<br><br><em>Nicoleta Maru\u015fca, bursier\u0103 Erasmus \u00een W\u00fcrzburg, Germania, din octombrie 2010 p\u00e2n\u0103 \u00een august 2011 <\/em><\/p>\n\n\n\n<p class=\"has-text-align-justify has-very-light-gray-background-color has-background has-normal-font-size\"> \u201eUniversitatea Babe\u015f-Bolyai mi-a oferit ocazia unei mobilit\u0103\u0163i Erasmus \u00een Italia, la Universitatea din Modena. F\u0103r\u0103 s\u0103 \u00eemi dau seama, mobilitatea a constituit un punct de plecare at\u00e2t spre dezvoltarea mea profesional\u0103, c\u00e2t \u015fi a competen\u0163elor lingvistice \u015fi interculturale. Am petrecut 1 an \u00eentr-un mediu academic de excep\u0163ie, stimulator pentru \u015ftiin\u0163\u0103, f\u0103c\u00e2nd cursuri la nivel european \u015fi av\u00e2nd ocazia s\u0103 cunosc studen\u0163i din toat\u0103 lumea. Fiind student \u00een departamentul Earth Science, nu am pierdut nici o aplica\u0163ie de teren cu staff-ul profesoral \u015fi colegii de la Modena. Astfel, am f\u0103cut cercet\u0103ri de teren \u00een Alpii Dolomitici, \u00een zona Lacului Garda, \u00een lunca r\u00e2ului Po \u015fi \u00een Apeninii Nordici. Prieteniile \u015fi rela\u0163iile cu studen\u0163ii \u00eent\u00e2lni\u0163i \u00een Modena au r\u0103mas la fel ca \u00een timpul stagiului, unii dintre ei venind la Cluj-Napoca pentru studii. Caracterizat de c\u0103tre unul dintre coordonatorii Erasmus din Cluj-Napoca ca fiind ceva unic, stagiul meu Erasmus s-a dovedit a fi mai mult dec\u00e2t at\u00e2t, deschiz\u00e2ndu-mi orizontul g\u00e2ndirii \u015fi accept\u0103rii a ceea ce este nou \u00een via\u0163a mea. Prin urmare, experien\u0163a pe care am avut-o prin programul Erasmus mi-a schimbat direc\u0163ia \u015fi planurile de via\u0163\u0103, acum afl\u00e2ndu-m\u0103 din nou la Modena, ca doctorand.\u201d<br><br><em>Nistor M\u0103rg\u0103rit &#8211; Modena, 2011 <\/em><\/p>\n","protected":false},"excerpt":{"rendered":"<p>\u201cI spent an excellent ERASMUS semester of four and a half months in Cluj-Napoca at UBB University. I studied at the Faculty of Geography, the Faculty for Environmental Sciences and attended a Romanian language course for the elementary level at &hellip;<\/p>\n","protected":false},"author":3,"featured_media":0,"parent":0,"menu_order":0,"comment_status":"closed","ping_status":"closed","template":"","meta":{"footnotes":""},"class_list":["post-21","page","type-page","status-publish","hentry"],"_links":{"self":[{"href":"https:\/\/geografie.ubbcluj.ro\/pages\/erasmus\/index.php?rest_route=\/wp\/v2\/pages\/21","targetHints":{"allow":["GET"]}}],"collection":[{"href":"https:\/\/geografie.ubbcluj.ro\/pages\/erasmus\/index.php?rest_route=\/wp\/v2\/pages"}],"about":[{"href":"https:\/\/geografie.ubbcluj.ro\/pages\/erasmus\/index.php?rest_route=\/wp\/v2\/types\/page"}],"author":[{"embeddable":true,"href":"https:\/\/geografie.ubbcluj.ro\/pages\/erasmus\/index.php?rest_route=\/wp\/v2\/users\/3"}],"replies":[{"embeddable":true,"href":"https:\/\/geografie.ubbcluj.ro\/pages\/erasmus\/index.php?rest_route=%2Fwp%2Fv2%2Fcomments&post=21"}],"version-history":[{"count":35,"href":"https:\/\/geografie.ubbcluj.ro\/pages\/erasmus\/index.php?rest_route=\/wp\/v2\/pages\/21\/revisions"}],"predecessor-version":[{"id":1306,"href":"https:\/\/geografie.ubbcluj.ro\/pages\/erasmus\/index.php?rest_route=\/wp\/v2\/pages\/21\/revisions\/1306"}],"wp:attachment":[{"href":"https:\/\/geografie.ubbcluj.ro\/pages\/erasmus\/index.php?rest_route=%2Fwp%2Fv2%2Fmedia&parent=21"}],"curies":[{"name":"wp","href":"https:\/\/api.w.org\/{rel}","templated":true}]}}