{"id":78,"date":"2021-09-29T18:36:12","date_gmt":"2021-09-29T18:36:12","guid":{"rendered":"https:\/\/geografie.ubbcluj.ro\/cercetare\/?page_id=78"},"modified":"2026-04-12T12:29:59","modified_gmt":"2026-04-12T12:29:59","slug":"manifestari-stiintifice","status":"publish","type":"page","link":"https:\/\/geografie.ubbcluj.ro\/cercetare\/?page_id=78","title":{"rendered":"Manifest\u0103ri \u015ftiin\u0163ifice"},"content":{"rendered":"<div class=\"wpb-content-wrapper\"><p>[vc_row][vc_column width=&#8221;1\/4&#8243;][\/vc_column][vc_column width=&#8221;1\/2&#8243;][vc_single_image image=&#8221;837&#8243; img_size=&#8221;large&#8221; add_caption=&#8221;yes&#8221; alignment=&#8221;center&#8221; onclick=&#8221;custom_link&#8221; css=&#8221;&#8221; link=&#8221;https:\/\/www.scewero.eu\/july-2026-summer-school-on-the-use-of-ai-for-the-analysis-of-extreme-events-2\/&#8221; title=&#8221;22-24 June 2026 &#8211; Summer school on the use of AI for the analysis of extreme events&#8221;][\/vc_column][vc_column width=&#8221;1\/4&#8243;][\/vc_column][\/vc_row][vc_row][vc_column][vc_separator border_width=&#8221;3&#8243;][\/vc_column][\/vc_row][vc_row][vc_column width=&#8221;1\/4&#8243;][\/vc_column][vc_column width=&#8221;1\/2&#8243;][vc_single_image image=&#8221;840&#8243; img_size=&#8221;large&#8221; add_caption=&#8221;yes&#8221; alignment=&#8221;center&#8221; onclick=&#8221;custom_link&#8221; css=&#8221;&#8221; link=&#8221;https:\/\/geografie.ubbcluj.ro\/noutati-detaliu=Conferin%C8%9Ba-Na%C8%9Bional%C4%83-George-V%C3%A2lsan&#8211;Edi%C8%9Bia-a-X-a#&#8221; title=&#8221; 9 May 2026 &#8211; The &#8220;George V\u00e2lsan&#8220; National Conference | 10th Edition&#8221;][\/vc_column][vc_column width=&#8221;1\/4&#8243;][\/vc_column][\/vc_row][vc_row][vc_column][vc_separator border_width=&#8221;3&#8243;][\/vc_column][\/vc_row][vc_row][vc_column width=&#8221;1\/4&#8243;][\/vc_column][vc_column width=&#8221;1\/2&#8243;][vc_single_image image=&#8221;832&#8243; img_size=&#8221;large&#8221; add_caption=&#8221;yes&#8221; alignment=&#8221;center&#8221; onclick=&#8221;custom_link&#8221; css=&#8221;&#8221; link=&#8221;https:\/\/www.scewero.eu\/sc_workshop\/&#8221; title=&#8221;WORKSHOP &#8211; 25 March 2026 &#8211; Science communication as a bridge between climate research and climate services&#8221;][\/vc_column][vc_column width=&#8221;1\/4&#8243;][\/vc_column][\/vc_row][vc_row][vc_column][vc_separator border_width=&#8221;3&#8243;][\/vc_column][\/vc_row][vc_row][vc_column width=&#8221;1\/4&#8243;][\/vc_column][vc_column width=&#8221;1\/2&#8243;][vc_single_image image=&#8221;786&#8243; img_size=&#8221;large&#8221; add_caption=&#8221;yes&#8221; alignment=&#8221;center&#8221; onclick=&#8221;custom_link&#8221; link=&#8221;https:\/\/geografie.ubbcluj.ro\/cercetare\/wp-content\/uploads\/2024\/04\/Program.pdf&#8221; title=&#8221;WORKSHOP &#8211; INTEGRATE &#8211; \u00cembun\u0103t\u0103\u021birea Calit\u0103\u021bii Vie\u021bii prin Evaluarea Insulei de C\u0103ldur\u0103 Urban\u0103&#8221;][\/vc_column][vc_column width=&#8221;1\/4&#8243;][\/vc_column][\/vc_row][vc_row][vc_column][vc_separator border_width=&#8221;3&#8243;][\/vc_column][\/vc_row][vc_row][vc_column width=&#8221;1\/4&#8243;][\/vc_column][vc_column width=&#8221;1\/2&#8243;][vc_single_image image=&#8221;782&#8243; img_size=&#8221;large&#8221; add_caption=&#8221;yes&#8221; alignment=&#8221;center&#8221; onclick=&#8221;custom_link&#8221; link=&#8221;http:\/\/sng.geomorfologie.ro\/&#8221; title=&#8221;The 38th Romanian Symposium on Geomorphology 25-28 May, 2023, Cluj-Napoca, Romania&#8221;][\/vc_column][vc_column width=&#8221;1\/4&#8243;][\/vc_column][\/vc_row][vc_row][vc_column][vc_separator border_width=&#8221;3&#8243;][\/vc_column][\/vc_row][vc_row][vc_column width=&#8221;1\/4&#8243;][\/vc_column][vc_column width=&#8221;1\/2&#8243;][vc_single_image image=&#8221;778&#8243; img_size=&#8221;large&#8221; add_caption=&#8221;yes&#8221; alignment=&#8221;center&#8221; onclick=&#8221;custom_link&#8221; link=&#8221;https:\/\/www.facebook.com\/conferintageorgevalsancluj&#8221; title=&#8221;Conferin\u021ba Na\u021bional\u0103 &#8220;George V\u00e2lsan&#8220; Cluj-Napoca&#8221;][\/vc_column][vc_column width=&#8221;1\/4&#8243;][\/vc_column][\/vc_row][vc_row][vc_column][vc_separator border_width=&#8221;3&#8243;][\/vc_column][\/vc_row][vc_row][vc_column width=&#8221;1\/4&#8243;][\/vc_column][vc_column width=&#8221;1\/2&#8243;][vc_single_image image=&#8221;628&#8243; img_size=&#8221;medium&#8221; add_caption=&#8221;yes&#8221; alignment=&#8221;center&#8221; onclick=&#8221;custom_link&#8221; title=&#8221;AIR AND WATER &#8211; COMPONENTS OF THE ENVIRONMENT&#8221; link=&#8221;http:\/\/aerapa.conference.ubbcluj.ro&#8221;][\/vc_column][vc_column width=&#8221;1\/4&#8243;][\/vc_column][\/vc_row][vc_row][vc_column][vc_separator border_width=&#8221;3&#8243;][\/vc_column][\/vc_row][vc_row][vc_column width=&#8221;1\/2&#8243;][vc_single_image image=&#8221;667&#8243; img_size=&#8221;large&#8221; add_caption=&#8221;yes&#8221; alignment=&#8221;center&#8221; onclick=&#8221;custom_link&#8221; img_link_target=&#8221;_blank&#8221; link=&#8221;https:\/\/agroclim.ro\/index.php\/workshop-2\/&#8221;][\/vc_column][vc_column width=&#8221;1\/2&#8243;][vc_single_image image=&#8221;654&#8243; img_size=&#8221;large&#8221; add_caption=&#8221;yes&#8221; alignment=&#8221;center&#8221; onclick=&#8221;custom_link&#8221; img_link_target=&#8221;_blank&#8221; link=&#8221;https:\/\/pannex.org\/6th-pannex-meeting\/&#8221;][\/vc_column][\/vc_row][vc_row][vc_column width=&#8221;1\/4&#8243;][\/vc_column][vc_column width=&#8221;1\/2&#8243;][vc_single_image image=&#8221;671&#8243; img_size=&#8221;large&#8221; add_caption=&#8221;yes&#8221; alignment=&#8221;center&#8221; onclick=&#8221;custom_link&#8221; link=&#8221;https:\/\/cartography.web.auth.gr\/ICA-Heritage\/Cluj-Napoca2022\/&#8221; title=&#8221;16th Conference on Digital Approaches to Cartographic Heritage&#8221;][\/vc_column][vc_column width=&#8221;1\/4&#8243;][\/vc_column][\/vc_row][vc_row][vc_column width=&#8221;1\/4&#8243;][\/vc_column][vc_column width=&#8221;1\/2&#8243;][vc_single_image image=&#8221;649&#8243; img_size=&#8221;large&#8221; add_caption=&#8221;yes&#8221; alignment=&#8221;center&#8221; onclick=&#8221;custom_link&#8221; link=&#8221;https:\/\/geografie.ubbcluj.ro\/cercetare\/?page_id=557&#8243;][\/vc_column][vc_column width=&#8221;1\/4&#8243;][\/vc_column][\/vc_row]<\/p>\n<\/div>","protected":false},"excerpt":{"rendered":"<p>[vc_row][vc_column width=&#8221;1\/4&#8243;][\/vc_column][vc_column width=&#8221;1\/2&#8243;][vc_single_image image=&#8221;837&#8243; img_size=&#8221;large&#8221; add_caption=&#8221;yes&#8221; alignment=&#8221;center&#8221; onclick=&#8221;custom_link&#8221; css=&#8221;&#8221; link=&#8221;https:\/\/www.scewero.eu\/july-2026-summer-school-on-the-use-of-ai-for-the-analysis-of-extreme-events-2\/&#8221; title=&#8221;22-24 June 2026 &#8211; Summer school on the use of AI for the analysis of extreme events&#8221;][\/vc_column][vc_column width=&#8221;1\/4&#8243;][\/vc_column][\/vc_row][vc_row][vc_column][vc_separator border_width=&#8221;3&#8243;][\/vc_column][\/vc_row][vc_row][vc_column width=&#8221;1\/4&#8243;][\/vc_column][vc_column width=&#8221;1\/2&#8243;][vc_single_image image=&#8221;840&#8243; img_size=&#8221;large&#8221; add_caption=&#8221;yes&#8221; alignment=&#8221;center&#8221; onclick=&#8221;custom_link&#8221; css=&#8221;&#8221; link=&#8221;https:\/\/geografie.ubbcluj.ro\/noutati-detaliu=Conferin%C8%9Ba-Na%C8%9Bional%C4%83-George-V%C3%A2lsan&#8211;Edi%C8%9Bia-a-X-a#&#8221; title=&#8221; 9 May 2026 &#8211; The &#8220;George V\u00e2lsan&#8220; National Conference | 10th Edition&#8221;][\/vc_column][vc_column width=&#8221;1\/4&#8243;][\/vc_column][\/vc_row][vc_row][vc_column][vc_separator border_width=&#8221;3&#8243;][\/vc_column][\/vc_row][vc_row][vc_column width=&#8221;1\/4&#8243;][\/vc_column][vc_column width=&#8221;1\/2&#8243;][vc_single_image [&hellip;]<\/p>\n","protected":false},"author":2,"featured_media":0,"parent":0,"menu_order":0,"comment_status":"closed","ping_status":"closed","template":"","meta":{"footnotes":""},"class_list":["post-78","page","type-page","status-publish","hentry"],"_links":{"self":[{"href":"https:\/\/geografie.ubbcluj.ro\/cercetare\/index.php?rest_route=\/wp\/v2\/pages\/78","targetHints":{"allow":["GET"]}}],"collection":[{"href":"https:\/\/geografie.ubbcluj.ro\/cercetare\/index.php?rest_route=\/wp\/v2\/pages"}],"about":[{"href":"https:\/\/geografie.ubbcluj.ro\/cercetare\/index.php?rest_route=\/wp\/v2\/types\/page"}],"author":[{"embeddable":true,"href":"https:\/\/geografie.ubbcluj.ro\/cercetare\/index.php?rest_route=\/wp\/v2\/users\/2"}],"replies":[{"embeddable":true,"href":"https:\/\/geografie.ubbcluj.ro\/cercetare\/index.php?rest_route=%2Fwp%2Fv2%2Fcomments&post=78"}],"version-history":[{"count":49,"href":"https:\/\/geografie.ubbcluj.ro\/cercetare\/index.php?rest_route=\/wp\/v2\/pages\/78\/revisions"}],"predecessor-version":[{"id":841,"href":"https:\/\/geografie.ubbcluj.ro\/cercetare\/index.php?rest_route=\/wp\/v2\/pages\/78\/revisions\/841"}],"wp:attachment":[{"href":"https:\/\/geografie.ubbcluj.ro\/cercetare\/index.php?rest_route=%2Fwp%2Fv2%2Fmedia&parent=78"}],"curies":[{"name":"wp","href":"https:\/\/api.w.org\/{rel}","templated":true}]}}

Manifestări ştiinţifice

<div class="wpb-content-wrapper"><p>[vc_row][vc_column width=&#8221;1/4&#8243;][/vc_column][vc_column width=&#8221;1/2&#8243;][vc_single_image image=&#8221;837&#8243; img_size=&#8221;large&#8221; add_caption=&#8221;yes&#8221; alignment=&#8221;center&#8221; onclick=&#8221;custom_link&#8221; css=&#8221;&#8221; link=&#8221;https://www.scewero.eu/july-2026-summer-school-on-the-use-of-ai-for-the-analysis-of-extreme-events-2/&#8221; title=&#8221;22-24 June 2026 &#8211; Summer school on the use of AI for the analysis of extreme events&#8221;][/vc_column][vc_column width=&#8221;1/4&#8243;][/vc_column][/vc_row][vc_row][vc_column][vc_separator border_width=&#8221;3&#8243;][/vc_column][/vc_row][vc_row][vc_column width=&#8221;1/4&#8243;][/vc_column][vc_column width=&#8221;1/2&#8243;][vc_single_image image=&#8221;840&#8243; img_size=&#8221;large&#8221; add_caption=&#8221;yes&#8221; alignment=&#8221;center&#8221; onclick=&#8221;custom_link&#8221; css=&#8221;&#8221; link=&#8221;https://geografie.ubbcluj.ro/noutati-detaliu=Conferin%C8%9Ba-Na%C8%9Bional%C4%83-George-V%C3%A2lsan&#8211;Edi%C8%9Bia-a-X-a#&#8221; title=&#8221; 9 May 2026 &#8211; The &#8220;George Vâlsan&#8220; National Conference | 10th Edition&#8221;][/vc_column][vc_column width=&#8221;1/4&#8243;][/vc_column][/vc_row][vc_row][vc_column][vc_separator border_width=&#8221;3&#8243;][/vc_column][/vc_row][vc_row][vc_column width=&#8221;1/4&#8243;][/vc_column][vc_column width=&#8221;1/2&#8243;][vc_single_image image=&#8221;832&#8243; img_size=&#8221;large&#8221; add_caption=&#8221;yes&#8221; alignment=&#8221;center&#8221; onclick=&#8221;custom_link&#8221; css=&#8221;&#8221; link=&#8221;https://www.scewero.eu/sc_workshop/&#8221; title=&#8221;WORKSHOP &#8211; 25 March 2026 &#8211; Science communication as a bridge between climate research and climate services&#8221;][/vc_column][vc_column width=&#8221;1/4&#8243;][/vc_column][/vc_row][vc_row][vc_column][vc_separator border_width=&#8221;3&#8243;][/vc_column][/vc_row][vc_row][vc_column width=&#8221;1/4&#8243;][/vc_column][vc_column width=&#8221;1/2&#8243;][vc_single_image image=&#8221;786&#8243; img_size=&#8221;large&#8221; add_caption=&#8221;yes&#8221; alignment=&#8221;center&#8221; onclick=&#8221;custom_link&#8221; link=&#8221;https://geografie.ubbcluj.ro/cercetare/wp-content/uploads/2024/04/Program.pdf&#8221; title=&#8221;WORKSHOP &#8211; INTEGRATE &#8211; Îmbunătățirea Calității Vieții prin Evaluarea Insulei de Căldură Urbană&#8221;][/vc_column][vc_column width=&#8221;1/4&#8243;][/vc_column][/vc_row][vc_row][vc_column][vc_separator border_width=&#8221;3&#8243;][/vc_column][/vc_row][vc_row][vc_column width=&#8221;1/4&#8243;][/vc_column][vc_column width=&#8221;1/2&#8243;][vc_single_image image=&#8221;782&#8243; img_size=&#8221;large&#8221; add_caption=&#8221;yes&#8221; alignment=&#8221;center&#8221; onclick=&#8221;custom_link&#8221; link=&#8221;http://sng.geomorfologie.ro/&#8221; title=&#8221;The 38th Romanian Symposium on Geomorphology 25-28 May, 2023, Cluj-Napoca, Romania&#8221;][/vc_column][vc_column width=&#8221;1/4&#8243;][/vc_column][/vc_row][vc_row][vc_column][vc_separator border_width=&#8221;3&#8243;][/vc_column][/vc_row][vc_row][vc_column width=&#8221;1/4&#8243;][/vc_column][vc_column width=&#8221;1/2&#8243;][vc_single_image image=&#8221;778&#8243; img_size=&#8221;large&#8221; add_caption=&#8221;yes&#8221; alignment=&#8221;center&#8221; onclick=&#8221;custom_link&#8221; link=&#8221;https://www.facebook.com/conferintageorgevalsancluj&#8221; title=&#8221;Conferința Națională &#8220;George Vâlsan&#8220; Cluj-Napoca&#8221;][/vc_column][vc_column width=&#8221;1/4&#8243;][/vc_column][/vc_row][vc_row][vc_column][vc_separator border_width=&#8221;3&#8243;][/vc_column][/vc_row][vc_row][vc_column width=&#8221;1/4&#8243;][/vc_column][vc_column width=&#8221;1/2&#8243;][vc_single_image image=&#8221;628&#8243; img_size=&#8221;medium&#8221; add_caption=&#8221;yes&#8221; alignment=&#8221;center&#8221; onclick=&#8221;custom_link&#8221; title=&#8221;AIR AND WATER &#8211; COMPONENTS OF THE ENVIRONMENT&#8221; link=&#8221;http://aerapa.conference.ubbcluj.ro&#8221;][/vc_column][vc_column width=&#8221;1/4&#8243;][/vc_column][/vc_row][vc_row][vc_column][vc_separator border_width=&#8221;3&#8243;][/vc_column][/vc_row][vc_row][vc_column width=&#8221;1/2&#8243;][vc_single_image image=&#8221;667&#8243; img_size=&#8221;large&#8221; add_caption=&#8221;yes&#8221; alignment=&#8221;center&#8221; onclick=&#8221;custom_link&#8221; img_link_target=&#8221;_blank&#8221; link=&#8221;https://agroclim.ro/index.php/workshop-2/&#8221;][/vc_column][vc_column width=&#8221;1/2&#8243;][vc_single_image image=&#8221;654&#8243; img_size=&#8221;large&#8221; add_caption=&#8221;yes&#8221; alignment=&#8221;center&#8221; onclick=&#8221;custom_link&#8221; img_link_target=&#8221;_blank&#8221; link=&#8221;https://pannex.org/6th-pannex-meeting/&#8221;][/vc_column][/vc_row][vc_row][vc_column width=&#8221;1/4&#8243;][/vc_column][vc_column width=&#8221;1/2&#8243;][vc_single_image image=&#8221;671&#8243; img_size=&#8221;large&#8221; add_caption=&#8221;yes&#8221; alignment=&#8221;center&#8221; onclick=&#8221;custom_link&#8221; link=&#8221;https://cartography.web.auth.gr/ICA-Heritage/Cluj-Napoca2022/&#8221; title=&#8221;16th Conference on Digital Approaches to Cartographic Heritage&#8221;][/vc_column][vc_column width=&#8221;1/4&#8243;][/vc_column][/vc_row][vc_row][vc_column width=&#8221;1/4&#8243;][/vc_column][vc_column width=&#8221;1/2&#8243;][vc_single_image image=&#8221;649&#8243; img_size=&#8221;large&#8221; add_caption=&#8221;yes&#8221; alignment=&#8221;center&#8221; onclick=&#8221;custom_link&#8221; link=&#8221;https://geografie.ubbcluj.ro/cercetare/?page_id=557&#8243;][/vc_column][vc_column width=&#8221;1/4&#8243;][/vc_column][/vc_row]</p>
</div>

<p>[vc_row][vc_column width=&#8221;1/4&#8243;][/vc_column][vc_column width=&#8221;1/2&#8243;][vc_single_image image=&#8221;837&#8243; img_size=&#8221;large&#8221; add_caption=&#8221;yes&#8221; alignment=&#8221;center&#8221; onclick=&#8221;custom_link&#8221; css=&#8221;&#8221; link=&#8221;https://www.scewero.eu/july-2026-summer-school-on-the-use-of-ai-for-the-analysis-of-extreme-events-2/&#8221; title=&#8221;22-24 June 2026 &#8211; Summer school on the use of AI for the analysis of extreme events&#8221;][/vc_column][vc_column width=&#8221;1/4&#8243;][/vc_column][/vc_row][vc_row][vc_column][vc_separator border_width=&#8221;3&#8243;][/vc_column][/vc_row][vc_row][vc_column width=&#8221;1/4&#8243;][/vc_column][vc_column width=&#8221;1/2&#8243;][vc_single_image image=&#8221;840&#8243; img_size=&#8221;large&#8221; add_caption=&#8221;yes&#8221; alignment=&#8221;center&#8221; onclick=&#8221;custom_link&#8221; css=&#8221;&#8221; link=&#8221;https://geografie.ubbcluj.ro/noutati-detaliu=Conferin%C8%9Ba-Na%C8%9Bional%C4%83-George-V%C3%A2lsan&#8211;Edi%C8%9Bia-a-X-a#&#8221; title=&#8221; 9 May 2026 &#8211; The &#8220;George Vâlsan&#8220; National Conference | 10th Edition&#8221;][/vc_column][vc_column width=&#8221;1/4&#8243;][/vc_column][/vc_row][vc_row][vc_column][vc_separator border_width=&#8221;3&#8243;][/vc_column][/vc_row][vc_row][vc_column width=&#8221;1/4&#8243;][/vc_column][vc_column width=&#8221;1/2&#8243;][vc_single_image [&hellip;]</p>
