{"id":38,"date":"2021-09-29T17:47:38","date_gmt":"2021-09-29T17:47:38","guid":{"rendered":"https:\/\/geografie.ubbcluj.ro\/cercetare\/?page_id=38"},"modified":"2026-02-08T12:11:42","modified_gmt":"2026-02-08T12:11:42","slug":"centre-laboratoare","status":"publish","type":"page","link":"https:\/\/geografie.ubbcluj.ro\/cercetare\/?page_id=38","title":{"rendered":"Centre\/Laboratoare"},"content":{"rendered":"<div class=\"wpb-content-wrapper\"><p>[vc_row][vc_column width=&#8221;1\/3&#8243;][vc_empty_space][vc_single_image image=&#8221;97&#8243; img_size=&#8221;medium&#8221; add_caption=&#8221;yes&#8221; alignment=&#8221;center&#8221; style=&#8221;vc_box_rounded&#8221; onclick=&#8221;custom_link&#8221; img_link_target=&#8221;_blank&#8221; title=&#8221;Centrul de Geografie Regional\u0103 (CGR)&#8221; link=&#8221;http:\/\/cgr.centre.ubbcluj.ro\/&#8221;][\/vc_column][vc_column width=&#8221;1\/3&#8243;][vc_empty_space][vc_single_image image=&#8221;91&#8243; img_size=&#8221;medium&#8221; add_caption=&#8221;yes&#8221; alignment=&#8221;center&#8221; style=&#8221;vc_box_rounded&#8221; onclick=&#8221;custom_link&#8221; img_link_target=&#8221;_blank&#8221; title=&#8221;Centrul de Cercetare a A\u015fez\u0103rilor \u015fi Urbanism&#8221; link=&#8221;http:\/\/ccau.centre.ubbcluj.ro\/&#8221;][\/vc_column][vc_column width=&#8221;1\/3&#8243;][vc_empty_space][vc_single_image image=&#8221;93&#8243; img_size=&#8221;medium&#8221; add_caption=&#8221;yes&#8221; alignment=&#8221;center&#8221; style=&#8221;vc_box_rounded&#8221; onclick=&#8221;custom_link&#8221; img_link_target=&#8221;_blank&#8221; link=&#8221;http:\/\/itd.territorial-identity.ro\/&#8221; title=&#8221;Centrul de de Cercetare pentru Identit\u0103ti Teritoriale \u015fi Dezvoltare (ITD)&#8221;][\/vc_column][\/vc_row][vc_row][vc_column width=&#8221;1\/3&#8243;][vc_column_text]<\/p>\n<p>[\/vc_column_text][vc_single_image image=&#8221;96&#8243; img_size=&#8221;medium&#8221; add_caption=&#8221;yes&#8221; alignment=&#8221;center&#8221; style=&#8221;vc_box_rounded&#8221; onclick=&#8221;custom_link&#8221; img_link_target=&#8221;_blank&#8221; title=&#8221;Centrul de Training pentru Turism (CTT )&#8221; link=&#8221;http:\/\/ctt.centre.ubbcluj.ro\/&#8221;][\/vc_column][vc_column width=&#8221;1\/3&#8243;][vc_single_image image=&#8221;92&#8243; img_size=&#8221;medium&#8221; add_caption=&#8221;yes&#8221; alignment=&#8221;center&#8221; style=&#8221;vc_box_rounded&#8221; onclick=&#8221;custom_link&#8221; img_link_target=&#8221;_blank&#8221; title=&#8221;Centrul de Cercetare pentru Dezvoltare Durabil\u0103&#8221; link=&#8221;http:\/\/ccdd.centre.ubbcluj.ro\/ro\/descriere\/&#8221;][\/vc_column][vc_column width=&#8221;1\/3&#8243;][vc_single_image image=&#8221;117&#8243; img_size=&#8221;medium&#8221; add_caption=&#8221;yes&#8221; alignment=&#8221;center&#8221; style=&#8221;vc_box_rounded&#8221; onclick=&#8221;custom_link&#8221; img_link_target=&#8221;_blank&#8221; css=&#8221;&#8221; link=&#8221;http:\/\/georisc.centre.ubbcluj.ro&#8221; title=&#8221;Centrul de Cercetare a Hazardelor si Riscurilor Geografice ( GEORISC )&#8221;][\/vc_column][\/vc_row][vc_row][vc_column][vc_column_text]<\/p>\n<p>[\/vc_column_text][vc_single_image image=&#8221;94&#8243; img_size=&#8221;medium&#8221; add_caption=&#8221;yes&#8221; alignment=&#8221;center&#8221; style=&#8221;vc_box_rounded&#8221; onclick=&#8221;custom_link&#8221; img_link_target=&#8221;_blank&#8221; title=&#8221;Laboratorul de Dendrocronologie (GeoDendrolab)&#8221; link=&#8221;http:\/\/geodendrolab.geografie.ubbcluj.ro\/&#8221;][\/vc_column][\/vc_row]<\/p>\n<\/div>","protected":false},"excerpt":{"rendered":"<p>[vc_row][vc_column width=&#8221;1\/3&#8243;][vc_empty_space][vc_single_image image=&#8221;97&#8243; img_size=&#8221;medium&#8221; add_caption=&#8221;yes&#8221; alignment=&#8221;center&#8221; style=&#8221;vc_box_rounded&#8221; onclick=&#8221;custom_link&#8221; img_link_target=&#8221;_blank&#8221; title=&#8221;Centrul de Geografie Regional\u0103 (CGR)&#8221; link=&#8221;http:\/\/cgr.centre.ubbcluj.ro\/&#8221;][\/vc_column][vc_column width=&#8221;1\/3&#8243;][vc_empty_space][vc_single_image image=&#8221;91&#8243; img_size=&#8221;medium&#8221; add_caption=&#8221;yes&#8221; alignment=&#8221;center&#8221; style=&#8221;vc_box_rounded&#8221; onclick=&#8221;custom_link&#8221; img_link_target=&#8221;_blank&#8221; title=&#8221;Centrul de Cercetare a A\u015fez\u0103rilor \u015fi Urbanism&#8221; link=&#8221;http:\/\/ccau.centre.ubbcluj.ro\/&#8221;][\/vc_column][vc_column width=&#8221;1\/3&#8243;][vc_empty_space][vc_single_image image=&#8221;93&#8243; img_size=&#8221;medium&#8221; add_caption=&#8221;yes&#8221; alignment=&#8221;center&#8221; style=&#8221;vc_box_rounded&#8221; onclick=&#8221;custom_link&#8221; img_link_target=&#8221;_blank&#8221; link=&#8221;http:\/\/itd.territorial-identity.ro\/&#8221; title=&#8221;Centrul de de Cercetare pentru Identit\u0103ti Teritoriale \u015fi Dezvoltare (ITD)&#8221;][\/vc_column][\/vc_row][vc_row][vc_column width=&#8221;1\/3&#8243;][vc_column_text] [\/vc_column_text][vc_single_image image=&#8221;96&#8243; img_size=&#8221;medium&#8221; add_caption=&#8221;yes&#8221; [&hellip;]<\/p>\n","protected":false},"author":2,"featured_media":0,"parent":0,"menu_order":0,"comment_status":"closed","ping_status":"closed","template":"","meta":{"footnotes":""},"class_list":["post-38","page","type-page","status-publish","hentry"],"_links":{"self":[{"href":"https:\/\/geografie.ubbcluj.ro\/cercetare\/index.php?rest_route=\/wp\/v2\/pages\/38","targetHints":{"allow":["GET"]}}],"collection":[{"href":"https:\/\/geografie.ubbcluj.ro\/cercetare\/index.php?rest_route=\/wp\/v2\/pages"}],"about":[{"href":"https:\/\/geografie.ubbcluj.ro\/cercetare\/index.php?rest_route=\/wp\/v2\/types\/page"}],"author":[{"embeddable":true,"href":"https:\/\/geografie.ubbcluj.ro\/cercetare\/index.php?rest_route=\/wp\/v2\/users\/2"}],"replies":[{"embeddable":true,"href":"https:\/\/geografie.ubbcluj.ro\/cercetare\/index.php?rest_route=%2Fwp%2Fv2%2Fcomments&post=38"}],"version-history":[{"count":30,"href":"https:\/\/geografie.ubbcluj.ro\/cercetare\/index.php?rest_route=\/wp\/v2\/pages\/38\/revisions"}],"predecessor-version":[{"id":801,"href":"https:\/\/geografie.ubbcluj.ro\/cercetare\/index.php?rest_route=\/wp\/v2\/pages\/38\/revisions\/801"}],"wp:attachment":[{"href":"https:\/\/geografie.ubbcluj.ro\/cercetare\/index.php?rest_route=%2Fwp%2Fv2%2Fmedia&parent=38"}],"curies":[{"name":"wp","href":"https:\/\/api.w.org\/{rel}","templated":true}]}}

<div class="wpb-content-wrapper"><p>[vc_row][vc_column width=&#8221;1/3&#8243;][vc_empty_space][vc_single_image image=&#8221;97&#8243; img_size=&#8221;medium&#8221; add_caption=&#8221;yes&#8221; alignment=&#8221;center&#8221; style=&#8221;vc_box_rounded&#8221; onclick=&#8221;custom_link&#8221; img_link_target=&#8221;_blank&#8221; title=&#8221;Centrul de Geografie Regională (CGR)&#8221; link=&#8221;http://cgr.centre.ubbcluj.ro/&#8221;][/vc_column][vc_column width=&#8221;1/3&#8243;][vc_empty_space][vc_single_image image=&#8221;91&#8243; img_size=&#8221;medium&#8221; add_caption=&#8221;yes&#8221; alignment=&#8221;center&#8221; style=&#8221;vc_box_rounded&#8221; onclick=&#8221;custom_link&#8221; img_link_target=&#8221;_blank&#8221; title=&#8221;Centrul de Cercetare a Aşezărilor şi Urbanism&#8221; link=&#8221;http://ccau.centre.ubbcluj.ro/&#8221;][/vc_column][vc_column width=&#8221;1/3&#8243;][vc_empty_space][vc_single_image image=&#8221;93&#8243; img_size=&#8221;medium&#8221; add_caption=&#8221;yes&#8221; alignment=&#8221;center&#8221; style=&#8221;vc_box_rounded&#8221; onclick=&#8221;custom_link&#8221; img_link_target=&#8221;_blank&#8221; link=&#8221;http://itd.territorial-identity.ro/&#8221; title=&#8221;Centrul de de Cercetare pentru Identităti Teritoriale şi Dezvoltare (ITD)&#8221;][/vc_column][/vc_row][vc_row][vc_column width=&#8221;1/3&#8243;][vc_column_text]</p>
<p>[/vc_column_text][vc_single_image image=&#8221;96&#8243; img_size=&#8221;medium&#8221; add_caption=&#8221;yes&#8221; alignment=&#8221;center&#8221; style=&#8221;vc_box_rounded&#8221; onclick=&#8221;custom_link&#8221; img_link_target=&#8221;_blank&#8221; title=&#8221;Centrul de Training pentru Turism (CTT )&#8221; link=&#8221;http://ctt.centre.ubbcluj.ro/&#8221;][/vc_column][vc_column width=&#8221;1/3&#8243;][vc_single_image image=&#8221;92&#8243; img_size=&#8221;medium&#8221; add_caption=&#8221;yes&#8221; alignment=&#8221;center&#8221; style=&#8221;vc_box_rounded&#8221; onclick=&#8221;custom_link&#8221; img_link_target=&#8221;_blank&#8221; title=&#8221;Centrul de Cercetare pentru Dezvoltare Durabilă&#8221; link=&#8221;http://ccdd.centre.ubbcluj.ro/ro/descriere/&#8221;][/vc_column][vc_column width=&#8221;1/3&#8243;][vc_single_image image=&#8221;117&#8243; img_size=&#8221;medium&#8221; add_caption=&#8221;yes&#8221; alignment=&#8221;center&#8221; style=&#8221;vc_box_rounded&#8221; onclick=&#8221;custom_link&#8221; img_link_target=&#8221;_blank&#8221; css=&#8221;&#8221; link=&#8221;http://georisc.centre.ubbcluj.ro&#8221; title=&#8221;Centrul de Cercetare a Hazardelor si Riscurilor Geografice ( GEORISC )&#8221;][/vc_column][/vc_row][vc_row][vc_column][vc_column_text]</p>
<p>[/vc_column_text][vc_single_image image=&#8221;94&#8243; img_size=&#8221;medium&#8221; add_caption=&#8221;yes&#8221; alignment=&#8221;center&#8221; style=&#8221;vc_box_rounded&#8221; onclick=&#8221;custom_link&#8221; img_link_target=&#8221;_blank&#8221; title=&#8221;Laboratorul de Dendrocronologie (GeoDendrolab)&#8221; link=&#8221;http://geodendrolab.geografie.ubbcluj.ro/&#8221;][/vc_column][/vc_row]</p>
</div>

<p>[vc_row][vc_column width=&#8221;1/3&#8243;][vc_empty_space][vc_single_image image=&#8221;97&#8243; img_size=&#8221;medium&#8221; add_caption=&#8221;yes&#8221; alignment=&#8221;center&#8221; style=&#8221;vc_box_rounded&#8221; onclick=&#8221;custom_link&#8221; img_link_target=&#8221;_blank&#8221; title=&#8221;Centrul de Geografie Regională (CGR)&#8221; link=&#8221;http://cgr.centre.ubbcluj.ro/&#8221;][/vc_column][vc_column width=&#8221;1/3&#8243;][vc_empty_space][vc_single_image image=&#8221;91&#8243; img_size=&#8221;medium&#8221; add_caption=&#8221;yes&#8221; alignment=&#8221;center&#8221; style=&#8221;vc_box_rounded&#8221; onclick=&#8221;custom_link&#8221; img_link_target=&#8221;_blank&#8221; title=&#8221;Centrul de Cercetare a Aşezărilor şi Urbanism&#8221; link=&#8221;http://ccau.centre.ubbcluj.ro/&#8221;][/vc_column][vc_column width=&#8221;1/3&#8243;][vc_empty_space][vc_single_image image=&#8221;93&#8243; img_size=&#8221;medium&#8221; add_caption=&#8221;yes&#8221; alignment=&#8221;center&#8221; style=&#8221;vc_box_rounded&#8221; onclick=&#8221;custom_link&#8221; img_link_target=&#8221;_blank&#8221; link=&#8221;http://itd.territorial-identity.ro/&#8221; title=&#8221;Centrul de de Cercetare pentru Identităti Teritoriale şi Dezvoltare (ITD)&#8221;][/vc_column][/vc_row][vc_row][vc_column width=&#8221;1/3&#8243;][vc_column_text] [/vc_column_text][vc_single_image image=&#8221;96&#8243; img_size=&#8221;medium&#8221; add_caption=&#8221;yes&#8221; [&hellip;]</p>
