{"id":214,"date":"2021-10-03T08:02:23","date_gmt":"2021-10-03T08:02:23","guid":{"rendered":"https:\/\/geografie.ubbcluj.ro\/cercetare\/?page_id=214"},"modified":"2022-11-09T07:47:46","modified_gmt":"2022-11-09T07:47:46","slug":"2016-2","status":"publish","type":"page","link":"https:\/\/geografie.ubbcluj.ro\/cercetare\/?page_id=214","title":{"rendered":"2016"},"content":{"rendered":"<div class=\"wpb-content-wrapper\"><p>[vc_row][vc_column width=&#8221;1\/6&#8243;][vc_row_inner][vc_column_inner][vc_btn title=&#8221;2022&#8243; color=&#8221;danger&#8221; link=&#8221;url:https%3A%2F%2Fgeografie.ubbcluj.ro%2Fcercetare%2F%3Fpage_id%3D749|title:2022&#8243;][\/vc_column_inner][\/vc_row_inner][vc_row_inner][vc_column_inner][vc_btn title=&#8221;2021&#8243; color=&#8221;danger&#8221; link=&#8221;url:https%3A%2F%2Fgeografie.ubbcluj.ro%2Fcercetare%2F%3Fpage_id%3D294|title:2021&#8243;][\/vc_column_inner][\/vc_row_inner][vc_row_inner][vc_column_inner][vc_btn title=&#8221;2020&#8243; color=&#8221;danger&#8221; link=&#8221;url:https%3A%2F%2Fgeografie.ubbcluj.ro%2Fcercetare%2F%3Fpage_id%3D302|title:2020&#8243;][\/vc_column_inner][\/vc_row_inner][vc_row_inner][vc_column_inner][vc_btn title=&#8221;2019&#8243; color=&#8221;danger&#8221; link=&#8221;url:https%3A%2F%2Fgeografie.ubbcluj.ro%2Fcercetare%2F%3Fpage_id%3D208|title:2019&#8243;][\/vc_column_inner][\/vc_row_inner][vc_row_inner][vc_column_inner][vc_btn title=&#8221;2018&#8243; color=&#8221;danger&#8221; link=&#8221;url:https%3A%2F%2Fgeografie.ubbcluj.ro%2Fcercetare%2F%3Fpage_id%3D210|title:2018&#8243;][\/vc_column_inner][\/vc_row_inner][vc_row_inner][vc_column_inner][vc_btn title=&#8221;2017&#8243; color=&#8221;danger&#8221; link=&#8221;url:https%3A%2F%2Fgeografie.ubbcluj.ro%2Fcercetare%2F%3Fpage_id%3D212|title:2017&#8243;][\/vc_column_inner][\/vc_row_inner][vc_row_inner][vc_column_inner][vc_btn title=&#8221;2016&#8243; color=&#8221;danger&#8221; link=&#8221;url:https%3A%2F%2Fgeografie.ubbcluj.ro%2Fcercetare%2F%3Fpage_id%3D214|title:2016&#8243;][\/vc_column_inner][\/vc_row_inner][\/vc_column][vc_column width=&#8221;5\/6&#8243;][vc_row_inner][vc_column_inner][vc_column_text]\n    <div class=\"wpdt-c \">\n    \n<input type=\"hidden\" id=\"wdtNonceFrontendEdit\" name=\"wdtNonceFrontendEdit\" value=\"aff98d6cd2\" \/><input type=\"hidden\" name=\"_wp_http_referer\" value=\"\/cercetare\/index.php?rest_route=%2Fwp%2Fv2%2Fpages%2F214\" \/>    <input type=\"hidden\" id=\"table_1_desc\" value='{\"tableId\":\"table_1\",\"tableType\":\"xls\",\"selector\":\"#table_1\",\"responsive\":false,\"responsiveAction\":\"icon\",\"infoBlock\":true,\"pagination\":1,\"paginationAlign\":\"right\",\"paginationLayout\":\"full_numbers\",\"paginationLayoutMobile\":\"simple\",\"file_location\":\"\",\"table_wcag\":0,\"simple_template_id\":0,\"scrollable\":false,\"globalSearch\":false,\"showRowsPerPage\":true,\"hideBeforeLoad\":true,\"pagination_top\":0,\"number_format\":1,\"decimalPlaces\":2,\"spinnerSrc\":\"https:\\\/\\\/geografie.ubbcluj.ro\\\/cercetare\\\/wp-content\\\/plugins\\\/wpdatatables\\\/assets\\\/\\\/img\\\/spinner.gif\",\"groupingEnabled\":false,\"tableWpId\":3,\"dataTableParams\":{\"sDom\":\"BT\\u003C\\u0027clear\\u0027\\u003Eltip\",\"bSortCellsTop\":false,\"bPaginate\":true,\"sPaginationType\":\"full_numbers\",\"aLengthMenu\":[[1,5,10,25,50,100,-1],[1,5,10,25,50,100,\"All\"]],\"iDisplayLength\":-1,\"columnDefs\":[{\"sType\":\"string\",\"wdtType\":\"string\",\"bVisible\":true,\"orderable\":true,\"searchable\":true,\"InputType\":\"text\",\"name\":\"Title\",\"origHeader\":\"Title\",\"notNull\":false,\"conditionalFormattingRules\":[],\"className\":\" column-title\",\"aTargets\":[0]},{\"sType\":\"string\",\"wdtType\":\"string\",\"bVisible\":true,\"orderable\":true,\"searchable\":true,\"InputType\":\"text\",\"name\":\"Authors\",\"origHeader\":\"Authors\",\"notNull\":false,\"conditionalFormattingRules\":[],\"className\":\" column-authors\",\"aTargets\":[1]},{\"sType\":\"string\",\"wdtType\":\"string\",\"bVisible\":true,\"orderable\":true,\"searchable\":true,\"InputType\":\"text\",\"name\":\"Publication\",\"origHeader\":\"Publication\",\"notNull\":false,\"conditionalFormattingRules\":[],\"className\":\" column-publication\",\"aTargets\":[2]}],\"bAutoWidth\":false,\"order\":[[0,\"asc\"]],\"ordering\":true,\"buttons\":[{\"extend\":\"print\",\"exportOptions\":{\"columns\":\":visible\",\"stripHtml\":true},\"className\":\"DTTT_button DTTT_button_print\",\"title\":\"articole2016\",\"text\":\"Print\"},{\"extend\":\"excelHtml5\",\"exportOptions\":{\"columns\":\":visible\",\"stripHtml\":true},\"className\":\"DTTT_button DTTT_button_xls\",\"filename\":\"articole2016\",\"title\":null,\"text\":\"Excel\"},{\"extend\":\"csvHtml5\",\"exportOptions\":{\"columns\":\":visible\",\"stripHtml\":true},\"className\":\"DTTT_button DTTT_button_csv\",\"title\":\"articole2016\",\"text\":\"CSV\"},{\"extend\":\"copyHtml5\",\"exportOptions\":{\"columns\":\":visible\",\"stripHtml\":true},\"className\":\"DTTT_button DTTT_button_copy\",\"filename\":\"articole2016\",\"title\":null,\"text\":\"Copy\"}],\"oSearch\":{\"bSmart\":false,\"bRegex\":false,\"sSearch\":\"\"}},\"currentSkin\":\"skin1\",\"tabletWidth\":\"1024\",\"mobileWidth\":\"480\",\"columnsFixed\":0,\"timeFormat\":\"h:i A\",\"datepickFormat\":\"dd\\\/mm\\\/yy\"}'\/>\n\n    <table id=\"table_1\"\n           class=\"                      display nowrap data-t wpDataTable wpDataTableID-3\"\n           style=\"display: none; \"\n           data-described-by='table_1_desc'\n           data-wpdatatable_id=\"3\">\n        \n        <!-- Table header -->\n        \n<thead>\n<tr>\n                    <th\n        data-class=\"expand\"                class=\" wdtheader sort \"\n        style=\"\">Title<\/th>        <th\n                        class=\" wdtheader sort \"\n        style=\"\">Authors<\/th>        <th\n                        class=\" wdtheader sort \"\n        style=\"\">Publication<\/th>    <\/tr>\n<\/thead>\n        <!-- \/Table header -->\n\n        <!-- Table body -->\n        \n<tbody>\n        <tr id=\"table_3_row_0\">\n                    <td style=\"\">Mofettas in the Mount Ciomadu volcanic mountain area and the balneary tourism<\/td>\n                    <td style=\"\">B\u00c1LINT-B\u00c1LINT  L\u00d3R\u00c1NT, IRIMUS IOAN-AUREL, CRI\u015eAN  Hunor - Flaviu, DOMBAY STEFAN, CIOBAN  TIBERIU - DORU<\/td>\n                    <td style=\"\">ECOLOGICAL ECONOMICS<\/td>\n            <\/tr>\n            <tr id=\"table_3_row_1\">\n                    <td style=\"\">Social and economic possibilities for the energy utilization of fitomass in the valley of the river Hern\u00e1d<\/td>\n                    <td style=\"\">Kircsi Andrea, Kapocska L\u00e1szl\u00f3, Lazar Istvan, T\u00f3th J\u00f3zsef Barnab\u00e1s, Tar K\u00e1roly, Em\u00edlia Durk\u00f3, Bai  Attila , BARTOK BLANKA, Vass R\u00f3bert, P\u00e9nzes J\u00e1nos, T\u00f3th Tam\u00e1s<\/td>\n                    <td style=\"\">RENEWABLE ENERGY<\/td>\n            <\/tr>\n            <tr id=\"table_3_row_2\">\n                    <td style=\"\">Cartographic analysis of some old Transylvanian geological maps from the second half of the   nineteenth century<\/td>\n                    <td style=\"\">Korodi Eniko, BARTOS-ELEKES ZSOMBOR-HASSAN, RUS IOAN, HAIDU IONEL<\/td>\n                    <td style=\"\">ACTA GEODAETICA ET GEOPHYSICA HUNGARICA<\/td>\n            <\/tr>\n            <tr id=\"table_3_row_3\">\n                    <td style=\"\">Occurrence and sources of polycyclic aromatic hydrocarbons in the Tisza River and its Romanian Tributaries<\/td>\n                    <td style=\"\">BELDEAN-GALEA MIHAIL-SIMION, MIHAIESCU RADU, ARGHIUS VIOREL-ILIE, CROITORU ADINA-ELIZA, HORVATH CSABA, COMAN N.MARCULETIU MARIA - VIRGINIA<\/td>\n                    <td style=\"\">WATER AIR AND SOIL POLLUTION<\/td>\n            <\/tr>\n            <tr id=\"table_3_row_4\">\n                    <td style=\"\">Hot spots and social background of urban traffic crashes: a case study in Cluj-Napoca (Romania)<\/td>\n                    <td style=\"\">BENEDEK JOZSEF, CIOBANU  Silviu - Marian, MAN TITUS-CRISTIAN<\/td>\n                    <td style=\"\">ACCIDENT ANALYSIS AND PREVENTION<\/td>\n            <\/tr>\n            <tr id=\"table_3_row_5\">\n                    <td style=\"\">Identification of Land Suitability for Agricultural Use by Applying Morphometric and Risk Parameters Based on GIS Spatial Analysis<\/td>\n                    <td style=\"\">BILASCO STEFAN, RO\u015eCA SANDA-MARIA, Pacurar Ioan, Moldovan  Nicolaie , Bot Amalia-Ioana, Negrusier  Cornel , Sestras Paul, Na\u0219 Sanda, Bondrea Mircea<\/td>\n                    <td style=\"\">NOTULAE BOTANICAE HORTI AGROBOTANICI CLUJ-NAPOCA<\/td>\n            <\/tr>\n            <tr id=\"table_3_row_6\">\n                    <td style=\"\">Perceptions Regarding the Land of N\u0103s\u0103ud Regional Identity<\/td>\n                    <td style=\"\">BOTAN CRISTIAN-NICOLAE, HORVATH CSABA, PAVEL ION-HORATIU, FONOGEA SILVIU-FLORIN, GLIGOR VIOREL<\/td>\n                    <td style=\"\">TRANSYLVANIAN REVIEW<\/td>\n            <\/tr>\n            <tr id=\"table_3_row_7\">\n                    <td style=\"\">Altitudinal changes of summer air temperature trends in the Romanian Carpathians based on serially correlated models<\/td>\n                    <td style=\"\">CROITORU ADINA-ELIZA, Drignei Dorin, Burada Cristina, Dragot\u0103 Carmen Sofia, IMECS ZOLTAN-FERENC<\/td>\n                    <td style=\"\">QUATERNARY INTERNATIONAL<\/td>\n            <\/tr>\n            <tr id=\"table_3_row_8\">\n                    <td style=\"\">Changes in precipitation extremes in Romania<\/td>\n                    <td style=\"\">CROITORU ADINA-ELIZA, Piticar Adrian, Burada Cristina<\/td>\n                    <td style=\"\">QUATERNARY INTERNATIONAL<\/td>\n            <\/tr>\n            <tr id=\"table_3_row_9\">\n                    <td style=\"\">Changes in heat waves indices in Romania over the period 1961\u20132015<\/td>\n                    <td style=\"\">CROITORU ADINA-ELIZA, Piticar Adrian, CIUPERTEA  Antoniu - Flavius, RO\u015eCA  Florina - Cristina<\/td>\n                    <td style=\"\">GLOBAL AND PLANETARY CHANGE<\/td>\n            <\/tr>\n            <tr id=\"table_3_row_10\">\n                    <td style=\"\">Climate change effects on groundwater resources: a new assessment method through climate indices and effective precipitation in Beli\u015f district, Western Carpathians<\/td>\n                    <td style=\"\">DEZSI STEFAN, MARGARIT NISTOR<\/td>\n                    <td style=\"\">METEOROLOGICAL APPLICATIONS<\/td>\n            <\/tr>\n            <tr id=\"table_3_row_11\">\n                    <td style=\"\">Climate change effects on crop evapotranspiration in the Carpathian Region from 1961 to 2010<\/td>\n                    <td style=\"\">DEZSI STEFAN, MARGARIT NISTOR<\/td>\n                    <td style=\"\">METEOROLOGICAL APPLICATIONS<\/td>\n            <\/tr>\n            <tr id=\"table_3_row_12\">\n                    <td style=\"\">How Powerful is Feedforward in University Education? A Case Study in Romanian Geographical Education on Increasing Learning Efficiency<\/td>\n                    <td style=\"\">DULAMA MARIA-ELIZA, ILOVAN OANA RAMONA<\/td>\n                    <td style=\"\">KURAM VE UYGULAMADA EGITIM BILIMLERI<\/td>\n            <\/tr>\n            <tr id=\"table_3_row_13\">\n                    <td style=\"\">Cartographic Analysis of some old Transylvanian Geological Maps from the second half of the 19th Century<\/td>\n                    <td style=\"\">FELEKI  Enik\u0151, BARTOS-ELEKES ZSOMBOR-HASSAN, RUS IOAN, Haidu Ionel<\/td>\n                    <td style=\"\">ACTA GEODAETICA ET GEOPHYSICA HUNGARICA<\/td>\n            <\/tr>\n            <tr id=\"table_3_row_14\">\n                    <td style=\"\">Historical Cartographic overview and cartographic analysis of the geological map of Transylvania by Hauer (1861)<\/td>\n                    <td style=\"\">FELEKI  Enik\u0151, Hofmann Thomas<\/td>\n                    <td style=\"\">Geographia Technica<\/td>\n            <\/tr>\n            <tr id=\"table_3_row_15\">\n                    <td style=\"\">Change detection in the Cluj forest district, using remote sensing and GIS application<\/td>\n                    <td style=\"\">FURTUN\u0102  Paula - Roxana, Haidu Ionel, ALEXE MIRCEA, HOLOBACA IULIAN-HOREA<\/td>\n                    <td style=\"\">ENVIRONMENTAL ENGINEERING AND MANAGEMENT JOURNAL<\/td>\n            <\/tr>\n            <tr id=\"table_3_row_16\">\n                    <td style=\"\">Deriving the floodplain in rural areas for high exceedance probability having limited data source<\/td>\n                    <td style=\"\">Gyori Maria - Mihaela, HAIDU IONEL, Humbert  Joel<\/td>\n                    <td style=\"\">ENVIRONMENTAL ENGINEERING AND MANAGEMENT JOURNAL<\/td>\n            <\/tr>\n            <tr id=\"table_3_row_17\">\n                    <td style=\"\">Ponds delineation in various urban landforms. Case study for Cluj-Napoca, Romania<\/td>\n                    <td style=\"\">HAIDU IONEL, IVAN  KINGA<\/td>\n                    <td style=\"\">ENVIRONMENTAL ENGINEERING AND MANAGEMENT JOURNAL<\/td>\n            <\/tr>\n            <tr id=\"table_3_row_18\">\n                    <td style=\"\">Evolution du ruissellement et du volume d\u2019eau ruissele en surface urbaine. Etude de cas: Bordeaux 1984-2014, France<\/td>\n                    <td style=\"\">HAIDU IONEL, IVAN  KINGA<\/td>\n                    <td style=\"\">HOUILLE BLANCHE-REVUE INTERNATIONALE DE L EAU<\/td>\n            <\/tr>\n            <tr id=\"table_3_row_19\">\n                    <td style=\"\">The assessment of the impact induced by the increase of impervious areas on surface runoff. Case study the city of Cluj-Napoca, Romania.<\/td>\n                    <td style=\"\">HAIDU IONEL, IVAN  KINGA<\/td>\n                    <td style=\"\">CARPATHIAN JOURNAL OF EARTH AND ENVIRONMENTAL SCIENCES<\/td>\n            <\/tr>\n            <tr id=\"table_3_row_20\">\n                    <td style=\"\">Recent retreat of the Elbrus glacier system<\/td>\n                    <td style=\"\">HOLOBACA IULIAN-HOREA<\/td>\n                    <td style=\"\">JOURNAL OF GLACIOLOGY<\/td>\n            <\/tr>\n            <tr id=\"table_3_row_21\">\n                    <td style=\"\">Dendroclimatic reconstruction of late summer temperatures from upper treeline sites in Greater Caucasus<\/td>\n                    <td style=\"\">HOLOBACA IULIAN-HOREA, POP OLIMPIU-TRAIAN, PETREA DANUT-PETRU<\/td>\n                    <td style=\"\">QUATERNARY INTERNATIONAL<\/td>\n            <\/tr>\n            <tr id=\"table_3_row_22\">\n                    <td style=\"\">The patrimony of wooden churches, built between 1531 and 2015, in the Land of Maramure\u0219, Romania<\/td>\n                    <td style=\"\">ILIES MARIN<\/td>\n                    <td style=\"\">JOURNAL OF MAPS<\/td>\n            <\/tr>\n            <tr id=\"table_3_row_23\">\n                    <td style=\"\">Approaching the Other in the Zipsers\u2019 Community. Identity Issues and Methodological Insights into Geographical Cross-Cultural Research<\/td>\n                    <td style=\"\">ILOVAN OANA RAMONA<\/td>\n                    <td style=\"\">TRANSYLVANIAN REVIEW<\/td>\n            <\/tr>\n            <tr id=\"table_3_row_24\">\n                    <td style=\"\">Tracing the Military Frontier District of Nasaud. Territorial Identity and Regional Development<\/td>\n                    <td style=\"\">ILOVAN OANA RAMONA, HAVADI-NAGY KINGA-XENIA, SCRIDON Ioana, HUCIU  D\u0102NU\u021a<\/td>\n                    <td style=\"\">MITTEILUNGEN DER OSTERREICHISCHEN GEOGRAPHISCHEN GESELLSCHAFT<\/td>\n            <\/tr>\n            <tr id=\"table_3_row_25\">\n                    <td style=\"\">Identity Matters for Development: Austrian and Romanian Experiences<\/td>\n                    <td style=\"\">ILOVAN OANA RAMONA, Jordan Peter, HAVADI-NAGY KINGA-XENIA, Zametter Thomas<\/td>\n                    <td style=\"\">TRANSYLVANIAN REVIEW<\/td>\n            <\/tr>\n            <tr id=\"table_3_row_26\">\n                    <td style=\"\">Changing Human-Environment Interactions in Medium Mountains, the Apuseni Mts (Romania) as a Case Study<\/td>\n                    <td style=\"\">IMECS ZOLTAN-FERENC<\/td>\n                    <td style=\"\">JOURNAL OF MOUNTAIN SCIENCE<\/td>\n            <\/tr>\n            <tr id=\"table_3_row_27\">\n                    <td style=\"\">Towards Transport Sustainability in the Cluj-Napoca Metropolitan Area.<\/td>\n                    <td style=\"\">IRIMUS IOAN-AUREL, CORPADE ANA-MARIA, CORPADE CIPRIAN-PETRU<\/td>\n                    <td style=\"\">TRANSYLVANIAN REVIEW<\/td>\n            <\/tr>\n            <tr id=\"table_3_row_28\">\n                    <td style=\"\">Qualitative landslide risk estimation in the Baia Mare depression,Romania<\/td>\n                    <td style=\"\">IRIMUS IOAN-AUREL<\/td>\n                    <td style=\"\">CARPATHIAN JOURNAL OF EARTH AND ENVIRONMENTAL SCIENCES<\/td>\n            <\/tr>\n            <tr id=\"table_3_row_29\">\n                    <td style=\"\">Mixed group hikers optimal resting place location along trails. Test area at Lacu-Rosu region (Romania)<\/td>\n                    <td style=\"\">MAGYARI-SASKA ZSOLT, DOMBAY STEFAN<\/td>\n                    <td style=\"\">Geographia Technica<\/td>\n            <\/tr>\n            <tr id=\"table_3_row_30\">\n                    <td style=\"\">GEOGRAPHICAL AXIS THEORY. ROLE AND FUNCTION IN BUILDING TERRITORIAL SOCIAL REALITIES<\/td>\n                    <td style=\"\">POP CALIN-CORNEL<\/td>\n                    <td style=\"\">REVISTA DE CERCETARE SI INTERVENTIE SOCIALA<\/td>\n            <\/tr>\n            <tr id=\"table_3_row_31\">\n                    <td style=\"\">Environmental Axes: Management and Economic Development. Regional and Local Aspects<\/td>\n                    <td style=\"\">POP CALIN-CORNEL, ORMENISAN VASILE-SEPTIMIU<\/td>\n                    <td style=\"\">ENVIRONMENTAL ENGINEERING AND MANAGEMENT JOURNAL<\/td>\n            <\/tr>\n            <tr id=\"table_3_row_32\">\n                    <td style=\"\">A century-long snow avalanche chronology reconstructed from tree-rings in Par\u00e2ng Mountains (Southern Carpathians, Romania)<\/td>\n                    <td style=\"\">POP OLIMPIU-TRAIAN, R\u0102CHIT\u0102 IONELA - GEORGIANA, ROSIAN GHEORGHE, MESE\u0218AN  Flaviu, ARMELLE  Decaulne , HOLOBACA IULIAN-HOREA, Elizbarashvili Mariam<\/td>\n                    <td style=\"\">QUATERNARY INTERNATIONAL<\/td>\n            <\/tr>\n            <tr id=\"table_3_row_33\">\n                    <td style=\"\">Comparative assessment of landslide susceptibility. Case study: the Niraj river basin (Transylvania depression, Romania)<\/td>\n                    <td style=\"\">RO\u015eCA SANDA-MARIA, BILASCO STEFAN, PETREA DANUT-PETRU, VESCAN IULIU, FODOREAN IOAN<\/td>\n                    <td style=\"\">GEOMATICS NATURAL HAZARDS &amp; RISK<\/td>\n            <\/tr>\n            <tr id=\"table_3_row_34\">\n                    <td style=\"\">ASSESSING LANDSLIDE VULNERABILITY USING BIVARIATE STATISTICAL ANALYSIS AND THE FREQUENCY RATIO MODEL. CASE STUDY: TRANSYLVANIAN PLAIN<\/td>\n                    <td style=\"\">ROSIAN GHEORGHE, HORVATH CSABA, RETI KINGA-OLGA, BOTAN CRISTIAN-NICOLAE, R\u0102CHIT\u0102 IONELA - GEORGIANA<\/td>\n                    <td style=\"\">ZEITSCHRIFT FUR GEOMORPHOLOGIE<\/td>\n            <\/tr>\n            <tr id=\"table_3_row_35\">\n                    <td style=\"\">Flood-prone area delimitation using UAV technology, in the areas hard-to-reach for classic aircrafts: case study in the north-east of Apuseni Mountains, Transylvania<\/td>\n                    <td style=\"\">SERBAN GHEORGHE, RUS IOAN, VELE DAN, BRETCAN Petre , ALEXE MIRCEA, PETREA DANUT-PETRU<\/td>\n                    <td style=\"\">NATURAL HAZARDS<\/td>\n            <\/tr>\n    <\/tbody>        <!-- \/Table body -->\n\n        \n    <\/table>\n\n        <span class=\"powered_by_link d-block m-l-10 m-t-10 m-b-10\">Generated by <a href=\"https:\/\/wpdatatables.com\" rel=\"nofollow\" target=\"_blank\">wpDataTables<\/a><\/span>\n<\/div><style>\ntable.wpDataTable { table-layout: fixed !important; }\ntable.wpDataTable td, table.wpDataTable th { white-space: normal !important; }\ntable.wpDataTable td.numdata { text-align: right !important; }\n<\/style>\n[\/vc_column_text][\/vc_column_inner][\/vc_row_inner][\/vc_column][\/vc_row]<\/p>\n<\/div>","protected":false},"excerpt":{"rendered":"<p>[vc_row][vc_column width=&#8221;1\/6&#8243;][vc_row_inner][vc_column_inner][vc_btn title=&#8221;2022&#8243; color=&#8221;danger&#8221; link=&#8221;url:https%3A%2F%2Fgeografie.ubbcluj.ro%2Fcercetare%2F%3Fpage_id%3D749|title:2022&#8243;][\/vc_column_inner][\/vc_row_inner][vc_row_inner][vc_column_inner][vc_btn title=&#8221;2021&#8243; color=&#8221;danger&#8221; link=&#8221;url:https%3A%2F%2Fgeografie.ubbcluj.ro%2Fcercetare%2F%3Fpage_id%3D294|title:2021&#8243;][\/vc_column_inner][\/vc_row_inner][vc_row_inner][vc_column_inner][vc_btn title=&#8221;2020&#8243; color=&#8221;danger&#8221; link=&#8221;url:https%3A%2F%2Fgeografie.ubbcluj.ro%2Fcercetare%2F%3Fpage_id%3D302|title:2020&#8243;][\/vc_column_inner][\/vc_row_inner][vc_row_inner][vc_column_inner][vc_btn title=&#8221;2019&#8243; color=&#8221;danger&#8221; link=&#8221;url:https%3A%2F%2Fgeografie.ubbcluj.ro%2Fcercetare%2F%3Fpage_id%3D208|title:2019&#8243;][\/vc_column_inner][\/vc_row_inner][vc_row_inner][vc_column_inner][vc_btn title=&#8221;2018&#8243; color=&#8221;danger&#8221; link=&#8221;url:https%3A%2F%2Fgeografie.ubbcluj.ro%2Fcercetare%2F%3Fpage_id%3D210|title:2018&#8243;][\/vc_column_inner][\/vc_row_inner][vc_row_inner][vc_column_inner][vc_btn title=&#8221;2017&#8243; color=&#8221;danger&#8221; link=&#8221;url:https%3A%2F%2Fgeografie.ubbcluj.ro%2Fcercetare%2F%3Fpage_id%3D212|title:2017&#8243;][\/vc_column_inner][\/vc_row_inner][vc_row_inner][vc_column_inner][vc_btn title=&#8221;2016&#8243; color=&#8221;danger&#8221; link=&#8221;url:https%3A%2F%2Fgeografie.ubbcluj.ro%2Fcercetare%2F%3Fpage_id%3D214|title:2016&#8243;][\/vc_column_inner][\/vc_row_inner][\/vc_column][vc_column width=&#8221;5\/6&#8243;][vc_row_inner][vc_column_inner][vc_column_text][\/vc_column_text][\/vc_column_inner][\/vc_row_inner][\/vc_column][\/vc_row]<\/p>\n","protected":false},"author":2,"featured_media":0,"parent":0,"menu_order":0,"comment_status":"closed","ping_status":"closed","template":"","meta":{"footnotes":""},"class_list":["post-214","page","type-page","status-publish","hentry"],"_links":{"self":[{"href":"https:\/\/geografie.ubbcluj.ro\/cercetare\/index.php?rest_route=\/wp\/v2\/pages\/214","targetHints":{"allow":["GET"]}}],"collection":[{"href":"https:\/\/geografie.ubbcluj.ro\/cercetare\/index.php?rest_route=\/wp\/v2\/pages"}],"about":[{"href":"https:\/\/geografie.ubbcluj.ro\/cercetare\/index.php?rest_route=\/wp\/v2\/types\/page"}],"author":[{"embeddable":true,"href":"https:\/\/geografie.ubbcluj.ro\/cercetare\/index.php?rest_route=\/wp\/v2\/users\/2"}],"replies":[{"embeddable":true,"href":"https:\/\/geografie.ubbcluj.ro\/cercetare\/index.php?rest_route=%2Fwp%2Fv2%2Fcomments&post=214"}],"version-history":[{"count":5,"href":"https:\/\/geografie.ubbcluj.ro\/cercetare\/index.php?rest_route=\/wp\/v2\/pages\/214\/revisions"}],"predecessor-version":[{"id":754,"href":"https:\/\/geografie.ubbcluj.ro\/cercetare\/index.php?rest_route=\/wp\/v2\/pages\/214\/revisions\/754"}],"wp:attachment":[{"href":"https:\/\/geografie.ubbcluj.ro\/cercetare\/index.php?rest_route=%2Fwp%2Fv2%2Fmedia&parent=214"}],"curies":[{"name":"wp","href":"https:\/\/api.w.org\/{rel}","templated":true}]}}