{"id":2793,"date":"2022-07-06T10:59:01","date_gmt":"2022-07-06T10:59:01","guid":{"rendered":"https:\/\/geografie.ubbcluj.ro\/admitere\/?page_id=2793"},"modified":"2025-12-18T09:22:47","modified_gmt":"2025-12-18T09:22:47","slug":"naptar","status":"publish","type":"page","link":"https:\/\/geografie.ubbcluj.ro\/admitere\/?page_id=2793&lang=hu","title":{"rendered":"Esem\u00e9nynapt\u00e1r"},"content":{"rendered":"<div class=\"wpb-content-wrapper\"><p>[vc_row][vc_column width=&#8221;1\/2&#8243;][vc_column_text css=&#8221;&#8221;]<span style=\"color: #000080;\">.<\/span><\/p>\n<p style=\"padding-left: 40px;\"><span style=\"color: #000080;\"><strong><span style=\"font-size: 18pt;\">ONLINE Beiratkoz\u00e1si id\u0151szak<\/span>,<\/strong> <\/span><\/p>\n<p style=\"padding-left: 80px;\"><span style=\"color: #000080;\"><strong>J\u00falius 2026<\/strong>, alapk\u00e9pz\u00e9s <\/span><\/p>\n<p style=\"padding-left: 120px;\"><span style=\"color: #ff0000;\"><strong><span style=\"color: #0000ff;\">2026<\/span> J\u00falius 14 \u2013 20<\/strong><\/span><\/p>\n<p style=\"padding-left: 160px;\"><span style=\"color: #0000ff;\"><strong>(utols\u00f3 nap 15.00 \u00f3r\u00e1ig )<\/strong><\/span><\/p>\n<p style=\"padding-left: 40px;\"><span style=\"color: #000080;\"><strong>A kezdeti eredm\u00e9nyek megjelen\u00edt\u00e9se:<\/strong><\/span><\/p>\n<p style=\"padding-left: 80px;\"><span style=\"color: #000080;\"> <span style=\"color: #ff0000;\"><strong><span style=\"color: #0000ff;\"> 2026<\/span> J\u00falius 22<\/strong><\/span><\/span><\/p>\n<p style=\"padding-left: 40px;\"><span style=\"color: #000080;\"><strong>A hely visszaigazol\u00e1sa (Online \u00e9s Kolozsv\u00e1rott):<\/strong><\/span><\/p>\n<p style=\"padding-left: 80px;\"><span style=\"color: #000080;\"><span style=\"color: #ff0000;\"><strong><span style=\"color: #0000ff;\"> 2026<\/span> J\u00falius\u00a0 23 &#8211; 25<\/strong><strong><br \/>\n<\/strong><\/span><\/span><\/p>\n<p style=\"padding-left: 160px;\"><span style=\"color: #0000ff;\"><strong>(utols\u00f3 nap 14.00 \u00f3r\u00e1ig )<\/strong><\/span><\/p>\n<p style=\"padding-left: 40px;\"><span style=\"color: #000080;\"><strong>Az eredm\u00e9nyek \u00fajraeloszt\u00e1sa \u00e9s megjelen\u00edt\u00e9se:<\/strong><\/span><\/p>\n<p style=\"padding-left: 80px;\"><span style=\"color: #000080;\"> <strong><span style=\"color: #ff0000;\"><span style=\"color: #0000ff;\">2026<\/span> J\u00falius 27<\/span><\/strong><\/span><\/p>\n<p style=\"padding-left: 40px;\"><span style=\"color: #000080;\"><strong>A hely meger\u0151s\u00edt\u00e9se az \u00fajraeloszt\u00e1s ut\u00e1n<\/strong><\/span><\/p>\n<p style=\"padding-left: 80px;\"><span style=\"color: #000080;\"> <strong><span style=\"color: #ff0000;\"><span style=\"color: #0000ff;\"> 2026<\/span> J\u00falius 28<\/span><\/strong><\/span><\/p>\n<p style=\"padding-left: 40px;\"><span style=\"color: #000080;\"><strong>A v\u00e9gs\u0151 eredm\u00e9nyek megjelen\u00edt\u00e9se:<\/strong><\/span><\/p>\n<p style=\"padding-left: 80px;\"><span style=\"color: #000080;\"> <strong><span style=\"color: #ff0000;\"><span style=\"color: #0000ff;\"> 2026<\/span> J\u00falius 29<\/span><\/strong><\/span><\/p>\n<p>[\/vc_column_text][\/vc_column][vc_column width=&#8221;1\/2&#8243;][vc_images_carousel images=&#8221;1373,1374,1375,1385,1382,1381,1380,1379,1378,1377,1238,1199&#8243; img_size=&#8221;500&#215;600&#8243; speed=&#8221;1500&#8243; autoplay=&#8221;yes&#8221; wrap=&#8221;yes&#8221;][\/vc_column][\/vc_row]<\/p>\n<\/div>","protected":false},"excerpt":{"rendered":"<p>[vc_row][vc_column width=&#8221;1\/2&#8243;][vc_column_text css=&#8221;&#8221;]. ONLINE Beiratkoz\u00e1si id\u0151szak, J\u00falius 2026, alapk\u00e9pz\u00e9s 2026 J\u00falius 14 \u2013 20 (utols\u00f3 nap 15.00 \u00f3r\u00e1ig ) A kezdeti eredm\u00e9nyek megjelen\u00edt\u00e9se: 2026 J\u00falius 22 A hely visszaigazol\u00e1sa (Online \u00e9s Kolozsv\u00e1rott): 2026 J\u00falius\u00a0 23 &#8211; 25 (utols\u00f3 nap 14.00 \u00f3r\u00e1ig ) Az eredm\u00e9nyek \u00fajraeloszt\u00e1sa \u00e9s megjelen\u00edt\u00e9se: 2026 J\u00falius 27 A hely meger\u0151s\u00edt\u00e9se az \u00fajraeloszt\u00e1s [&hellip;]<\/p>\n","protected":false},"author":3,"featured_media":0,"parent":0,"menu_order":0,"comment_status":"closed","ping_status":"closed","template":"","meta":{"footnotes":""},"class_list":["post-2793","page","type-page","status-publish","hentry"],"_links":{"self":[{"href":"https:\/\/geografie.ubbcluj.ro\/admitere\/index.php?rest_route=\/wp\/v2\/pages\/2793","targetHints":{"allow":["GET"]}}],"collection":[{"href":"https:\/\/geografie.ubbcluj.ro\/admitere\/index.php?rest_route=\/wp\/v2\/pages"}],"about":[{"href":"https:\/\/geografie.ubbcluj.ro\/admitere\/index.php?rest_route=\/wp\/v2\/types\/page"}],"author":[{"embeddable":true,"href":"https:\/\/geografie.ubbcluj.ro\/admitere\/index.php?rest_route=\/wp\/v2\/users\/3"}],"replies":[{"embeddable":true,"href":"https:\/\/geografie.ubbcluj.ro\/admitere\/index.php?rest_route=%2Fwp%2Fv2%2Fcomments&post=2793"}],"version-history":[{"count":21,"href":"https:\/\/geografie.ubbcluj.ro\/admitere\/index.php?rest_route=\/wp\/v2\/pages\/2793\/revisions"}],"predecessor-version":[{"id":4494,"href":"https:\/\/geografie.ubbcluj.ro\/admitere\/index.php?rest_route=\/wp\/v2\/pages\/2793\/revisions\/4494"}],"wp:attachment":[{"href":"https:\/\/geografie.ubbcluj.ro\/admitere\/index.php?rest_route=%2Fwp%2Fv2%2Fmedia&parent=2793"}],"curies":[{"name":"wp","href":"https:\/\/api.w.org\/{rel}","templated":true}]}}