{"id":1884,"date":"2021-04-20T14:20:39","date_gmt":"2021-04-20T14:20:39","guid":{"rendered":"http:\/\/geografie.ubbcluj.ro\/admitere\/?page_id=1884"},"modified":"2021-04-21T06:27:05","modified_gmt":"2021-04-21T06:27:05","slug":"foldrajz_szak","status":"publish","type":"page","link":"https:\/\/geografie.ubbcluj.ro\/admitere\/?page_id=1884&lang=hu","title":{"rendered":"F\u00f6ldrajz szak"},"content":{"rendered":"<div class=\"wpb-content-wrapper\"><p>[vc_row][vc_column width=&#8221;1\/2&#8243;][vc_column_text]<span style=\"color: #000000;\"><strong>Szeretsz t\u00far\u00e1zni, kir\u00e1ndulni?<\/strong><\/span><\/p>\n<p style=\"padding-left: 40px;\"><span style=\"color: #000000;\"><strong>Meg akarod \u00e9rteni az id\u0151j\u00e1r\u00e1s m\u0171k\u00f6d\u00e9s\u00e9t?<\/strong><\/span><\/p>\n<p style=\"padding-left: 80px;\"><span style=\"color: #000000;\"><strong>Jobban t\u00e1j\u00e9koz\u00f3dn\u00e1l t\u00e9rk\u00e9ppel, n\u00e9lk\u00fcle?<\/strong><\/span><\/p>\n<p><span style=\"color: #000000;\"><strong>Megismern\u00e9d a vil\u00e1g kult\u00far\u00e1it?<\/strong><\/span><\/p>\n<p style=\"padding-left: 40px;\"><span style=\"color: #000000;\"><strong>Milyen a vil\u00e1g gazdas\u00e1gi, politikai m\u0171k\u00f6d\u00e9se?<\/strong><\/span><\/p>\n<p>&nbsp;<\/p>\n<h2><span style=\"color: #000000;\">ALAPINF\u00d3K<\/span><\/h2>\n<p><span style=\"color: #000000;\">Kolozsv\u00e1r \u2022 BBTE \u2022 magyar tagozat \u2022 f\u00f6ldrajz alapszak (BSc) \u2022 akkredit\u00e1lt \u2022 3 \u00e9ves \u2022 nappali tagozat<\/span><\/p>\n<p><span style=\"color: #000000;\">24 \u00e1llamilag t\u00e1mogatott + max. 26 tand\u00edjas hallgat\u00f3<\/span><\/p>\n<p>&nbsp;<\/p>\n<h2><span style=\"color: #000000;\">A K\u00c9PZ\u00c9S C\u00c9LJA<\/span><\/h2>\n<p><span style=\"color: #000000;\">A f\u00f6ldrajz szak hallgat\u00f3inak term\u00e9szet-, t\u00e1rsadalom-, gazdas\u00e1g- \u00e9s k\u00f6rnyezetf\u00f6ldrajzi ismereteket adunk \u00e1t sz\u0171kebb, illetve t\u00e1gabb f\u00f6ldrajzi k\u00f6rnyezet\u00fcnk rendszereir\u0151l \u00e9s t\u00e9rbeli folyamatair\u00f3l. A megfelel\u0151 elm\u00e9leti \u00e9s m\u00f3dszertani alapokkal k\u00e9pesek tud\u00e1sukat gyakorlatban is alkalmazni a v\u00e1ltozatos f\u00f6ldrajzi t\u00e9rrel kapcsolatos b\u00e1rmely ter\u00fcleten.<\/span><\/p>\n<p>&nbsp;<\/p>\n<h2><span style=\"color: #000000;\">T\u00d6RT\u00c9NETE<\/span><\/h2>\n<p><span style=\"color: #000000;\">A szaknak komoly hagyom\u00e1nyai vannak, az ut\u00f3bbi m\u00e1sf\u00e9lsz\u00e1z \u00e9vben Kolozsv\u00e1ron tan\u00edtottak a magyar f\u00f6ldrajztudom\u00e1ny neves egy\u00e9nis\u00e9gei, pl. Cholnoky Jen\u0151 vagy Prinz Gyula. P\u00e1r \u00e9vtizedes k\u00e9nyszersz\u00fcnet ut\u00e1n, a szakot 1993-ban ind\u00edtottuk \u00fajra.<\/span><\/p>\n<p>&nbsp;<\/p>\n<h2><span style=\"color: #000000;\">JELENTKEZ\u0150K<\/span><\/h2>\n<p><span style=\"color: #000000;\">E szakra olyan jelentkez\u0151ket v\u00e1runk, akiket \u00e9rdekel a k\u00f6rnyezet term\u00e9szeti \u00e9s ember \u00e1ltal alkotott elemeinek ismerete, akik nyitottak arra, hogy \u00e1tfog\u00f3 k\u00e9pet alkossanak azokr\u00f3l a gazdas\u00e1gi, t\u00e1rsadalmi \u00e9s term\u00e9szeti folyamatokr\u00f3l, amelyek \u00e9let\u00fcnket ir\u00e1ny\u00edtj\u00e1k, akik szeretn\u00e9nek izgalmas, hazai \u00e9s k\u00fclf\u00f6ldi terepgyakorlatokon r\u00e9szt venni.<\/span>[\/vc_column_text][\/vc_column][vc_column width=&#8221;1\/2&#8243;][vc_single_image image=&#8221;1889&#8243; img_size=&#8221;full&#8221;][\/vc_column][\/vc_row][vc_row][vc_column]<div style=\"background-color:;height: 20px\" class=\"nicdark_section  \"><\/div>[vc_column_text]<\/p>\n<h2><span style=\"color: #000000;\">F\u0150BB TANT\u00c1RGYAK<\/span><\/h2>\n<p><span style=\"color: #000000;\">Term\u00e9szetf\u00f6ldrajz: k\u00f6rnyezet\u00fcnk bels\u0151- \u00e9s a k\u00fcls\u0151 er\u0151i, az \u00e9l\u0151vil\u00e1g, a talaj f\u00f6ldrajzi vizsg\u00e1lata, f\u00f6ldrajzi kock\u00e1zati jelens\u00e9gek, a felsz\u00edn formakincse.<\/span><\/p>\n<p><span style=\"color: #000000;\">T\u00e1rsadalomf\u00f6ldrajz: n\u00e9pess\u00e9g, telep\u00fcl\u00e9s, gazdas\u00e1g, turizmus f\u00f6ldrajzi jelens\u00e9gei.<\/span><\/p>\n<p><span style=\"color: #000000;\">Region\u00e1lis f\u00f6ldrajz: Rom\u00e1nia \u00e9s az Eur\u00f3pai Uni\u00f3 f\u00f6ldrajza, a t\u00f6bbi kontinens, ter\u00fcletfejleszt\u00e9s.<\/span><\/p>\n<p><span style=\"color: #000000;\">F\u00f6ldtudom\u00e1nyok: geol\u00f3gia, meteorol\u00f3gia, hidrol\u00f3gia, t\u00e9rk\u00e9p\u00e9szet, t\u00e9rinformatika, t\u00e1v\u00e9rz\u00e9kel\u00e9s.<\/span><\/p>\n<p><span style=\"color: #000000;\">A k\u00e9pz\u00e9s kieg\u00e9sz\u00fcl idegennyelv-oktat\u00e1ssal (pl. angol, francia, n\u00e9met, spanyol) \u00e9s a tan\u00e1rk\u00e9pes\u00edt\u00e9shez sz\u00fcks\u00e9ges t\u00e1rgyakkal (pl. pedag\u00f3gia).<\/span><\/p>\n<p>&nbsp;<\/p>\n<h2><span style=\"color: #000000;\">ELHELYEZKED\u00c9SI LEHET\u0150S\u00c9GEK<\/span><\/h2>\n<p><span style=\"color: #000000;\">oktat\u00e1s (f\u00f6ldrajztan\u00e1r) \u2022\u00a0 korm\u00e1nyzati szervek \u00e9s kirendelts\u00e9gek (v\u00edz\u00fcgy, \u00e1sv\u00e1nyv\u00edz-igazgat\u00f3s\u00e1g, k\u00f6rnyezetv\u00e9delem, meteorol\u00f3gia) \u2022\u00a0 mag\u00e1nc\u00e9gek (t\u00e9rk\u00e9p\u00e9sz, t\u00e9rinformatikus, utaz\u00e1s-szervez\u0151, logisztika) \u2022 k\u00f6zigazgat\u00e1s (ter\u00fcletfejleszt\u00e9s)<\/span><\/p>\n<p>&nbsp;<\/p>\n<p style=\"text-align: center;\"><strong><span style=\"color: #0000ff;\">Tov\u00e1bbi inform\u00e1ci\u00f3k: <a style=\"color: #0000ff;\" href=\"https:\/\/geografie.ubbcluj.ro\/pages\/magyarfoldrajz\/?page_id=127\">https:\/\/geografie.ubbcluj.ro\/pages\/magyarfoldrajz<\/a><\/span><\/strong><\/p>\n<p>[\/vc_column_text][\/vc_column][\/vc_row]<\/p>\n<\/div>","protected":false},"excerpt":{"rendered":"<p>[vc_row][vc_column width=&#8221;1\/2&#8243;][vc_column_text]Szeretsz t\u00far\u00e1zni, kir\u00e1ndulni? Meg akarod \u00e9rteni az id\u0151j\u00e1r\u00e1s m\u0171k\u00f6d\u00e9s\u00e9t? Jobban t\u00e1j\u00e9koz\u00f3dn\u00e1l t\u00e9rk\u00e9ppel, n\u00e9lk\u00fcle? Megismern\u00e9d a vil\u00e1g kult\u00far\u00e1it? Milyen a vil\u00e1g gazdas\u00e1gi, politikai m\u0171k\u00f6d\u00e9se? &nbsp; ALAPINF\u00d3K Kolozsv\u00e1r \u2022 BBTE \u2022 magyar tagozat \u2022 f\u00f6ldrajz alapszak (BSc) \u2022 akkredit\u00e1lt \u2022 3 \u00e9ves \u2022 nappali tagozat 24 \u00e1llamilag t\u00e1mogatott + max. 26 tand\u00edjas hallgat\u00f3 &nbsp; A K\u00c9PZ\u00c9S [&hellip;]<\/p>\n","protected":false},"author":3,"featured_media":0,"parent":0,"menu_order":0,"comment_status":"closed","ping_status":"closed","template":"","meta":{"footnotes":""},"class_list":["post-1884","page","type-page","status-publish","hentry"],"_links":{"self":[{"href":"https:\/\/geografie.ubbcluj.ro\/admitere\/index.php?rest_route=\/wp\/v2\/pages\/1884","targetHints":{"allow":["GET"]}}],"collection":[{"href":"https:\/\/geografie.ubbcluj.ro\/admitere\/index.php?rest_route=\/wp\/v2\/pages"}],"about":[{"href":"https:\/\/geografie.ubbcluj.ro\/admitere\/index.php?rest_route=\/wp\/v2\/types\/page"}],"author":[{"embeddable":true,"href":"https:\/\/geografie.ubbcluj.ro\/admitere\/index.php?rest_route=\/wp\/v2\/users\/3"}],"replies":[{"embeddable":true,"href":"https:\/\/geografie.ubbcluj.ro\/admitere\/index.php?rest_route=%2Fwp%2Fv2%2Fcomments&post=1884"}],"version-history":[{"count":20,"href":"https:\/\/geografie.ubbcluj.ro\/admitere\/index.php?rest_route=\/wp\/v2\/pages\/1884\/revisions"}],"predecessor-version":[{"id":1992,"href":"https:\/\/geografie.ubbcluj.ro\/admitere\/index.php?rest_route=\/wp\/v2\/pages\/1884\/revisions\/1992"}],"wp:attachment":[{"href":"https:\/\/geografie.ubbcluj.ro\/admitere\/index.php?rest_route=%2Fwp%2Fv2%2Fmedia&parent=1884"}],"curies":[{"name":"wp","href":"https:\/\/api.w.org\/{rel}","templated":true}]}}

Földrajz szak

<div class="wpb-content-wrapper"><p>[vc_row][vc_column width=&#8221;1/2&#8243;][vc_column_text]<span style="color: #000000;"><strong>Szeretsz túrázni, kirándulni?</strong></span></p>
<p style="padding-left: 40px;"><span style="color: #000000;"><strong>Meg akarod érteni az időjárás működését?</strong></span></p>
<p style="padding-left: 80px;"><span style="color: #000000;"><strong>Jobban tájékozódnál térképpel, nélküle?</strong></span></p>
<p><span style="color: #000000;"><strong>Megismernéd a világ kultúráit?</strong></span></p>
<p style="padding-left: 40px;"><span style="color: #000000;"><strong>Milyen a világ gazdasági, politikai működése?</strong></span></p>
<p>&nbsp;</p>
<h2><span style="color: #000000;">ALAPINFÓK</span></h2>
<p><span style="color: #000000;">Kolozsvár • BBTE • magyar tagozat • földrajz alapszak (BSc) • akkreditált • 3 éves • nappali tagozat</span></p>
<p><span style="color: #000000;">24 államilag támogatott + max. 26 tandíjas hallgató</span></p>
<p>&nbsp;</p>
<h2><span style="color: #000000;">A KÉPZÉS CÉLJA</span></h2>
<p><span style="color: #000000;">A földrajz szak hallgatóinak természet-, társadalom-, gazdaság- és környezetföldrajzi ismereteket adunk át szűkebb, illetve tágabb földrajzi környezetünk rendszereiről és térbeli folyamatairól. A megfelelő elméleti és módszertani alapokkal képesek tudásukat gyakorlatban is alkalmazni a változatos földrajzi térrel kapcsolatos bármely területen.</span></p>
<p>&nbsp;</p>
<h2><span style="color: #000000;">TÖRTÉNETE</span></h2>
<p><span style="color: #000000;">A szaknak komoly hagyományai vannak, az utóbbi másfélszáz évben Kolozsváron tanítottak a magyar földrajztudomány neves egyéniségei, pl. Cholnoky Jenő vagy Prinz Gyula. Pár évtizedes kényszerszünet után, a szakot 1993-ban indítottuk újra.</span></p>
<p>&nbsp;</p>
<h2><span style="color: #000000;">JELENTKEZŐK</span></h2>
<p><span style="color: #000000;">E szakra olyan jelentkezőket várunk, akiket érdekel a környezet természeti és ember által alkotott elemeinek ismerete, akik nyitottak arra, hogy átfogó képet alkossanak azokról a gazdasági, társadalmi és természeti folyamatokról, amelyek életünket irányítják, akik szeretnének izgalmas, hazai és külföldi terepgyakorlatokon részt venni.</span>[/vc_column_text][/vc_column][vc_column width=&#8221;1/2&#8243;][vc_single_image image=&#8221;1889&#8243; img_size=&#8221;full&#8221;][/vc_column][/vc_row][vc_row][vc_column]<div style="background-color:;height: 20px" class="nicdark_section  "></div>[vc_column_text]</p>
<h2><span style="color: #000000;">FŐBB TANTÁRGYAK</span></h2>
<p><span style="color: #000000;">Természetföldrajz: környezetünk belső- és a külső erői, az élővilág, a talaj földrajzi vizsgálata, földrajzi kockázati jelenségek, a felszín formakincse.</span></p>
<p><span style="color: #000000;">Társadalomföldrajz: népesség, település, gazdaság, turizmus földrajzi jelenségei.</span></p>
<p><span style="color: #000000;">Regionális földrajz: Románia és az Európai Unió földrajza, a többi kontinens, területfejlesztés.</span></p>
<p><span style="color: #000000;">Földtudományok: geológia, meteorológia, hidrológia, térképészet, térinformatika, távérzékelés.</span></p>
<p><span style="color: #000000;">A képzés kiegészül idegennyelv-oktatással (pl. angol, francia, német, spanyol) és a tanárképesítéshez szükséges tárgyakkal (pl. pedagógia).</span></p>
<p>&nbsp;</p>
<h2><span style="color: #000000;">ELHELYEZKEDÉSI LEHETŐSÉGEK</span></h2>
<p><span style="color: #000000;">oktatás (földrajztanár) •  kormányzati szervek és kirendeltségek (vízügy, ásványvíz-igazgatóság, környezetvédelem, meteorológia) •  magáncégek (térképész, térinformatikus, utazás-szervező, logisztika) • közigazgatás (területfejlesztés)</span></p>
<p>&nbsp;</p>
<p style="text-align: center;"><strong><span style="color: #0000ff;">További információk: <a style="color: #0000ff;" href="https://geografie.ubbcluj.ro/pages/magyarfoldrajz/?page_id=127">https://geografie.ubbcluj.ro/pages/magyarfoldrajz</a></span></strong></p>
<p>[/vc_column_text][/vc_column][/vc_row]</p>
</div>

<p>[vc_row][vc_column width=&#8221;1/2&#8243;][vc_column_text]Szeretsz túrázni, kirándulni? Meg akarod érteni az időjárás működését? Jobban tájékozódnál térképpel, nélküle? Megismernéd a világ kultúráit? Milyen a világ gazdasági, politikai működése? &nbsp; ALAPINFÓK Kolozsvár • BBTE • magyar tagozat • földrajz alapszak (BSc) • akkreditált • 3 éves • nappali tagozat 24 államilag támogatott + max. 26 tandíjas hallgató &nbsp; A KÉPZÉS [&hellip;]</p>
