{"id":1614,"date":"2021-03-23T20:35:00","date_gmt":"2021-03-23T20:35:00","guid":{"rendered":"http:\/\/geografie.ubbcluj.ro\/admitere\/?page_id=1614"},"modified":"2021-04-21T06:40:22","modified_gmt":"2021-04-21T06:40:22","slug":"tdt","status":"publish","type":"page","link":"https:\/\/geografie.ubbcluj.ro\/admitere\/?page_id=1614","title":{"rendered":"TURIZMUS \u00c9S TER\u00dcLETI FEJL\u0150D\u00c9S MSC"},"content":{"rendered":"<div class=\"wpb-content-wrapper\"><p>[vc_row][vc_column css=&#8221;.vc_custom_1618941649917{background-image: url(https:\/\/geografie.ubbcluj.ro\/admitere\/wp-content\/uploads\/2021\/03\/sssssssss-scaled.jpg?id=1055) !important;}&#8221;]<div style=\"background-color:;height: 40px\" class=\"nicdark_section  \"><\/div>[\/vc_column][\/vc_row][vc_row css=&#8221;.vc_custom_1618990442451{background-image: url(https:\/\/geografie.ubbcluj.ro\/admitere\/wp-content\/uploads\/2021\/03\/sssssssss-scaled.jpg?id=1055) !important;}&#8221;][vc_column width=&#8221;2\/3&#8243;]<div style=\"background-color:;height: 25px\" class=\"nicdark_section  \"><\/div>[vc_column_text]<\/p>\n<p style=\"padding-left: 40px;\"><span style=\"color: #000000;\"><strong>Menedzseln\u00e9l uni\u00f3s p\u00e1ly\u00e1zatot?<\/strong><\/span><\/p>\n<p style=\"padding-left: 80px;\"><span style=\"color: #000000;\"><strong>Milyen a ter\u00fcletfejleszt\u00e9si politika?<\/strong><\/span><\/p>\n<p style=\"padding-left: 120px;\"><span style=\"color: #000000;\"><strong>Tanuln\u00e1l idegenvezet\u00e9st?<\/strong><\/span><\/p>\n<p style=\"padding-left: 40px;\"><span style=\"color: #000000;\"><strong>V\u00e1llaln\u00e1l t\u00e9rk\u00e9pszerkeszt\u00e9st?<\/strong><\/span><\/p>\n<p>&nbsp;<\/p>\n<h2><span style=\"color: #000000;\">ALAPINF\u00d3K<\/span><\/h2>\n<p><span style=\"color: #000000;\">Kolozsv\u00e1r \u2022 BBTE \u2022 magyar tagozat \u2022 turizmus \u00e9s ter\u00fcleti fejl\u0151d\u00e9s mesterszak (MSc) \u2022 akkredit\u00e1lt \u2022 2 \u00e9ves \u2022 nappali tagozat<\/span><\/p>\n<p style=\"padding-left: 120px;\"><span style=\"color: #000000;\"><strong>34 \u00e1llamilag t\u00e1mogatott + max. 16 tand\u00edjas hallgat\u00f3<\/strong><\/span><\/p>\n<p>&nbsp;<\/p>\n<h2><span style=\"color: #000000;\">A K\u00c9PZ\u00c9S C\u00c9LJA<\/span><\/h2>\n<p><span style=\"color: #000000;\">A turizmus \u00e9s ter\u00fcleti fejl\u0151d\u00e9s mesterszakon a h\u00e1rom alapk\u00e9pz\u00e9s\u00fcnk sor\u00e1n szerzett ismereteket b\u0151v\u00edti: egyr\u00e9szt turizmus, m\u00e1sr\u00e9szt ter\u00fcleti fejl\u0151d\u00e9s t\u00e9mak\u00f6rben. A turizmus \u00e1ltal\u00e1nos v\u00e1lfajai mellett itt lehet\u0151s\u00e9g ny\u00edlik szakosodottabb form\u00e1ban egy\u00e9b v\u00e1lfajok megismer\u00e9s\u00e9re (kultur\u00e1lis turizmus, eg\u00e9szs\u00e9gturizmus, rendezv\u00e9nyturizmus, sz\u00e1llodamenedzsment). A telep\u00fcl\u00e9s- \u00e9s ter\u00fcletfejleszt\u00e9s vonatkoz\u00e1s\u00e1ban a gyakorlatibb strat\u00e9giaalkot\u00e1s ir\u00e1ny\u00e1ba mozdulunk el. A term\u00e9szetf\u00f6ldrajzi alapismeretek tov\u00e1bb b\u0151v\u00fclnek a v\u00e9dett ter\u00fcletek menedzsmentj\u00e9nek megismer\u00e9s\u00e9vel, illetve a kl\u00edmav\u00e1ltoz\u00e1s kezel\u00e9si lehet\u0151s\u00e9geinek prezent\u00e1l\u00e1s\u00e1val.<\/span><\/p>\n<p>&nbsp;<\/p>\n<h2><span style=\"color: #000000;\">T\u00d6RT\u00c9NETE<\/span><\/h2>\n<p><span style=\"color: #000000;\">A szak kor\u00e1bban egy\u00e9ves mesterszak volt, 2008-t\u00f3l k\u00e9t\u00e9ves k\u00e9pz\u00e9s.<\/span>[\/vc_column_text]<div style=\"background-color:;height: 25px\" class=\"nicdark_section  \"><\/div>[vc_column_text]<\/p>\n<h2><span style=\"color: #000000;\">F\u0150BB TANT\u00c1RGYAK<\/span><\/h2>\n<p><span style=\"color: #000000;\">Turizmus: idegenvezet\u00e9s, kultur\u00e1lis turizmus, turizmus hat\u00e1sa a k\u00f6rnyezetre, nemzetk\u00f6zi turisztikai rendszerek.<\/span><\/p>\n<p><span style=\"color: #000000;\">Ter\u00fcleti fejl\u0151d\u00e9s: eur\u00f3pai fejleszt\u00e9si projektek menedzsmentje, ter\u00fcletrendez\u00e9si esettanulm\u00e1nyok, ter\u00fcletfejleszt\u00e9si strat\u00e9gi\u00e1k\/politik\u00e1k.<\/span><\/p>\n<p><span style=\"color: #000000;\">Egy\u00e9b: t\u00e9rk\u00e9pszerkeszt\u00e9s, t\u00e9rinformatika, kvantitat\u00edv elemz\u00e9sek, \u00fczleti kommunik\u00e1ci\u00f3, szervezeti magatart\u00e1s.<\/span><\/p>\n<p><span style=\"color: #000000;\">A k\u00e9pz\u00e9s kieg\u00e9sz\u00fcl a tan\u00e1rk\u00e9pes\u00edt\u00e9s m\u00e1sodik l\u00e9pcs\u0151j\u00e9vel, ami lehet\u0151s\u00e9get ad k\u00f6z\u00e9piskol\u00e1ban tan\u00edtani.<\/span><\/p>\n<p>&nbsp;<\/p>\n<h2><span style=\"color: #000000;\">JELENTKEZ\u0150K<\/span><\/h2>\n<p><span style=\"color: #000000;\">E szakra olyan jelentkez\u0151ket v\u00e1runk, akik tov\u00e1bb folytatn\u00e1k tanulm\u00e1nyaikat: tanuln\u00e1nak idegenvezet\u00e9st, megismern\u00e9k a fejleszt\u00e9si projekteket, ter\u00fcletfejleszt\u00e9si politik\u00e1kat, szerkeszten\u00e9nek t\u00e9rk\u00e9peket. Tov\u00e1bb\u00e1 ki szeretn\u00e9k terjeszteni ismereteiket a turizmus-v\u00e1lfajok teljes palett\u00e1j\u00e1ra, meg szeretn\u00e9k ismerni a ter\u00fcletfejleszt\u00e9s\u2013kl\u00edmamenedzsment \u00e9s k\u00f6rnyezetv\u00e9delmi menedzsment kapcsolatrendszer\u00e9t.<\/span><\/p>\n<p>&nbsp;<\/p>\n<h2><span style=\"color: #000000;\">ELHELYEZKED\u00c9SI LEHET\u0150S\u00c9GEK<\/span><\/h2>\n<p><span style=\"color: #000000;\">korm\u00e1nyzati szervek \u00e9s kirendelts\u00e9gek, \u00f6nkorm\u00e1nyzatok (ter\u00fcletfejleszt\u00e9s, v\u00e1rosrendez\u00e9s, vid\u00e9kfejleszt\u00e9s) \u2022 sz\u00e1lloda, vend\u00e9gl\u00e1t\u00e1s \u2022 utaz\u00e1si iroda, turisztikai \u00fcgyn\u00f6ks\u00e9g, idegenvezet\u0151 \u2022\u00a0 mag\u00e1nc\u00e9gek (p\u00e1ly\u00e1zati irod\u00e1k, logisztika, t\u00e9rk\u00e9p\u00e9sz, t\u00e9rinformatikus) \u2022 oktat\u00e1s (f\u00f6ldrajztan\u00e1r, kutat\u00f3)<\/span><\/p>\n<p>&nbsp;<\/p>\n<p style=\"text-align: center;\"><span style=\"color: #000000;\"><strong><span style=\"color: #0000ff;\">Tov\u00e1bbi inform\u00e1ci\u00f3k: <\/span><a style=\"color: #000000;\" href=\"https:\/\/geografie.ubbcluj.ro\/pages\/magyarfoldrajz\/?page_id=129\"><span style=\"color: #0000ff;\">https:\/\/geografie.ubbcluj.ro\/pages\/magyarfoldrajz<\/span><\/a><\/strong><\/span><\/p>\n<p>[\/vc_column_text][\/vc_column][vc_column width=&#8221;1\/3&#8243;][vc_images_carousel images=&#8221;1382,1379,1371,1385,1376&#8243; img_size=&#8221;300&#215;1100&#8243; speed=&#8221;8000&#8243; autoplay=&#8221;yes&#8221; wrap=&#8221;yes&#8221;][\/vc_column][\/vc_row]<\/p>\n<\/div>","protected":false},"excerpt":{"rendered":"<p>[vc_row][vc_column css=&#8221;.vc_custom_1618941649917{background-image: url(https:\/\/geografie.ubbcluj.ro\/admitere\/wp-content\/uploads\/2021\/03\/sssssssss-scaled.jpg?id=1055) !important;}&#8221;][\/vc_column][\/vc_row][vc_row css=&#8221;.vc_custom_1618990442451{background-image: url(https:\/\/geografie.ubbcluj.ro\/admitere\/wp-content\/uploads\/2021\/03\/sssssssss-scaled.jpg?id=1055) !important;}&#8221;][vc_column width=&#8221;2\/3&#8243;][vc_column_text] Menedzseln\u00e9l uni\u00f3s p\u00e1ly\u00e1zatot? Milyen a ter\u00fcletfejleszt\u00e9si politika? Tanuln\u00e1l idegenvezet\u00e9st? V\u00e1llaln\u00e1l t\u00e9rk\u00e9pszerkeszt\u00e9st? &nbsp; ALAPINF\u00d3K Kolozsv\u00e1r \u2022 BBTE \u2022 magyar tagozat \u2022 turizmus \u00e9s ter\u00fcleti fejl\u0151d\u00e9s mesterszak (MSc) \u2022 akkredit\u00e1lt \u2022 2 \u00e9ves \u2022 nappali tagozat 34 \u00e1llamilag t\u00e1mogatott + max. 16 tand\u00edjas hallgat\u00f3 &nbsp; A K\u00c9PZ\u00c9S C\u00c9LJA A [&hellip;]<\/p>\n","protected":false},"author":3,"featured_media":0,"parent":0,"menu_order":0,"comment_status":"closed","ping_status":"closed","template":"","meta":{"footnotes":""},"class_list":["post-1614","page","type-page","status-publish","hentry"],"_links":{"self":[{"href":"https:\/\/geografie.ubbcluj.ro\/admitere\/index.php?rest_route=\/wp\/v2\/pages\/1614","targetHints":{"allow":["GET"]}}],"collection":[{"href":"https:\/\/geografie.ubbcluj.ro\/admitere\/index.php?rest_route=\/wp\/v2\/pages"}],"about":[{"href":"https:\/\/geografie.ubbcluj.ro\/admitere\/index.php?rest_route=\/wp\/v2\/types\/page"}],"author":[{"embeddable":true,"href":"https:\/\/geografie.ubbcluj.ro\/admitere\/index.php?rest_route=\/wp\/v2\/users\/3"}],"replies":[{"embeddable":true,"href":"https:\/\/geografie.ubbcluj.ro\/admitere\/index.php?rest_route=%2Fwp%2Fv2%2Fcomments&post=1614"}],"version-history":[{"count":28,"href":"https:\/\/geografie.ubbcluj.ro\/admitere\/index.php?rest_route=\/wp\/v2\/pages\/1614\/revisions"}],"predecessor-version":[{"id":2004,"href":"https:\/\/geografie.ubbcluj.ro\/admitere\/index.php?rest_route=\/wp\/v2\/pages\/1614\/revisions\/2004"}],"wp:attachment":[{"href":"https:\/\/geografie.ubbcluj.ro\/admitere\/index.php?rest_route=%2Fwp%2Fv2%2Fmedia&parent=1614"}],"curies":[{"name":"wp","href":"https:\/\/api.w.org\/{rel}","templated":true}]}}

TURIZMUS ÉS TERÜLETI FEJLŐDÉS MSC

<div class="wpb-content-wrapper"><p>[vc_row][vc_column css=&#8221;.vc_custom_1618941649917{background-image: url(https://geografie.ubbcluj.ro/admitere/wp-content/uploads/2021/03/sssssssss-scaled.jpg?id=1055) !important;}&#8221;]<div style="background-color:;height: 40px" class="nicdark_section  "></div>[/vc_column][/vc_row][vc_row css=&#8221;.vc_custom_1618990442451{background-image: url(https://geografie.ubbcluj.ro/admitere/wp-content/uploads/2021/03/sssssssss-scaled.jpg?id=1055) !important;}&#8221;][vc_column width=&#8221;2/3&#8243;]<div style="background-color:;height: 25px" class="nicdark_section  "></div>[vc_column_text]</p>
<p style="padding-left: 40px;"><span style="color: #000000;"><strong>Menedzselnél uniós pályázatot?</strong></span></p>
<p style="padding-left: 80px;"><span style="color: #000000;"><strong>Milyen a területfejlesztési politika?</strong></span></p>
<p style="padding-left: 120px;"><span style="color: #000000;"><strong>Tanulnál idegenvezetést?</strong></span></p>
<p style="padding-left: 40px;"><span style="color: #000000;"><strong>Vállalnál térképszerkesztést?</strong></span></p>
<p>&nbsp;</p>
<h2><span style="color: #000000;">ALAPINFÓK</span></h2>
<p><span style="color: #000000;">Kolozsvár • BBTE • magyar tagozat • turizmus és területi fejlődés mesterszak (MSc) • akkreditált • 2 éves • nappali tagozat</span></p>
<p style="padding-left: 120px;"><span style="color: #000000;"><strong>34 államilag támogatott + max. 16 tandíjas hallgató</strong></span></p>
<p>&nbsp;</p>
<h2><span style="color: #000000;">A KÉPZÉS CÉLJA</span></h2>
<p><span style="color: #000000;">A turizmus és területi fejlődés mesterszakon a három alapképzésünk során szerzett ismereteket bővíti: egyrészt turizmus, másrészt területi fejlődés témakörben. A turizmus általános válfajai mellett itt lehetőség nyílik szakosodottabb formában egyéb válfajok megismerésére (kulturális turizmus, egészségturizmus, rendezvényturizmus, szállodamenedzsment). A település- és területfejlesztés vonatkozásában a gyakorlatibb stratégiaalkotás irányába mozdulunk el. A természetföldrajzi alapismeretek tovább bővülnek a védett területek menedzsmentjének megismerésével, illetve a klímaváltozás kezelési lehetőségeinek prezentálásával.</span></p>
<p>&nbsp;</p>
<h2><span style="color: #000000;">TÖRTÉNETE</span></h2>
<p><span style="color: #000000;">A szak korábban egyéves mesterszak volt, 2008-tól kétéves képzés.</span>[/vc_column_text]<div style="background-color:;height: 25px" class="nicdark_section  "></div>[vc_column_text]</p>
<h2><span style="color: #000000;">FŐBB TANTÁRGYAK</span></h2>
<p><span style="color: #000000;">Turizmus: idegenvezetés, kulturális turizmus, turizmus hatása a környezetre, nemzetközi turisztikai rendszerek.</span></p>
<p><span style="color: #000000;">Területi fejlődés: európai fejlesztési projektek menedzsmentje, területrendezési esettanulmányok, területfejlesztési stratégiák/politikák.</span></p>
<p><span style="color: #000000;">Egyéb: térképszerkesztés, térinformatika, kvantitatív elemzések, üzleti kommunikáció, szervezeti magatartás.</span></p>
<p><span style="color: #000000;">A képzés kiegészül a tanárképesítés második lépcsőjével, ami lehetőséget ad középiskolában tanítani.</span></p>
<p>&nbsp;</p>
<h2><span style="color: #000000;">JELENTKEZŐK</span></h2>
<p><span style="color: #000000;">E szakra olyan jelentkezőket várunk, akik tovább folytatnák tanulmányaikat: tanulnának idegenvezetést, megismernék a fejlesztési projekteket, területfejlesztési politikákat, szerkesztenének térképeket. Továbbá ki szeretnék terjeszteni ismereteiket a turizmus-válfajok teljes palettájára, meg szeretnék ismerni a területfejlesztés–klímamenedzsment és környezetvédelmi menedzsment kapcsolatrendszerét.</span></p>
<p>&nbsp;</p>
<h2><span style="color: #000000;">ELHELYEZKEDÉSI LEHETŐSÉGEK</span></h2>
<p><span style="color: #000000;">kormányzati szervek és kirendeltségek, önkormányzatok (területfejlesztés, városrendezés, vidékfejlesztés) • szálloda, vendéglátás • utazási iroda, turisztikai ügynökség, idegenvezető •  magáncégek (pályázati irodák, logisztika, térképész, térinformatikus) • oktatás (földrajztanár, kutató)</span></p>
<p>&nbsp;</p>
<p style="text-align: center;"><span style="color: #000000;"><strong><span style="color: #0000ff;">További információk: </span><a style="color: #000000;" href="https://geografie.ubbcluj.ro/pages/magyarfoldrajz/?page_id=129"><span style="color: #0000ff;">https://geografie.ubbcluj.ro/pages/magyarfoldrajz</span></a></strong></span></p>
<p>[/vc_column_text][/vc_column][vc_column width=&#8221;1/3&#8243;][vc_images_carousel images=&#8221;1382,1379,1371,1385,1376&#8243; img_size=&#8221;300&#215;1100&#8243; speed=&#8221;8000&#8243; autoplay=&#8221;yes&#8221; wrap=&#8221;yes&#8221;][/vc_column][/vc_row]</p>
</div>

<p>[vc_row][vc_column css=&#8221;.vc_custom_1618941649917{background-image: url(https://geografie.ubbcluj.ro/admitere/wp-content/uploads/2021/03/sssssssss-scaled.jpg?id=1055) !important;}&#8221;][/vc_column][/vc_row][vc_row css=&#8221;.vc_custom_1618990442451{background-image: url(https://geografie.ubbcluj.ro/admitere/wp-content/uploads/2021/03/sssssssss-scaled.jpg?id=1055) !important;}&#8221;][vc_column width=&#8221;2/3&#8243;][vc_column_text] Menedzselnél uniós pályázatot? Milyen a területfejlesztési politika? Tanulnál idegenvezetést? Vállalnál térképszerkesztést? &nbsp; ALAPINFÓK Kolozsvár • BBTE • magyar tagozat • turizmus és területi fejlődés mesterszak (MSc) • akkreditált • 2 éves • nappali tagozat 34 államilag támogatott + max. 16 tandíjas hallgató &nbsp; A KÉPZÉS CÉLJA A [&hellip;]</p>
