{"id":1150,"date":"2021-03-10T06:47:40","date_gmt":"2021-03-10T06:47:40","guid":{"rendered":"http:\/\/geografie.ubbcluj.ro\/admitere\/?page_id=1150"},"modified":"2025-12-18T07:58:17","modified_gmt":"2025-12-18T07:58:17","slug":"criterii-de-admitere-master","status":"publish","type":"page","link":"https:\/\/geografie.ubbcluj.ro\/admitere\/?page_id=1150","title":{"rendered":"Criterii de admitere Master"},"content":{"rendered":"<div class=\"wpb-content-wrapper\"><p>[vc_row][vc_column width=&#8221;1\/2&#8243;]<div style=\"background-color:;height: 50px\" class=\"nicdark_section  \"><\/div>[vc_column_text]<\/p>\n<h2 style=\"padding-left: 40px;\"><strong><u>Admiterea, la toate specializ\u0103rile nivel master, va consta din<\/u><\/strong>:<\/h2>\n<ol>\n<li>50 % media examenului de licen\u021b\u0103<\/li>\n<li>50 % interviu din Tematica specific\u0103 fiec\u0103rei specializ\u0103ri<\/li>\n<\/ol>\n<p>&nbsp;<\/p>\n<h3 style=\"padding-left: 40px;\"><strong><u>Criteriile de departajare<\/u><\/strong> aplicate, \u00een ordine, vor fi urm\u0103toarele:<\/h3>\n<ul>\n<li>media general\u0103 de promovare a facult\u0103\u021bii<\/li>\n<li>media primului an de studiu nivel licen\u021b\u0103<\/li>\n<\/ul>\n<p>[\/vc_column_text][\/vc_column][vc_column width=&#8221;1\/2&#8243;]<div style=\"background-color:;height: 50px\" class=\"nicdark_section  \"><\/div>[vc_images_carousel images=&#8221;1199,1200,1201,1385,1384,1383,1376,1375,1374,1373,1372,1371,1381,1380,1370,1369,1378,1377&#8243; img_size=&#8221;400&#215;500&#8243; onclick=&#8221;link_no&#8221; speed=&#8221;500&#8243; autoplay=&#8221;yes&#8221; wrap=&#8221;yes&#8221; css_animation=&#8221;none&#8221;][\/vc_column][\/vc_row][vc_row][vc_column][vc_column_text]<\/p>\n<h2><strong>TEMATICA \u015eI BIBLIOGRAFIA<\/strong><\/h2>\n<p>[\/vc_column_text]<div style=\"background-color:;height: 50px\" class=\"nicdark_section  \"><\/div>[\/vc_column][\/vc_row][vc_row content_placement=&#8221;middle&#8221;][vc_column width=&#8221;1\/4&#8243;][vc_wp_text]<a href=\"http:\/\/geografie.ubbcluj.ro\/admitere\/2021\/TEMATICA\/Tematica_ADT.pdf\"><a class=\"maxbutton-13 maxbutton maxbutton-tematica\" target=\"_blank\" title=\"Tematica&amp;Bibliografie\" rel=\"noopener\" href=\"http:\/\/geografie.ubbcluj.ro\/admitere\/2021\/TEMATICA\/Tematica_ADT.pdf\"><span class='mb-text'>AMENAJARE \u0218I DEZVOLTARE TURISTIC\u0102<\/span><\/a><\/a>[\/vc_wp_text][\/vc_column][vc_column width=&#8221;1\/4&#8243;][vc_wp_text]<strong><a class=\"maxbutton-13 maxbutton maxbutton-tematica\" target=\"_blank\" title=\"Tematica&amp;Bibliografie\" rel=\"noopener\" href=\"https:\/\/geografie.ubbcluj.ro\/admitere\/2021\/TEMATICA\/Tematica_PDR.pdf\"><span class='mb-text'>PLANIFICARE \u015eI DEZVOLTARE REGIONAL\u0102<\/span><\/a><\/strong>[\/vc_wp_text][\/vc_column][vc_column width=&#8221;1\/4&#8243;][vc_wp_text]<strong><a class=\"maxbutton-4 maxbutton maxbutton-tematica\" target=\"_blank\" title=\"Tematica&amp;Bibliografie\" rel=\"noopener\" href=\"https:\/\/geografie.ubbcluj.ro\/admitere\/2021\/TEMATICA\/Tematica_TDT_maghiara.pdf\"><span class='mb-text'>TURISM \u015eI DEZVOLTARE TERITORIAL\u0102 ~ LINIA MAGHIAR\u0102<\/span><\/a><\/strong>[\/vc_wp_text][\/vc_column][vc_column width=&#8221;1\/4&#8243;][vc_wp_text]<a class=\"maxbutton-13 maxbutton maxbutton-tematica\" target=\"_blank\" title=\"Tematica&amp;Bibliografie\" rel=\"noopener\" href=\"https:\/\/geografie.ubbcluj.ro\/admitere\/wp-content\/uploads\/2023\/05\/Tematica_si_bibliografia_SCDD.pdf\"><span class='mb-text'> SCHIMB\u0102RI CLIMATICE \u0218I DEZVOLTARE DURABIL\u0102<\/span><\/a>[\/vc_wp_text][\/vc_column][\/vc_row][vc_row][vc_column]<div style=\"background-color:;height: 50px\" class=\"nicdark_section  \"><\/div>[\/vc_column][\/vc_row][vc_row content_placement=&#8221;middle&#8221;][vc_column width=&#8221;1\/3&#8243;][vc_wp_text]<strong><a class=\"maxbutton-3 maxbutton maxbutton-tematica\" target=\"_blank\" title=\"Tematica&amp;Bibliografie\" rel=\"noopener\" href=\"http:\/\/geografie.ubbcluj.ro\/admitere\/2021\/TEMATICA\/Tematica_Geomatica.pdf\"><span class='mb-text'>GEOMATIC\u0102<\/span><\/a><\/strong>[\/vc_wp_text][\/vc_column][vc_column width=&#8221;1\/3&#8243;][vc_wp_text]<a class=\"maxbutton-13 maxbutton maxbutton-tematica\" target=\"_blank\" title=\"Tematica&amp;Bibliografie\" rel=\"noopener\" href=\"https:\/\/geografie.ubbcluj.ro\/admitere\/wp-content\/uploads\/2022\/09\/Tematica_EGHRG.pdf\"><span class='mb-text'>EVALUAREA \u0218I GESTIUNEA HAZARDELOR \u0218I RISCURILOR GEOGRAFICE<\/span><\/a>[\/vc_wp_text][\/vc_column][vc_column width=&#8221;1\/3&#8243;][vc_wp_text]<a class=\"maxbutton-13 maxbutton maxbutton-tematica\" target=\"_blank\" title=\"Tematica&amp;Bibliografie\" rel=\"noopener\" href=\"https:\/\/geografie.ubbcluj.ro\/admitere\/wp-content\/uploads\/2023\/05\/Tematica_si_bibliografia_RTDD.pdf\"><span class='mb-text'>RESURSE TURISTICE \u0218I DEZVOLTARE DURABIL\u0102 - Zal\u0103u<\/span><\/a>[\/vc_wp_text][\/vc_column][\/vc_row][vc_row][vc_column]<div style=\"background-color:;height: 50px\" class=\"nicdark_section  \"><\/div>[\/vc_column][\/vc_row]<\/p>\n<\/div>","protected":false},"excerpt":{"rendered":"<p>[vc_row][vc_column width=&#8221;1\/2&#8243;][vc_column_text] Admiterea, la toate specializ\u0103rile nivel master, va consta din: 50 % media examenului de licen\u021b\u0103 50 % interviu din Tematica specific\u0103 fiec\u0103rei specializ\u0103ri &nbsp; Criteriile de departajare aplicate, \u00een ordine, vor fi urm\u0103toarele: media general\u0103 de promovare a facult\u0103\u021bii media primului an de studiu nivel licen\u021b\u0103 [\/vc_column_text][\/vc_column][vc_column width=&#8221;1\/2&#8243;][vc_images_carousel images=&#8221;1199,1200,1201,1385,1384,1383,1376,1375,1374,1373,1372,1371,1381,1380,1370,1369,1378,1377&#8243; img_size=&#8221;400&#215;500&#8243; onclick=&#8221;link_no&#8221; speed=&#8221;500&#8243; autoplay=&#8221;yes&#8221; [&hellip;]<\/p>\n","protected":false},"author":3,"featured_media":0,"parent":0,"menu_order":0,"comment_status":"closed","ping_status":"closed","template":"","meta":{"footnotes":""},"class_list":["post-1150","page","type-page","status-publish","hentry"],"_links":{"self":[{"href":"https:\/\/geografie.ubbcluj.ro\/admitere\/index.php?rest_route=\/wp\/v2\/pages\/1150","targetHints":{"allow":["GET"]}}],"collection":[{"href":"https:\/\/geografie.ubbcluj.ro\/admitere\/index.php?rest_route=\/wp\/v2\/pages"}],"about":[{"href":"https:\/\/geografie.ubbcluj.ro\/admitere\/index.php?rest_route=\/wp\/v2\/types\/page"}],"author":[{"embeddable":true,"href":"https:\/\/geografie.ubbcluj.ro\/admitere\/index.php?rest_route=\/wp\/v2\/users\/3"}],"replies":[{"embeddable":true,"href":"https:\/\/geografie.ubbcluj.ro\/admitere\/index.php?rest_route=%2Fwp%2Fv2%2Fcomments&post=1150"}],"version-history":[{"count":117,"href":"https:\/\/geografie.ubbcluj.ro\/admitere\/index.php?rest_route=\/wp\/v2\/pages\/1150\/revisions"}],"predecessor-version":[{"id":4492,"href":"https:\/\/geografie.ubbcluj.ro\/admitere\/index.php?rest_route=\/wp\/v2\/pages\/1150\/revisions\/4492"}],"wp:attachment":[{"href":"https:\/\/geografie.ubbcluj.ro\/admitere\/index.php?rest_route=%2Fwp%2Fv2%2Fmedia&parent=1150"}],"curies":[{"name":"wp","href":"https:\/\/api.w.org\/{rel}","templated":true}]}}