{"id":1094,"date":"2021-03-05T07:07:31","date_gmt":"2021-03-05T07:07:31","guid":{"rendered":"http:\/\/193.231.20.5\/?page_id=1094"},"modified":"2025-12-17T12:44:08","modified_gmt":"2025-12-17T12:44:08","slug":"calendar-admitere-master","status":"publish","type":"page","link":"https:\/\/geografie.ubbcluj.ro\/admitere\/?page_id=1094","title":{"rendered":"Calendar admitere master"},"content":{"rendered":"<div class=\"wpb-content-wrapper\"><p>[vc_row][vc_column width=&#8221;2\/3&#8243;][vc_column_text css=&#8221;&#8221;]<\/p>\n<p style=\"padding-left: 80px;\"><span style=\"color: #0000ff;\"><strong>Perioada de \u00eenscriere on-line, sesiunea <span style=\"color: #ff0000;\">iulie <\/span>2026, nivel master:<\/strong><\/span><\/p>\n<p style=\"padding-left: 80px;\"><span style=\"color: #0000ff;\">\u00a0\u00a0\u00a0\u00a0\u00a0\u00a0 \u00a0\u00a0 <span style=\"color: #ff0000;\"><strong>14-18\u00a0 iulie <\/strong><\/span><strong>2026<\/strong><\/span><\/p>\n<p style=\"padding-left: 200px;\"><span style=\"color: #0000ff;\"><span style=\"color: #000000;\"><strong> (\u00een ultima zi p\u00e2n\u0103 la ora 14.00) <\/strong><\/span><\/span><\/p>\n<p style=\"padding-left: 80px;\"><strong><span style=\"color: #0000ff;\">Afi\u0219area listei candida\u021bilor \u00eenscri\u0219i<\/span> <\/strong><\/p>\n<p style=\"padding-left: 120px;\"><span style=\"color: #ff0000;\"><strong>19\u00a0 iulie <\/strong><\/span><span style=\"color: #0000ff;\"><strong>2026<\/strong><\/span><\/p>\n<p style=\"padding-left: 80px;\"><span style=\"color: #0000ff;\"><strong>Interviu:<\/strong> <\/span><\/p>\n<p style=\"padding-left: 120px;\"><span style=\"color: #0000ff;\"><strong><span style=\"color: #ff0000;\">20 iulie <\/span>2026<\/strong><\/span><\/p>\n<p style=\"padding-left: 80px;\"><span style=\"color: #0000ff;\"><strong>Afi\u0219area rezultatelor la interviu:<\/strong> <\/span><\/p>\n<p style=\"padding-left: 120px;\"><strong><span style=\"color: #ff0000;\">20 iulie <\/span><span style=\"color: #0000ff;\">2026<\/span><\/strong><\/p>\n<p style=\"padding-left: 80px;\"><span style=\"color: #0000ff;\"><strong>Culegerea \u0219i \u00eenregistrarea observa\u021biilor<\/strong> <\/span><\/p>\n<p style=\"padding-left: 120px;\"><strong><span style=\"color: #ff0000;\">21 iulie<\/span> <span style=\"color: #0000ff;\">2026<\/span><\/strong><\/p>\n<p style=\"padding-left: 80px;\"><span style=\"color: #0000ff;\"><strong>\u00a0Afi\u0219area rezultatelor ini\u0163iale:\u00a0\u00a0<\/strong>\u00a0\u00a0\u00a0<\/span><\/p>\n<p style=\"padding-left: 80px;\"><span style=\"color: #0000ff;\">\u00a0\u00a0\u00a0 \u00a0\u00a0\u00a0\u00a0\u00a0<strong><span style=\"color: #ff0000;\"> 22 iulie <\/span> 2026<\/strong><\/span><\/p>\n<p style=\"padding-left: 80px;\"><strong><span style=\"color: #0000ff;\">Confirmarea locului se face \u00een zilele:<\/span><\/strong><\/p>\n<p style=\"padding-left: 120px;\"><span style=\"color: #0000ff;\"><strong><span style=\"color: #ff0000;\">23 \u2013 25 iulie <\/span>2026<\/strong><\/span><\/p>\n<p style=\"padding-left: 200px;\"><span style=\"color: #000000;\"><strong>(\u00een ultima zi p\u00e2n\u0103 la ora 14.00)<br \/>\n<\/strong><\/span><\/p>\n<p style=\"padding-left: 80px;\"><span style=\"color: #0000ff;\"><strong>Redistribuirea \u0219i afi\u015farea rezultatelor:<\/strong> \u00a0 <\/span><\/p>\n<p style=\"padding-left: 120px;\"><span style=\"color: #0000ff;\"><span style=\"color: #ff0000;\"><strong>27 iulie <\/strong><\/span><strong>2026<\/strong><\/span><\/p>\n<p style=\"padding-left: 80px;\"><strong><span style=\"color: #0000ff;\">Confirmarea locului dup\u0103 redistribuire se face \u00een data de:<\/span><\/strong><\/p>\n<p style=\"padding-left: 80px;\"><span style=\"color: #0000ff;\">\u00a0\u00a0\u00a0\u00a0\u00a0\u00a0\u00a0\u00a0\u00a0 <span style=\"color: #ff0000;\"><strong>28 iulie <\/strong><\/span> <strong>2026 <span style=\"color: #000000;\" data-olk-copy-source=\"MessageBody\">(p\u00e2n\u0103 la ora 12.00)<\/span><\/strong><\/span><\/p>\n<p style=\"padding-left: 80px;\"><strong><span style=\"color: #0000ff;\">Afi\u015farea rezultatelor finale:<\/span><\/strong><\/p>\n<p style=\"padding-left: 80px;\"><span style=\"color: #0000ff;\">\u00a0\u00a0\u00a0\u00a0\u00a0\u00a0\u00a0\u00a0\u00a0 <span style=\"color: #ff0000;\"><strong>29 iulie <\/strong><\/span><strong>2026<\/strong><\/span><span style=\"color: #0000ff;\"><strong><span style=\"color: #0000ff;\"> \u00a0\u00a0\u00a0\u00a0\u00a0\u00a0\u00a0\u00a0\u00a0\u00a0\u00a0\u00a0\u00a0\u00a0\u00a0 \u00a0\u00a0 <\/span><br \/>\n<\/strong><\/span><\/p>\n<p>[\/vc_column_text][\/vc_column][vc_column width=&#8221;1\/3&#8243;][vc_images_carousel images=&#8221;1237,1228,1231,1229,1383,1372,1373,1374,1370,1371,1381,1377,1238,1386&#8243; img_size=&#8221;300&#215;400&#8243; speed=&#8221;1500&#8243; autoplay=&#8221;yes&#8221; wrap=&#8221;yes&#8221;][\/vc_column][\/vc_row]<\/p>\n<\/div>","protected":false},"excerpt":{"rendered":"<p>[vc_row][vc_column width=&#8221;2\/3&#8243;][vc_column_text css=&#8221;&#8221;] Perioada de \u00eenscriere on-line, sesiunea iulie 2026, nivel master: \u00a0\u00a0\u00a0\u00a0\u00a0\u00a0 \u00a0\u00a0 14-18\u00a0 iulie 2026 (\u00een ultima zi p\u00e2n\u0103 la ora 14.00) Afi\u0219area listei candida\u021bilor \u00eenscri\u0219i 19\u00a0 iulie 2026 Interviu: 20 iulie 2026 Afi\u0219area rezultatelor la interviu: 20 iulie 2026 Culegerea \u0219i \u00eenregistrarea observa\u021biilor 21 iulie 2026 \u00a0Afi\u0219area rezultatelor ini\u0163iale:\u00a0\u00a0\u00a0\u00a0\u00a0 \u00a0\u00a0\u00a0 \u00a0\u00a0\u00a0\u00a0\u00a0 22 [&hellip;]<\/p>\n","protected":false},"author":3,"featured_media":0,"parent":0,"menu_order":0,"comment_status":"closed","ping_status":"closed","template":"","meta":{"footnotes":""},"class_list":["post-1094","page","type-page","status-publish","hentry"],"_links":{"self":[{"href":"https:\/\/geografie.ubbcluj.ro\/admitere\/index.php?rest_route=\/wp\/v2\/pages\/1094","targetHints":{"allow":["GET"]}}],"collection":[{"href":"https:\/\/geografie.ubbcluj.ro\/admitere\/index.php?rest_route=\/wp\/v2\/pages"}],"about":[{"href":"https:\/\/geografie.ubbcluj.ro\/admitere\/index.php?rest_route=\/wp\/v2\/types\/page"}],"author":[{"embeddable":true,"href":"https:\/\/geografie.ubbcluj.ro\/admitere\/index.php?rest_route=\/wp\/v2\/users\/3"}],"replies":[{"embeddable":true,"href":"https:\/\/geografie.ubbcluj.ro\/admitere\/index.php?rest_route=%2Fwp%2Fv2%2Fcomments&post=1094"}],"version-history":[{"count":48,"href":"https:\/\/geografie.ubbcluj.ro\/admitere\/index.php?rest_route=\/wp\/v2\/pages\/1094\/revisions"}],"predecessor-version":[{"id":4484,"href":"https:\/\/geografie.ubbcluj.ro\/admitere\/index.php?rest_route=\/wp\/v2\/pages\/1094\/revisions\/4484"}],"wp:attachment":[{"href":"https:\/\/geografie.ubbcluj.ro\/admitere\/index.php?rest_route=%2Fwp%2Fv2%2Fmedia&parent=1094"}],"curies":[{"name":"wp","href":"https:\/\/api.w.org\/{rel}","templated":true}]}}

<div class="wpb-content-wrapper"><p>[vc_row][vc_column width=&#8221;2/3&#8243;][vc_column_text css=&#8221;&#8221;]</p>
<p style="padding-left: 80px;"><span style="color: #0000ff;"><strong>Perioada de înscriere on-line, sesiunea <span style="color: #ff0000;">iulie </span>2026, nivel master:</strong></span></p>
<p style="padding-left: 80px;"><span style="color: #0000ff;">          <span style="color: #ff0000;"><strong>14-18  iulie </strong></span><strong>2026</strong></span></p>
<p style="padding-left: 200px;"><span style="color: #0000ff;"><span style="color: #000000;"><strong> (în ultima zi până la ora 14.00) </strong></span></span></p>
<p style="padding-left: 80px;"><strong><span style="color: #0000ff;">Afișarea listei candidaților înscriși</span> </strong></p>
<p style="padding-left: 120px;"><span style="color: #ff0000;"><strong>19  iulie </strong></span><span style="color: #0000ff;"><strong>2026</strong></span></p>
<p style="padding-left: 80px;"><span style="color: #0000ff;"><strong>Interviu:</strong> </span></p>
<p style="padding-left: 120px;"><span style="color: #0000ff;"><strong><span style="color: #ff0000;">20 iulie </span>2026</strong></span></p>
<p style="padding-left: 80px;"><span style="color: #0000ff;"><strong>Afișarea rezultatelor la interviu:</strong> </span></p>
<p style="padding-left: 120px;"><strong><span style="color: #ff0000;">20 iulie </span><span style="color: #0000ff;">2026</span></strong></p>
<p style="padding-left: 80px;"><span style="color: #0000ff;"><strong>Culegerea și înregistrarea observațiilor</strong> </span></p>
<p style="padding-left: 120px;"><strong><span style="color: #ff0000;">21 iulie</span> <span style="color: #0000ff;">2026</span></strong></p>
<p style="padding-left: 80px;"><span style="color: #0000ff;"><strong> Afișarea rezultatelor iniţiale:  </strong>   </span></p>
<p style="padding-left: 80px;"><span style="color: #0000ff;">         <strong><span style="color: #ff0000;"> 22 iulie </span> 2026</strong></span></p>
<p style="padding-left: 80px;"><strong><span style="color: #0000ff;">Confirmarea locului se face în zilele:</span></strong></p>
<p style="padding-left: 120px;"><span style="color: #0000ff;"><strong><span style="color: #ff0000;">23 – 25 iulie </span>2026</strong></span></p>
<p style="padding-left: 200px;"><span style="color: #000000;"><strong>(în ultima zi până la ora 14.00)<br />
</strong></span></p>
<p style="padding-left: 80px;"><span style="color: #0000ff;"><strong>Redistribuirea și afişarea rezultatelor:</strong>   </span></p>
<p style="padding-left: 120px;"><span style="color: #0000ff;"><span style="color: #ff0000;"><strong>27 iulie </strong></span><strong>2026</strong></span></p>
<p style="padding-left: 80px;"><strong><span style="color: #0000ff;">Confirmarea locului după redistribuire se face în data de:</span></strong></p>
<p style="padding-left: 80px;"><span style="color: #0000ff;">          <span style="color: #ff0000;"><strong>28 iulie </strong></span> <strong>2026 <span style="color: #000000;" data-olk-copy-source="MessageBody">(până la ora 12.00)</span></strong></span></p>
<p style="padding-left: 80px;"><strong><span style="color: #0000ff;">Afişarea rezultatelor finale:</span></strong></p>
<p style="padding-left: 80px;"><span style="color: #0000ff;">          <span style="color: #ff0000;"><strong>29 iulie </strong></span><strong>2026</strong></span><span style="color: #0000ff;"><strong><span style="color: #0000ff;">                    </span><br />
</strong></span></p>
<p>[/vc_column_text][/vc_column][vc_column width=&#8221;1/3&#8243;][vc_images_carousel images=&#8221;1237,1228,1231,1229,1383,1372,1373,1374,1370,1371,1381,1377,1238,1386&#8243; img_size=&#8221;300&#215;400&#8243; speed=&#8221;1500&#8243; autoplay=&#8221;yes&#8221; wrap=&#8221;yes&#8221;][/vc_column][/vc_row]</p>
</div>

<p>[vc_row][vc_column width=&#8221;2/3&#8243;][vc_column_text css=&#8221;&#8221;] Perioada de înscriere on-line, sesiunea iulie 2026, nivel master:           14-18  iulie 2026 (în ultima zi până la ora 14.00) Afișarea listei candidaților înscriși 19  iulie 2026 Interviu: 20 iulie 2026 Afișarea rezultatelor la interviu: 20 iulie 2026 Culegerea și înregistrarea observațiilor 21 iulie 2026  Afișarea rezultatelor iniţiale:                22 [&hellip;]</p>
