{"id":1072,"date":"2021-03-05T06:40:55","date_gmt":"2021-03-05T06:40:55","guid":{"rendered":"http:\/\/193.231.20.5\/?page_id=1072"},"modified":"2025-12-17T12:43:21","modified_gmt":"2025-12-17T12:43:21","slug":"specializari-master","status":"publish","type":"page","link":"https:\/\/geografie.ubbcluj.ro\/admitere\/?page_id=1072","title":{"rendered":"Specializ\u0103ri master"},"content":{"rendered":"<div class=\"wpb-content-wrapper\"><p>[vc_row][vc_column css=&#8221;.vc_custom_1614894170980{background-image: url(https:\/\/geografie.ubbcluj.ro\/admitere\/\/wp-content\/uploads\/2021\/03\/sssssssss-scaled.jpg?id=1055) !important;}&#8221;]<div style=\"background-color:;height: 30px\" class=\"nicdark_section  \"><\/div>[vc_row_inner][vc_column_inner width=&#8221;3\/4&#8243;]<div style=\"background-color:;height: 15px\" class=\"nicdark_section  \"><\/div>[vc_cta h2=&#8221;Amenajare \u0219i dezvoltare turistic\u0103&#8221; h2_font_container=&#8221;tag:h2|text_align:left&#8221; add_button=&#8221;left&#8221; btn_title=&#8221;Amenajare \u0219i dezvoltare turistic\u0103&#8221; btn_color=&#8221;pink&#8221; css=&#8221;&#8221; use_custom_fonts_h2=&#8221;true&#8221; h2_link=&#8221;url:http%3A%2F%2Fgeografie.ubbcluj.ro%2Fadmitere%2F%3Fpage_id%3D1517|title:ADT&#8221; btn_link=&#8221;url:http%3A%2F%2Fgeografie.ubbcluj.ro%2Fadmitere%2F%3Fpage_id%3D1517|title:ADT&#8221;]<a href=\"http:\/\/geografie.ubbcluj.ro\/admitere\/?page_id=1517\">\u00eenv\u0103\u021b\u0103m\u00e2nt cu frecven\u021b\u0103, linia rom\u00e2n\u0103<\/a>[\/vc_cta]<div style=\"background-color:;height: 15px\" class=\"nicdark_section  \"><\/div>[vc_cta h2=&#8221;Geomatica&#8221; h2_font_container=&#8221;tag:h2|text_align:left&#8221; add_button=&#8221;left&#8221; btn_title=&#8221;Geomatica&#8221; btn_color=&#8221;warning&#8221; css=&#8221;&#8221; use_custom_fonts_h2=&#8221;true&#8221; h2_link=&#8221;url:http%3A%2F%2Fgeografie.ubbcluj.ro%2Fadmitere%2F%3Fpage_id%3D1610|title:GEOMATICA&#8221; btn_link=&#8221;url:http%3A%2F%2Fgeografie.ubbcluj.ro%2Fadmitere%2F%3Fpage_id%3D1610|title:GEOMATICA&#8221;]\u00eenv\u0103\u021b\u0103m\u00e2nt cu frecven\u021b\u0103 \u00een limba rom\u00e2n\u0103[\/vc_cta]<div style=\"background-color:;height: 15px\" class=\"nicdark_section  \"><\/div>[vc_cta h2=&#8221;Evaluarea \u0219i gestiunea hazardurilor \u0219i riscurilor geografice&#8221; add_button=&#8221;left&#8221; btn_title=&#8221;Evaluarea \u0219i gestiunea hazardurilor \u0219i riscurilor geografice&#8221; btn_color=&#8221;primary&#8221; use_custom_fonts_h2=&#8221;true&#8221; h2_link=&#8221;url:https%3A%2F%2Fgeografie.ubbcluj.ro%2Fadmitere%2F%3Fpage_id%3D3211|title:EGHRG|target:_blank&#8221; btn_link=&#8221;url:https%3A%2F%2Fgeografie.ubbcluj.ro%2Fadmitere%2F%3Fpage_id%3D3211|title:EGHRG|target:_blank&#8221;]\u00eenv\u0103\u021b\u0103m\u00e2nt cu frecven\u021b\u0103, linia rom\u00e2n\u0103[\/vc_cta][vc_cta h2=&#8221;Planificare \u0219i dezvoltare regional\u0103&#8221; add_button=&#8221;left&#8221; btn_title=&#8221;Planificare \u0219i dezvoltare regional\u0103&#8221; btn_color=&#8221;violet&#8221; use_custom_fonts_h2=&#8221;true&#8221; h2_link=&#8221;url:http%3A%2F%2Fgeografie.ubbcluj.ro%2Fadmitere%2F%3Fpage_id%3D1612|title:ASOT|target:_blank&#8221; btn_link=&#8221;url:http%3A%2F%2Fgeografie.ubbcluj.ro%2Fadmitere%2F%3Fpage_id%3D1612|title:PDR|target:_blank&#8221;]<a href=\"http:\/\/geografie.ubbcluj.ro\/admitere\/?page_id=1612\" target=\"_blank\" rel=\"noopener\">\u00eenv\u0103\u021b\u0103m\u00e2nt cu frecven\u021b\u0103, linia rom\u00e2n\u0103<\/a>[\/vc_cta]<div style=\"background-color:;height: 15px\" class=\"nicdark_section  \"><\/div>[vc_cta h2=&#8221;Schimb\u0103ri climatice \u0219i dezvoltare durabil\u0103&#8221; add_button=&#8221;left&#8221; btn_title=&#8221;Schimb\u0103ri climatice \u0219i dezvoltare durabil\u0103&#8221; btn_color=&#8221;success&#8221; use_custom_fonts_h2=&#8221;true&#8221; h2_link=&#8221;url:https%3A%2F%2Fgeografie.ubbcluj.ro%2Fadmitere%2F%3Fpage_id%3D3393|title:SCDD&#8221; btn_link=&#8221;url:https%3A%2F%2Fgeografie.ubbcluj.ro%2Fadmitere%2F%3Fpage_id%3D3393|title:SCDD&#8221;]\u00eenv\u0103\u021b\u0103m\u00e2nt cu frecven\u021b\u0103, linia rom\u00e2n\u0103[\/vc_cta]<div style=\"background-color:;height: 15px\" class=\"nicdark_section  \"><\/div>[vc_cta h2=&#8221;Turism \u0219i dezvoltare teritorial\u0103&#8221; h2_font_container=&#8221;tag:h2|text_align:left&#8221; add_button=&#8221;left&#8221; btn_title=&#8221;Turizmus \u00e9s ter\u00fcleti fejl\u0151d\u00e9s&#8221; btn_color=&#8221;success&#8221; css=&#8221;&#8221; use_custom_fonts_h2=&#8221;true&#8221; h2_link=&#8221;url:http%3A%2F%2Fgeografie.ubbcluj.ro%2Fadmitere%2F%3Fpage_id%3D1614|title:TDT&#8221; btn_link=&#8221;url:http%3A%2F%2Fgeografie.ubbcluj.ro%2Fadmitere%2F%3Fpage_id%3D1614|title:TDT&#8221;]<a href=\"http:\/\/geografie.ubbcluj.ro\/admitere\/?page_id=1614\">~ \u00eenv\u0103\u021b\u0103m\u00e2nt cu frecven\u021b\u0103, <strong>linia maghiar\u0103 ~<\/strong><\/a>[\/vc_cta]<div style=\"background-color:;height: 15px\" class=\"nicdark_section  \"><\/div>[vc_cta h2=&#8221;Ecoturism \u0219i dezvoltare durabil\u0103&#8221; h2_font_container=&#8221;tag:h2|text_align:left&#8221; h4=&#8221;Extensia Gheorgheni&#8221; h4_font_container=&#8221;tag:h2|font_size:14|text_align:left|line_height:2&#8243; add_button=&#8221;left&#8221; btn_title=&#8221;Ecoturism \u0219i dezvoltare durabil\u0103&#8221; btn_color=&#8221;danger&#8221; css=&#8221;&#8221; use_custom_fonts_h2=&#8221;true&#8221; use_custom_fonts_h4=&#8221;true&#8221; h2_link=&#8221;url:http%3A%2F%2Fgeografie.ubbcluj.ro%2Fadmitere%2F%3Fpage_id%3D1616|title:EDD&#8221; btn_link=&#8221;url:http%3A%2F%2Fgeografie.ubbcluj.ro%2Fadmitere%2F%3Fpage_id%3D1616|title:ASOT&#8221; h4_link=&#8221;url:http%3A%2F%2Fgeografie.ubbcluj.ro%2Fadmitere%2F%3Fpage_id%3D1616|title:EDD&#8221;]<a href=\"http:\/\/geografie.ubbcluj.ro\/admitere\/?page_id=1616\">~\u00eenv\u0103\u021b\u0103m\u00e2nt cu frecven\u021b\u0103,<strong> linia maghiar\u0103<\/strong> ~<\/a>[\/vc_cta]<div style=\"background-color:;height: 15px\" class=\"nicdark_section  \"><\/div>[vc_cta h2=&#8221;Resurse turistice \u0219i dezvoltare durabil\u0103&#8221; h2_font_container=&#8221;tag:h2|text_align:left&#8221; h4=&#8221;Extensia Zal\u0103u&#8221; h4_font_container=&#8221;tag:h2|font_size:14|text_align:left|line_height:2&#8243; h4_use_theme_fonts=&#8221;yes&#8221; add_button=&#8221;left&#8221; btn_title=&#8221;Resurse turistice \u0219i dezvoltare durabil\u0103&#8221; btn_color=&#8221;orange&#8221; css=&#8221;&#8221; use_custom_fonts_h2=&#8221;true&#8221; use_custom_fonts_h4=&#8221;true&#8221; h2_link=&#8221;url:https%3A%2F%2Fgeografie.ubbcluj.ro%2Fadmitere%2F%3Fpage_id%3D3463|title:RTDD&#8221; h4_link=&#8221;url:https%3A%2F%2Fgeografie.ubbcluj.ro%2Fadmitere%2F%3Fpage_id%3D3463|title:RTDD&#8221; btn_link=&#8221;url:https%3A%2F%2Fgeografie.ubbcluj.ro%2Fadmitere%2F%3Fpage_id%3D3463|title:RTDD&#8221;]<a href=\"https:\/\/geografie.ubbcluj.ro\/admitere\/?page_id=3463\">\u00eenv\u0103\u021b\u0103m\u00e2nt cu frecven\u021b\u0103, linia rom\u00e2n\u0103<\/a>[\/vc_cta]<div style=\"background-color:;height: 15px\" class=\"nicdark_section  \"><\/div>[vc_cta h2=&#8221;Turismul sportiv \u0219i agrementul din perspectiva ecodezvolt\u0103rii&#8221; h4=&#8221;Extensia Bistri\u021ba interdisciplinar&#8221; h4_font_container=&#8221;font_size:14|line_height:2&#8243; add_button=&#8221;left&#8221; btn_title=&#8221;Turismul sportiv \u0219i agrementul din perspectiva ecodezvolt\u0103rii&#8221; btn_color=&#8221;danger&#8221; use_custom_fonts_h2=&#8221;true&#8221; use_custom_fonts_h4=&#8221;true&#8221; h2_link=&#8221;url:http%3A%2F%2Fgeografie.ubbcluj.ro%2Fadmitere%2F%3Fpage_id%3D1620|title:TSAPE|target:_blank&#8221; btn_link=&#8221;url:http%3A%2F%2Fgeografie.ubbcluj.ro%2Fadmitere%2F%3Fpage_id%3D1620|title:TSAPE|target:_blank&#8221; h4_link=&#8221;url:http%3A%2F%2Fgeografie.ubbcluj.ro%2Fadmitere%2F%3Fpage_id%3D1620|title:TSAPE&#8221;]<a href=\"http:\/\/geografie.ubbcluj.ro\/admitere\/?page_id=1620\">\u00eenv\u0103\u021b\u0103m\u00e2nt cu frecven\u021b\u0103, linia rom\u00e2n\u0103<\/a>[\/vc_cta]<div style=\"background-color:;height: 15px\" class=\"nicdark_section  \"><\/div>[vc_cta h2=&#8221;Turism \u0219i amenajarea teritoriulu&#8221; h4=&#8221;Extensia Sighetu Marma\u021biei&#8221; h4_font_container=&#8221;font_size:14|line_height:2&#8243; add_button=&#8221;left&#8221; btn_title=&#8221;Turism \u0219i amenajarea teritoriulu&#8221; btn_color=&#8221;danger&#8221; use_custom_fonts_h2=&#8221;true&#8221; use_custom_fonts_h4=&#8221;true&#8221; h2_link=&#8221;url:http%3A%2F%2Fgeografie.ubbcluj.ro%2Fadmitere%2F%3Fpage_id%3D1618|title:TAT&#8221; btn_link=&#8221;url:http%3A%2F%2Fgeografie.ubbcluj.ro%2Fadmitere%2F%3Fpage_id%3D1618|title:TAT|target:_blank&#8221; h4_link=&#8221;url:http%3A%2F%2Fgeografie.ubbcluj.ro%2Fadmitere%2F%3Fpage_id%3D1618|title:TAT&#8221;]<a href=\"http:\/\/geografie.ubbcluj.ro\/admitere\/?page_id=1618_blank\">\u00eenv\u0103\u021b\u0103m\u00e2nt cu frecven\u021b\u0103, linia rom\u00e2n\u0103<\/a>[\/vc_cta]<div style=\"background-color:;height: 15px\" class=\"nicdark_section  \"><\/div>[\/vc_column_inner][vc_column_inner width=&#8221;1\/4&#8243;]<div style=\"background-color:;height: 100px\" class=\"nicdark_section  \"><\/div>[vc_images_carousel images=&#8221;1229,1200,1234,1232,1230,1373,1233,1378,1376&#8243; img_size=&#8221;250&#215;700&#8243; onclick=&#8221;link_no&#8221; speed=&#8221;1500&#8243; autoplay=&#8221;yes&#8221; wrap=&#8221;yes&#8221;]<div style=\"background-color:;height: 30px\" class=\"nicdark_section  \"><\/div>[\/vc_column_inner][\/vc_row_inner][\/vc_column][\/vc_row]<\/p>\n<\/div>","protected":false},"excerpt":{"rendered":"<p>[vc_row][vc_column css=&#8221;.vc_custom_1614894170980{background-image: url(https:\/\/geografie.ubbcluj.ro\/admitere\/\/wp-content\/uploads\/2021\/03\/sssssssss-scaled.jpg?id=1055) !important;}&#8221;][vc_row_inner][vc_column_inner width=&#8221;3\/4&#8243;][vc_cta h2=&#8221;Amenajare \u0219i dezvoltare turistic\u0103&#8221; h2_font_container=&#8221;tag:h2|text_align:left&#8221; add_button=&#8221;left&#8221; btn_title=&#8221;Amenajare \u0219i dezvoltare turistic\u0103&#8221; btn_color=&#8221;pink&#8221; css=&#8221;&#8221; use_custom_fonts_h2=&#8221;true&#8221; h2_link=&#8221;url:http%3A%2F%2Fgeografie.ubbcluj.ro%2Fadmitere%2F%3Fpage_id%3D1517|title:ADT&#8221; btn_link=&#8221;url:http%3A%2F%2Fgeografie.ubbcluj.ro%2Fadmitere%2F%3Fpage_id%3D1517|title:ADT&#8221;]\u00eenv\u0103\u021b\u0103m\u00e2nt cu frecven\u021b\u0103, linia rom\u00e2n\u0103[\/vc_cta][vc_cta h2=&#8221;Geomatica&#8221; h2_font_container=&#8221;tag:h2|text_align:left&#8221; add_button=&#8221;left&#8221; btn_title=&#8221;Geomatica&#8221; btn_color=&#8221;warning&#8221; css=&#8221;&#8221; use_custom_fonts_h2=&#8221;true&#8221; h2_link=&#8221;url:http%3A%2F%2Fgeografie.ubbcluj.ro%2Fadmitere%2F%3Fpage_id%3D1610|title:GEOMATICA&#8221; btn_link=&#8221;url:http%3A%2F%2Fgeografie.ubbcluj.ro%2Fadmitere%2F%3Fpage_id%3D1610|title:GEOMATICA&#8221;]\u00eenv\u0103\u021b\u0103m\u00e2nt cu frecven\u021b\u0103 \u00een limba rom\u00e2n\u0103[\/vc_cta][vc_cta h2=&#8221;Evaluarea \u0219i gestiunea hazardurilor \u0219i riscurilor geografice&#8221; add_button=&#8221;left&#8221; btn_title=&#8221;Evaluarea \u0219i gestiunea hazardurilor \u0219i riscurilor geografice&#8221; btn_color=&#8221;primary&#8221; use_custom_fonts_h2=&#8221;true&#8221; [&hellip;]<\/p>\n","protected":false},"author":3,"featured_media":0,"parent":0,"menu_order":0,"comment_status":"closed","ping_status":"closed","template":"","meta":{"footnotes":""},"class_list":["post-1072","page","type-page","status-publish","hentry"],"_links":{"self":[{"href":"https:\/\/geografie.ubbcluj.ro\/admitere\/index.php?rest_route=\/wp\/v2\/pages\/1072","targetHints":{"allow":["GET"]}}],"collection":[{"href":"https:\/\/geografie.ubbcluj.ro\/admitere\/index.php?rest_route=\/wp\/v2\/pages"}],"about":[{"href":"https:\/\/geografie.ubbcluj.ro\/admitere\/index.php?rest_route=\/wp\/v2\/types\/page"}],"author":[{"embeddable":true,"href":"https:\/\/geografie.ubbcluj.ro\/admitere\/index.php?rest_route=\/wp\/v2\/users\/3"}],"replies":[{"embeddable":true,"href":"https:\/\/geografie.ubbcluj.ro\/admitere\/index.php?rest_route=%2Fwp%2Fv2%2Fcomments&post=1072"}],"version-history":[{"count":126,"href":"https:\/\/geografie.ubbcluj.ro\/admitere\/index.php?rest_route=\/wp\/v2\/pages\/1072\/revisions"}],"predecessor-version":[{"id":4483,"href":"https:\/\/geografie.ubbcluj.ro\/admitere\/index.php?rest_route=\/wp\/v2\/pages\/1072\/revisions\/4483"}],"wp:attachment":[{"href":"https:\/\/geografie.ubbcluj.ro\/admitere\/index.php?rest_route=%2Fwp%2Fv2%2Fmedia&parent=1072"}],"curies":[{"name":"wp","href":"https:\/\/api.w.org\/{rel}","templated":true}]}}

Specializări master

<div class="wpb-content-wrapper"><p>[vc_row][vc_column css=&#8221;.vc_custom_1614894170980{background-image: url(https://geografie.ubbcluj.ro/admitere//wp-content/uploads/2021/03/sssssssss-scaled.jpg?id=1055) !important;}&#8221;]<div style="background-color:;height: 30px" class="nicdark_section  "></div>[vc_row_inner][vc_column_inner width=&#8221;3/4&#8243;]<div style="background-color:;height: 15px" class="nicdark_section  "></div>[vc_cta h2=&#8221;Amenajare și dezvoltare turistică&#8221; h2_font_container=&#8221;tag:h2|text_align:left&#8221; add_button=&#8221;left&#8221; btn_title=&#8221;Amenajare și dezvoltare turistică&#8221; btn_color=&#8221;pink&#8221; css=&#8221;&#8221; use_custom_fonts_h2=&#8221;true&#8221; h2_link=&#8221;url:http%3A%2F%2Fgeografie.ubbcluj.ro%2Fadmitere%2F%3Fpage_id%3D1517|title:ADT&#8221; btn_link=&#8221;url:http%3A%2F%2Fgeografie.ubbcluj.ro%2Fadmitere%2F%3Fpage_id%3D1517|title:ADT&#8221;]<a href="http://geografie.ubbcluj.ro/admitere/?page_id=1517">învățământ cu frecvență, linia română</a>[/vc_cta]<div style="background-color:;height: 15px" class="nicdark_section  "></div>[vc_cta h2=&#8221;Geomatica&#8221; h2_font_container=&#8221;tag:h2|text_align:left&#8221; add_button=&#8221;left&#8221; btn_title=&#8221;Geomatica&#8221; btn_color=&#8221;warning&#8221; css=&#8221;&#8221; use_custom_fonts_h2=&#8221;true&#8221; h2_link=&#8221;url:http%3A%2F%2Fgeografie.ubbcluj.ro%2Fadmitere%2F%3Fpage_id%3D1610|title:GEOMATICA&#8221; btn_link=&#8221;url:http%3A%2F%2Fgeografie.ubbcluj.ro%2Fadmitere%2F%3Fpage_id%3D1610|title:GEOMATICA&#8221;]învățământ cu frecvență în limba română[/vc_cta]<div style="background-color:;height: 15px" class="nicdark_section  "></div>[vc_cta h2=&#8221;Evaluarea și gestiunea hazardurilor și riscurilor geografice&#8221; add_button=&#8221;left&#8221; btn_title=&#8221;Evaluarea și gestiunea hazardurilor și riscurilor geografice&#8221; btn_color=&#8221;primary&#8221; use_custom_fonts_h2=&#8221;true&#8221; h2_link=&#8221;url:https%3A%2F%2Fgeografie.ubbcluj.ro%2Fadmitere%2F%3Fpage_id%3D3211|title:EGHRG|target:_blank&#8221; btn_link=&#8221;url:https%3A%2F%2Fgeografie.ubbcluj.ro%2Fadmitere%2F%3Fpage_id%3D3211|title:EGHRG|target:_blank&#8221;]învățământ cu frecvență, linia română[/vc_cta][vc_cta h2=&#8221;Planificare și dezvoltare regională&#8221; add_button=&#8221;left&#8221; btn_title=&#8221;Planificare și dezvoltare regională&#8221; btn_color=&#8221;violet&#8221; use_custom_fonts_h2=&#8221;true&#8221; h2_link=&#8221;url:http%3A%2F%2Fgeografie.ubbcluj.ro%2Fadmitere%2F%3Fpage_id%3D1612|title:ASOT|target:_blank&#8221; btn_link=&#8221;url:http%3A%2F%2Fgeografie.ubbcluj.ro%2Fadmitere%2F%3Fpage_id%3D1612|title:PDR|target:_blank&#8221;]<a href="http://geografie.ubbcluj.ro/admitere/?page_id=1612" target="_blank" rel="noopener">învățământ cu frecvență, linia română</a>[/vc_cta]<div style="background-color:;height: 15px" class="nicdark_section  "></div>[vc_cta h2=&#8221;Schimbări climatice și dezvoltare durabilă&#8221; add_button=&#8221;left&#8221; btn_title=&#8221;Schimbări climatice și dezvoltare durabilă&#8221; btn_color=&#8221;success&#8221; use_custom_fonts_h2=&#8221;true&#8221; h2_link=&#8221;url:https%3A%2F%2Fgeografie.ubbcluj.ro%2Fadmitere%2F%3Fpage_id%3D3393|title:SCDD&#8221; btn_link=&#8221;url:https%3A%2F%2Fgeografie.ubbcluj.ro%2Fadmitere%2F%3Fpage_id%3D3393|title:SCDD&#8221;]învățământ cu frecvență, linia română[/vc_cta]<div style="background-color:;height: 15px" class="nicdark_section  "></div>[vc_cta h2=&#8221;Turism și dezvoltare teritorială&#8221; h2_font_container=&#8221;tag:h2|text_align:left&#8221; add_button=&#8221;left&#8221; btn_title=&#8221;Turizmus és területi fejlődés&#8221; btn_color=&#8221;success&#8221; css=&#8221;&#8221; use_custom_fonts_h2=&#8221;true&#8221; h2_link=&#8221;url:http%3A%2F%2Fgeografie.ubbcluj.ro%2Fadmitere%2F%3Fpage_id%3D1614|title:TDT&#8221; btn_link=&#8221;url:http%3A%2F%2Fgeografie.ubbcluj.ro%2Fadmitere%2F%3Fpage_id%3D1614|title:TDT&#8221;]<a href="http://geografie.ubbcluj.ro/admitere/?page_id=1614">~ învățământ cu frecvență, <strong>linia maghiară ~</strong></a>[/vc_cta]<div style="background-color:;height: 15px" class="nicdark_section  "></div>[vc_cta h2=&#8221;Ecoturism și dezvoltare durabilă&#8221; h2_font_container=&#8221;tag:h2|text_align:left&#8221; h4=&#8221;Extensia Gheorgheni&#8221; h4_font_container=&#8221;tag:h2|font_size:14|text_align:left|line_height:2&#8243; add_button=&#8221;left&#8221; btn_title=&#8221;Ecoturism și dezvoltare durabilă&#8221; btn_color=&#8221;danger&#8221; css=&#8221;&#8221; use_custom_fonts_h2=&#8221;true&#8221; use_custom_fonts_h4=&#8221;true&#8221; h2_link=&#8221;url:http%3A%2F%2Fgeografie.ubbcluj.ro%2Fadmitere%2F%3Fpage_id%3D1616|title:EDD&#8221; btn_link=&#8221;url:http%3A%2F%2Fgeografie.ubbcluj.ro%2Fadmitere%2F%3Fpage_id%3D1616|title:ASOT&#8221; h4_link=&#8221;url:http%3A%2F%2Fgeografie.ubbcluj.ro%2Fadmitere%2F%3Fpage_id%3D1616|title:EDD&#8221;]<a href="http://geografie.ubbcluj.ro/admitere/?page_id=1616">~învățământ cu frecvență,<strong> linia maghiară</strong> ~</a>[/vc_cta]<div style="background-color:;height: 15px" class="nicdark_section  "></div>[vc_cta h2=&#8221;Resurse turistice și dezvoltare durabilă&#8221; h2_font_container=&#8221;tag:h2|text_align:left&#8221; h4=&#8221;Extensia Zalău&#8221; h4_font_container=&#8221;tag:h2|font_size:14|text_align:left|line_height:2&#8243; h4_use_theme_fonts=&#8221;yes&#8221; add_button=&#8221;left&#8221; btn_title=&#8221;Resurse turistice și dezvoltare durabilă&#8221; btn_color=&#8221;orange&#8221; css=&#8221;&#8221; use_custom_fonts_h2=&#8221;true&#8221; use_custom_fonts_h4=&#8221;true&#8221; h2_link=&#8221;url:https%3A%2F%2Fgeografie.ubbcluj.ro%2Fadmitere%2F%3Fpage_id%3D3463|title:RTDD&#8221; h4_link=&#8221;url:https%3A%2F%2Fgeografie.ubbcluj.ro%2Fadmitere%2F%3Fpage_id%3D3463|title:RTDD&#8221; btn_link=&#8221;url:https%3A%2F%2Fgeografie.ubbcluj.ro%2Fadmitere%2F%3Fpage_id%3D3463|title:RTDD&#8221;]<a href="https://geografie.ubbcluj.ro/admitere/?page_id=3463">învățământ cu frecvență, linia română</a>[/vc_cta]<div style="background-color:;height: 15px" class="nicdark_section  "></div>[vc_cta h2=&#8221;Turismul sportiv și agrementul din perspectiva ecodezvoltării&#8221; h4=&#8221;Extensia Bistrița interdisciplinar&#8221; h4_font_container=&#8221;font_size:14|line_height:2&#8243; add_button=&#8221;left&#8221; btn_title=&#8221;Turismul sportiv și agrementul din perspectiva ecodezvoltării&#8221; btn_color=&#8221;danger&#8221; use_custom_fonts_h2=&#8221;true&#8221; use_custom_fonts_h4=&#8221;true&#8221; h2_link=&#8221;url:http%3A%2F%2Fgeografie.ubbcluj.ro%2Fadmitere%2F%3Fpage_id%3D1620|title:TSAPE|target:_blank&#8221; btn_link=&#8221;url:http%3A%2F%2Fgeografie.ubbcluj.ro%2Fadmitere%2F%3Fpage_id%3D1620|title:TSAPE|target:_blank&#8221; h4_link=&#8221;url:http%3A%2F%2Fgeografie.ubbcluj.ro%2Fadmitere%2F%3Fpage_id%3D1620|title:TSAPE&#8221;]<a href="http://geografie.ubbcluj.ro/admitere/?page_id=1620">învățământ cu frecvență, linia română</a>[/vc_cta]<div style="background-color:;height: 15px" class="nicdark_section  "></div>[vc_cta h2=&#8221;Turism și amenajarea teritoriulu&#8221; h4=&#8221;Extensia Sighetu Marmației&#8221; h4_font_container=&#8221;font_size:14|line_height:2&#8243; add_button=&#8221;left&#8221; btn_title=&#8221;Turism și amenajarea teritoriulu&#8221; btn_color=&#8221;danger&#8221; use_custom_fonts_h2=&#8221;true&#8221; use_custom_fonts_h4=&#8221;true&#8221; h2_link=&#8221;url:http%3A%2F%2Fgeografie.ubbcluj.ro%2Fadmitere%2F%3Fpage_id%3D1618|title:TAT&#8221; btn_link=&#8221;url:http%3A%2F%2Fgeografie.ubbcluj.ro%2Fadmitere%2F%3Fpage_id%3D1618|title:TAT|target:_blank&#8221; h4_link=&#8221;url:http%3A%2F%2Fgeografie.ubbcluj.ro%2Fadmitere%2F%3Fpage_id%3D1618|title:TAT&#8221;]<a href="http://geografie.ubbcluj.ro/admitere/?page_id=1618_blank">învățământ cu frecvență, linia română</a>[/vc_cta]<div style="background-color:;height: 15px" class="nicdark_section  "></div>[/vc_column_inner][vc_column_inner width=&#8221;1/4&#8243;]<div style="background-color:;height: 100px" class="nicdark_section  "></div>[vc_images_carousel images=&#8221;1229,1200,1234,1232,1230,1373,1233,1378,1376&#8243; img_size=&#8221;250&#215;700&#8243; onclick=&#8221;link_no&#8221; speed=&#8221;1500&#8243; autoplay=&#8221;yes&#8221; wrap=&#8221;yes&#8221;]<div style="background-color:;height: 30px" class="nicdark_section  "></div>[/vc_column_inner][/vc_row_inner][/vc_column][/vc_row]</p>
</div>

<p>[vc_row][vc_column css=&#8221;.vc_custom_1614894170980{background-image: url(https://geografie.ubbcluj.ro/admitere//wp-content/uploads/2021/03/sssssssss-scaled.jpg?id=1055) !important;}&#8221;][vc_row_inner][vc_column_inner width=&#8221;3/4&#8243;][vc_cta h2=&#8221;Amenajare și dezvoltare turistică&#8221; h2_font_container=&#8221;tag:h2|text_align:left&#8221; add_button=&#8221;left&#8221; btn_title=&#8221;Amenajare și dezvoltare turistică&#8221; btn_color=&#8221;pink&#8221; css=&#8221;&#8221; use_custom_fonts_h2=&#8221;true&#8221; h2_link=&#8221;url:http%3A%2F%2Fgeografie.ubbcluj.ro%2Fadmitere%2F%3Fpage_id%3D1517|title:ADT&#8221; btn_link=&#8221;url:http%3A%2F%2Fgeografie.ubbcluj.ro%2Fadmitere%2F%3Fpage_id%3D1517|title:ADT&#8221;]învățământ cu frecvență, linia română[/vc_cta][vc_cta h2=&#8221;Geomatica&#8221; h2_font_container=&#8221;tag:h2|text_align:left&#8221; add_button=&#8221;left&#8221; btn_title=&#8221;Geomatica&#8221; btn_color=&#8221;warning&#8221; css=&#8221;&#8221; use_custom_fonts_h2=&#8221;true&#8221; h2_link=&#8221;url:http%3A%2F%2Fgeografie.ubbcluj.ro%2Fadmitere%2F%3Fpage_id%3D1610|title:GEOMATICA&#8221; btn_link=&#8221;url:http%3A%2F%2Fgeografie.ubbcluj.ro%2Fadmitere%2F%3Fpage_id%3D1610|title:GEOMATICA&#8221;]învățământ cu frecvență în limba română[/vc_cta][vc_cta h2=&#8221;Evaluarea și gestiunea hazardurilor și riscurilor geografice&#8221; add_button=&#8221;left&#8221; btn_title=&#8221;Evaluarea și gestiunea hazardurilor și riscurilor geografice&#8221; btn_color=&#8221;primary&#8221; use_custom_fonts_h2=&#8221;true&#8221; [&hellip;]</p>
